000
CXUS56 KSLC 011425
CF6EVW
PRELIMINARY LOCAL CLIMATOLOGICAL DATA (WS FORM: F-6)
STATION: EVANSTON WY
MONTH: JANUARY
YEAR: 2022
LATITUDE: 41 16 N
LONGITUDE: 111 2 W
TEMPERATURE IN F: :PCPN: SNOW: WIND :SUNSHINE: SKY :PK WND
================================================================================
1 2 3 4 5 6A 6B 7 8 9 10 11 12 13 14 15 16 17 18
12Z AVG MX 2MIN
DY MAX MIN AVG DEP HDD CDD WTR SNW DPTH SPD SPD DIR MIN PSBL S-S WX SPD DR
================================================================================
1 9 -6 2 -19 63 0 0.00 M M 10.3 20 250 M M 1 25 240
2 20 -4 8 -13 57 0 0.00 M M 5.7 16 220 M M 0 19 220
3 31 13 22 1 43 0 0.00 M M 9.1 25 220 M M 1 34 240
4 31 23 27 6 38 0 0.03 M M 18.1 40 260 M M 8 128 60 230
5 32 25 29 7 36 0 0.05 M M 19.3 39 240 M M 10 1 57 240
6 38 30 34 12 31 0 0.01 M M 23.0 43 240 M M 8 1 61 240
7 41 28 35 13 30 0 T M M 14.7 25 220 M M 4 34 220
8 31 12 22 0 43 0 T M M 11.1 17 250 M M 4 12 24 270
9 23 7 15 -7 50 0 0.00 M M 4.9 10 100 M M 0 11 230
10 29 6 18 -4 47 0 0.00 M M 4.5 10 90 M M 0 11 90
11 28 12 20 -2 45 0 0.00 M M 8.3 16 240 M M 1 18 220
12 36 18 27 5 38 0 0.00 M M 10.6 17 260 M M 1 20 220
13 38 23 31 9 34 0 0.00 M M 6.2 17 330 M M 0 8 20 340
14 30 20 25 3 40 0 0.00 M M 4.1 12 330 M M 4 12 16 330
15 30 14 22 0 43 0 0.00 M M 8.0 16 230 M M 0 18 20 230
16 33 16 25 3 40 0 0.00 M M 3.3 13 240 M M 0 15 240
17 35 21 28 6 37 0 0.00 M M 5.1 9 230 M M 0 11 250
18 34 19 27 5 38 0 0.00 M M 8.7 17 260 M M 1 20 260
19 28 16 22 0 43 0 T M M 8.2 15 250 M M 7 1 18 250
20 28 8 18 -4 47 0 T M M 14.1 26 230 M M 8 128 40 230
21 29 14 22 0 43 0 T M M 9.2 20 340 M M 5 1 26 230
22 23 9 16 -6 49 0 T M M 2.4 10 20 M M 4 128 12 10
23 29 8 19 -3 46 0 0.00 M M 9.7 18 240 M M 0 22 240
24 30 14 22 0 43 0 T M M 13.2 23 260 M M 4 1 29 250
25 25 10 18 -4 47 0 0.05 M M 11.7 29 80 M M 5 18 36 80
26 25 5 15 -7 50 0 0.00 M M 11.4 18 240 M M 2 22 240
27 21 0 11 -11 54 0 T M M 5.8 14 10 M M 0 18 18 80
28 23 4 14 -8 51 0 0.00 M M 5.2 9 170 M M 0 13 200
29 33 6 20 -2 45 0 0.00 M M 3.4 12 10 M M 0 13 10
30 30 5 18 -4 47 0 0.00 M M 6.2 18 240 M M 0 22 230
31 30 11 21 -1 44 0 T M M 14.9 23 260 M M 4 30 250
================================================================================
SM 903 387 1362 0 0.14 M 290.4 M 82
================================================================================
AV 29.1 12.5 9.4 FASTST M M 3 MAX(MPH)
MISC ----> 43 240 61 240
================================================================================
NOTES:
# LAST OF SEVERAL OCCURRENCES
COLUMN 17 PEAK WIND IN M.P.H.
PRELIMINARY LOCAL CLIMATOLOGICAL DATA (WS FORM: F-6) , PAGE 2
STATION: EVANSTON WY
MONTH: JANUARY
YEAR: 2022
LATITUDE: 41 16 N
LONGITUDE: 111 2 W
[TEMPERATURE DATA] [PRECIPITATION DATA] SYMBOLS USED IN COLUMN 16
AVERAGE MONTHLY: 20.8 TOTAL FOR MONTH: 0.14 1 = FOG OR MIST
DPTR FM NORMAL: -0.9 DPTR FM NORMAL: -0.27 2 = FOG REDUCING VISIBILITY
HIGHEST: 41 ON 7 GRTST 24HR 0.05 ON 5- 5 TO 1/4 MILE OR LESS
LOWEST: -6 ON 1 3 = THUNDER
SNOW, ICE PELLETS, HAIL 4 = ICE PELLETS
TOTAL MONTH: M 5 = HAIL
GRTST 24HR M ON M 6 = FREEZING RAIN OR DRIZZLE
GRTST DEPTH: M ON M 7 = DUSTSTORM OR SANDSTORM:
VSBY 1/2 MILE OR LESS
8 = SMOKE OR HAZE
[NO. OF DAYS WITH] [WEATHER - DAYS WITH] 9 = BLOWING SNOW
X = TORNADO
MAX 32 OR BELOW: 23 0.01 INCH OR MORE: 4
MAX 90 OR ABOVE: 0 0.10 INCH OR MORE: 0
MIN 32 OR BELOW: 31 0.50 INCH OR MORE: 0
MIN 0 OR BELOW: 3 1.00 INCH OR MORE: 0
[HDD (BASE 65) ]
TOTAL THIS MO. 1362 CLEAR (SCALE 0-3) 18
DPTR FM NORMAL 20 PTCLDY (SCALE 4-7) 11
TOTAL FM JUL 1 4260 CLOUDY (SCALE 8-10) 2
DPTR FM NORMAL -443
[CDD (BASE 65) ]
TOTAL THIS MO. 0
DPTR FM NORMAL 0 [PRESSURE DATA]
TOTAL FM JAN 1 0 HIGHEST SLP 30.84 ON 10
DPTR FM NORMAL 0 LOWEST SLP 29.61 ON 7
[REMARKS]
#FINAL-01-22#