000
CXUS52 KMHX 010827
CF6EWN
PRELIMINARY LOCAL CLIMATOLOGICAL DATA (WS FORM: F-6)
STATION: NEW BERN NC
MONTH: NOVEMBER
YEAR: 2022
LATITUDE: 35 4 N
LONGITUDE: 77 3 W
TEMPERATURE IN F: :PCPN: SNOW: WIND :SUNSHINE: SKY :PK WND
================================================================================
1 2 3 4 5 6A 6B 7 8 9 10 11 12 13 14 15 16 17 18
12Z AVG MX 2MIN
DY MAX MIN AVG DEP HDD CDD WTR SNW DPTH SPD SPD DIR MIN PSBL S-S WX SPD DR
================================================================================
1 81 57 69 11 0 4 0.14 0.0 0 4.9 13 240 M M 4 12 13 240
2 73 55 64 6 1 0 0.00 0.0 0 6.9 15 30 M M 0 17 30
3 74 57 66 8 0 1 0.00 0.0 0 8.0 15 20 M M 4 1 17 10
4 80 59 70 13 0 5 0.06 0.0 0 4.5 15 70 M M 3 1 20 80
5 82 56 69 12 0 4 0.00 0.0 0 3.9 16 150 M M 6 12 23 170
6 82 59 71 14 0 6 0.00 0.0 0 2.7 12 180 M M 1 12 17 170
7 82 56 69 13 0 4 0.00 0.0 0 2.8 9 20 M M 7 12 13 30
8 68 51 60 4 5 0 0.00 0.0 0 14.7 26 40 M M 2 34 40
9 70 51 61 5 4 0 T 0.0 0 16.6 26 30 M M 8 34 30
10 73 59 66 10 0 1 0.25 0.0 0 9.3 15 90 M M 9 18 22 90
11 81 71 76 21 0 11 0.58 0.0 0 12.1 25 210 M M 8 1 39 210
12 75 63 69 14 0 4 0.00 0.0 0 8.1 18 230 M M 6 27 210
13 67 45 56 1 9 0 0.03 0.0 0 9.2 17 340 M M 6 1 23 330
14 55 38 47 -7 18 0 0.00 0.0 0 8.5 15 20 M M 0 20 20
15 69 42 56 2 9 0 0.08 0.0 0 7.1 14 180 M M 7 1 24 180
16 68 47 58 4 7 0 0.10 0.0 0 6.4 16 300 M M 5 1 22 290
17 53 33 43 -11 22 0 0.00 0.0 0 7.0 16 300 M M 0 21 330
18 54 28 41 -12 24 0 0.00 0.0 0 2.9 10 320 M M 0 1 13 220
19 62 30 46 -7 19 0 0.00 0.0 0 5.3 10 210 M M 0 12 15 250
20 52 35 44 -9 21 0 0.00 0.0 0 7.3 16 350 M M 0 21 340
21 58 30 44 -9 21 0 0.00 0.0 0 4.3 12 110 M M 1 16 30
22 65 44 55 3 10 0 0.00 0.0 0 2.9 10 10 M M 4 12 20
23 66 47 57 5 8 0 0.00 0.0 0 4.6 14 40 M M 5 17 40
24 70 45 58 6 7 0 T 0.0 0 6.2 14 60 M M 7 16 40
25 66 53 60 8 5 0 0.41 0.0 0 4.2 13 200 M M 6 1 17 180
26 62 39 51 -1 14 0 0.00 0.0 0 1.9 8 60 M M 0 1 10 40
27 76 41 59 8 6 0 0.01 0.0 0 10.0 24 190 M M 3 1 34 180
28 68 48 58 7 7 0 0.00 0.0 0 7.1 17 250 M M 0 23 240
29 64 42 53 2 12 0 0.00 0.0 0 5.4 10 80 M M 1 14 150
30 68 52 60 9 5 0 0.64 0.0 0 6.1 18 330 M M 7 18 27 200
================================================================================
SM 2064 1433 234 40 2.30 0.0 200.9 M 110
================================================================================
AV 68.8 47.8 6.7 FASTST M M 4 MAX(MPH)
MISC ----> # 26 40 39 210
================================================================================
NOTES:
# LAST OF SEVERAL OCCURRENCES
COLUMN 17 PEAK WIND IN M.P.H.
PRELIMINARY LOCAL CLIMATOLOGICAL DATA (WS FORM: F-6) , PAGE 2
STATION: NEW BERN NC
MONTH: NOVEMBER
YEAR: 2022
LATITUDE: 35 4 N
LONGITUDE: 77 3 W
[TEMPERATURE DATA] [PRECIPITATION DATA] SYMBOLS USED IN COLUMN 16
AVERAGE MONTHLY: 58.3 TOTAL FOR MONTH: 2.30 1 = FOG OR MIST
DPTR FM NORMAL: 4.1 DPTR FM NORMAL: -1.03 2 = FOG REDUCING VISIBILITY
HIGHEST: 82 ON 7, 6 GRTST 24HR 0.64 ON 30-30 TO 1/4 MILE OR LESS
LOWEST: 28 ON 18 3 = THUNDER
SNOW, ICE PELLETS, HAIL 4 = ICE PELLETS
TOTAL MONTH: 0.0 INCH 5 = HAIL
GRTST 24HR 0.0 6 = FREEZING RAIN OR DRIZZLE
GRTST DEPTH: 0 7 = DUSTSTORM OR SANDSTORM:
VSBY 1/2 MILE OR LESS
8 = SMOKE OR HAZE
[NO. OF DAYS WITH] [WEATHER - DAYS WITH] 9 = BLOWING SNOW
X = TORNADO
MAX 32 OR BELOW: 0 0.01 INCH OR MORE: 10
MAX 90 OR ABOVE: 0 0.10 INCH OR MORE: 6
MIN 32 OR BELOW: 3 0.50 INCH OR MORE: 2
MIN 0 OR BELOW: 0 1.00 INCH OR MORE: 0
[HDD (BASE 65) ]
TOTAL THIS MO. 234 CLEAR (SCALE 0-3) 14
DPTR FM NORMAL -101 PTCLDY (SCALE 4-7) 14
TOTAL FM JUL 1 357 CLOUDY (SCALE 8-10) 2
DPTR FM NORMAL -90
[CDD (BASE 65) ]
TOTAL THIS MO. 40
DPTR FM NORMAL 29 [PRESSURE DATA]
TOTAL FM JAN 1 2112 HIGHEST SLP 30.51 ON 21
DPTR FM NORMAL 221 LOWEST SLP 29.64 ON 27
[REMARKS]
#FINAL-11-22#