000
CXUS51 KOKX 011010
CF6EWR
PRELIMINARY LOCAL CLIMATOLOGICAL DATA (WS FORM: F-6)
STATION: NEWARK NJ
MONTH: JANUARY
YEAR: 2021
LATITUDE: 40 42 N
LONGITUDE: 74 10 W
TEMPERATURE IN F: :PCPN: SNOW: WIND :SUNSHINE: SKY :PK WND
================================================================================
1 2 3 4 5 6A 6B 7 8 9 10 11 12 13 14 15 16 17 18
12Z AVG MX 2MIN
DY MAX MIN AVG DEP HDD CDD WTR SNW DPTH SPD SPD DIR MIN PSBL S-S WX SPD DR
================================================================================
1 39 27 33 1 32 0 0.68 T 0 6.0 16 350 M M 7 14 20 120
2 53 34 44 12 21 0 0.04 0.0 0 12.0 28 280 M M 8 1 41 270
3 38 32 35 3 30 0 0.23 0.2 0 10.9 16 20 M M 10 14 20 10
4 46 34 40 8 25 0 0.02 T 0 8.9 15 360 M M 8 14 18 330
5 42 36 39 7 26 0 0.00 0.0 0 8.3 14 330 M M 10 8 19 310
6 43 32 38 6 27 0 0.00 0.0 0 12.4 25 310 M M 6 33 300
7 44 31 38 6 27 0 0.00 0.0 0 12.2 18 340 M M 1 25 340
8 39 26 33 1 32 0 0.00 0.0 0 10.3 20 360 M M 6 24 10
9 39 23 31 -1 34 0 0.00 0.0 0 13.3 22 360 M M 5 28 360
10 44 27 36 4 29 0 0.00 0.0 0 7.8 15 350 M M 4 18 350
11 38 25 32 1 33 0 0.00 0.0 0 2.7 8 350 M M 7 10 290
12 46 25 36 5 29 0 0.00 0.0 0 4.3 12 20 M M 4 8 13 20
13 45 31 38 7 27 0 0.00 0.0 0 5.3 18 270 M M 8 25 270
14 50 33 42 11 23 0 0.00 0.0 0 4.0 12 360 M M 8 8 14 330
15 47 32 40 9 25 0 0.61 0.0 0 9.2 20 90 M M 9 138 30 90
16 48 37 43 12 22 0 0.62 0.0 0 11.3 26 70 M M 8 1 35 70
17 44 34 39 8 26 0 0.00 0.0 0 14.4 28 270 M M 6 34 280
18 47 32 40 9 25 0 0.00 0.0 0 12.4 23 250 M M 5 28 280
19 43 31 37 6 28 0 T T 0 12.4 25 270 M M 5 34 250
20 41 27 34 3 31 0 0.01 0.3 T 11.0 29 310 M M 7 1 37 280
21 43 22 33 2 32 0 0.00 0.0 0 6.5 22 230 M M 5 26 240
22 48 30 39 8 26 0 0.00 0.0 0 10.7 25 270 M M 6 31 270
23 36 24 30 -2 35 0 0.00 0.0 0 19.0 31 300 M M 4 40 300
24 34 22 28 -4 37 0 0.00 0.0 0 15.1 25 300 M M 5 35 330
25 41 23 32 0 33 0 0.00 0.0 0 6.7 14 10 M M 8 18 310
26 35 31 33 1 32 0 0.15 0.5 0 8.0 17 290 M M 10 14 19 70
27 38 30 34 2 31 0 T T 0 11.7 22 320 M M 9 1 28 330
28 35 21 28 -4 37 0 0.00 0.0 0 18.9 35 330 M M 5 41 330
29 27 16 22 -10 43 0 0.00 0.0 0 20.7 36 310 M M 3 47 310
30 34 16 25 -7 40 0 0.00 0.0 0 11.7 22 320 M M 2 27 320
31 26 19 23 -9 42 0 0.14 2.2 0 9.4 20 40 M M 9 1 24 40
================================================================================
SM 1273 863 940 0 2.50 3.2 327.5 M 198
================================================================================
AV 41.1 27.8 10.6 FASTST M M 6 MAX(MPH)
MISC ----> 36 310 47 310
================================================================================
NOTES:
# LAST OF SEVERAL OCCURRENCES
COLUMN 17 PEAK WIND IN M.P.H.
PRELIMINARY LOCAL CLIMATOLOGICAL DATA (WS FORM: F-6) , PAGE 2
STATION: NEWARK NJ
MONTH: JANUARY
YEAR: 2021
LATITUDE: 40 42 N
LONGITUDE: 74 10 W
[TEMPERATURE DATA] [PRECIPITATION DATA] SYMBOLS USED IN COLUMN 16
AVERAGE MONTHLY: 34.5 TOTAL FOR MONTH: 2.50 1 = FOG OR MIST
DPTR FM NORMAL: 2.9 DPTR FM NORMAL: -1.04 2 = FOG REDUCING VISIBILITY
HIGHEST: 53 ON 2 GRTST 24HR 1.26 ON 15-16 TO 1/4 MILE OR LESS
LOWEST: 16 ON 30,29 3 = THUNDER
SNOW, ICE PELLETS, HAIL 4 = ICE PELLETS
TOTAL MONTH: 3.2 INCHES 5 = HAIL
GRTST 24HR 2.2 ON 31-31 6 = FREEZING RAIN OR DRIZZLE
GRTST DEPTH: T 7 = DUSTSTORM OR SANDSTORM:
VSBY 1/2 MILE OR LESS
8 = SMOKE OR HAZE
[NO. OF DAYS WITH] [WEATHER - DAYS WITH] 9 = BLOWING SNOW
X = TORNADO
MAX 32 OR BELOW: 2 0.01 INCH OR MORE: 9
MAX 90 OR ABOVE: 0 0.10 INCH OR MORE: 6
MIN 32 OR BELOW: 25 0.50 INCH OR MORE: 3
MIN 0 OR BELOW: 0 1.00 INCH OR MORE: 0
[HDD (BASE 65) ]
TOTAL THIS MO. 940 CLEAR (SCALE 0-3) 3
DPTR FM NORMAL -94 PTCLDY (SCALE 4-7) 19
TOTAL FM JUL 1 2423 CLOUDY (SCALE 8-10) 9
DPTR FM NORMAL -363
[CDD (BASE 65) ]
TOTAL THIS MO. 0
DPTR FM NORMAL 0 [PRESSURE DATA]
TOTAL FM JAN 1 0 HIGHEST SLP M ON M
DPTR FM NORMAL 0 LOWEST SLP 29.36 ON 16
[REMARKS]
#FINAL-01-21#