000
CXUS51 KOKX 021334
CLAEWR
CLIMATE REPORT
NATIONAL WEATHER SERVICE NEW YORK, NY
831 AM EST MON JAN 02 2023
...................................
...THE NEWARK NJ CLIMATE SUMMARY FOR THE YEAR OF 2022...
CLIMATE NORMAL PERIOD 1991 TO 2020
CLIMATE RECORD PERIOD 1931 TO 2023
WEATHER OBSERVED NORMAL DEPART LAST YEAR`S
VALUE DATE(S) VALUE FROM VALUE DATE(S)
NORMAL
................................................................
TEMPERATURE (F)
RECORD
HIGH 108 07/22/2011
LOW -14 02/09/1934
HIGHEST 102 07/24 MM MM 103 06/30
LOWEST 6 01/16 MM MM 16 01/30
02/08
02/12
AVG. MAXIMUM 65.7 63.8 1.9 66.4
AVG. MINIMUM 48.0 47.2 0.8 49.5
MEAN 56.8 55.5 1.3 58.0
DAYS MAX >= 90 49 28.0 21.0 41
DAYS MAX <= 32 18 15.0 3.0 7
DAYS MIN <= 32 88 79.9 8.1 68
DAYS MIN <= 0 0 0.2 -0.2 0
PRECIPITATION (INCHES)
RECORD
MAXIMUM 69.91 2011
MINIMUM 26.09 1965
TOTALS 40.55 46.60 -6.05 55.85
DAILY AVG. 0.11 0.13 -0.02 0.15
DAYS >= .01 124 123.1 0.9 130
DAYS >= .10 84 76.3 7.7 79
DAYS >= .50 33 32.5 0.5 31
DAYS >= 1.00 7 12.0 -5.0 14
GREATEST
24 HR. TOTAL 2.17 8.44 09/01 TO 09/02
STORM TOTAL 1.77 8.41
(MM/DD(HH)) MM
SNOWFALL (INCHES)
RECORDS
TOTAL 65.8 1978
24 HR TOTAL MM
SNOW DEPTH 31 01/11/1996
01/10/1996
01/09/1996
TOTALS 17.8 31.5 -13.7 34.0
LIQUID EQUIV 1.80 3.10 -1.30 3.40
SINCE 7/1 0.1 6.2 -6.1 MM
LIQUID 7/1 0.01 0.60 -0.59 MM
SNOWDEPTH AVG. T 0
DAYS >= TRACE 26 15.0 11.0 29
DAYS >= 1.0 5 7.0 -2.0 7
GREATEST
SNOW DEPTH 6 01/30 17 02/02
01/31
02/03
24 HR TOTAL 0.0 MM 15.1
STORM TOTAL 6.6 15.1
(MM/DD(HH)) MM
DEGREE DAYS
HEATING TOTAL 4525 4701 -176 4091
SINCE 7/1 1572 1666 -94 MM
COOLING TOTAL 1663 1270 393 1663
SINCE 1/1 1663 1270 393 MM
................................................................
WIND (MPH)
AVERAGE WIND SPEED 9.7
RESULTANT WIND SPEED/DIRECTION 3/290
HIGHEST WIND SPEED/DIRECTION 48/260 DATE 02/18
HIGHEST GUST SPEED/DIRECTION 65/270 DATE 02/18
SKY COVER
POSSIBLE SUNSHINE (PERCENT) MM
AVERAGE SKY COVER 0.61
NUMBER OF DAYS FAIR 69
NUMBER OF DAYS PC 159
NUMBER OF DAYS CLOUDY 137
AVERAGE RH (PERCENT) 59
WEATHER CONDITIONS. NUMBER OF DAYS WITH
THUNDERSTORM 38 MIXED PRECIP 0
HEAVY RAIN 37 RAIN 61
LIGHT RAIN 144 FREEZING RAIN 1
LT FREEZING RAIN 4 HAIL 2
HEAVY SNOW 0 SNOW 4
LIGHT SNOW 25 SLEET 7
FOG 105 FOG W/VIS <= 1/4 MILE 8
HAZE 28
- INDICATES NEGATIVE NUMBERS.
R INDICATES RECORD WAS SET OR TIED.
MM INDICATES DATA IS MISSING.
T INDICATES TRACE AMOUNT.
$$