000
CXUS51 KOKX 011305
CLMEWR
NYCCLMEWR 000
TTAA00 OKX 011304
CLIMATE REPORT
NATIONAL WEATHER SERVICE NEW YORK, NY
905 AM EDT WED NOV 01 2023
...................................
...THE NEWARK NJ CLIMATE SUMMARY FOR THE MONTH OF OCTOBER 2023...
CLIMATE NORMAL PERIOD 1991 TO 2020
CLIMATE RECORD PERIOD 1931 TO 2023
WEATHER OBSERVED NORMAL DEPART LAST YEAR`S
VALUE DATE(S) VALUE FROM VALUE DATE(S)
NORMAL
................................................................
TEMPERATURE (F)
RECORD
HIGH 96 10/02/2019
LOW 25 10/28/1936
HIGHEST 85 10/03 MM MM 76 10/07
10/04
LOWEST 44 10/24 MM MM 37 10/09
10/19
10/30
AVG. MAXIMUM 70.6 66.0 4.6 64.9
AVG. MINIMUM 53.3 49.0 4.3 47.0
MEAN 62.0 57.5 4.5 55.9
DAYS MAX >= 90 0 0.0 0.0 0
DAYS MAX <= 32 0 0.0 0.0 0
DAYS MIN <= 32 0 0.1 -0.1 0
DAYS MIN <= 0 0 0.0 0.0 0
PRECIPITATION (INCHES)
RECORD
MAXIMUM 13.22 2005
MINIMUM 0.21 1963
TOTALS 4.02 3.79 0.23 5.97
DAILY AVG. 0.13 0.12 0.01 0.19
DAYS >= .01 9 9.4 -0.4 13
DAYS >= .10 7 5.5 1.5 10
DAYS >= .50 3 2.5 0.5 5
DAYS >= 1.00 1 1.0 0.0 2
GREATEST
24 HR. TOTAL 1.83 10/20 TO 10/20 2.17 10/03 TO 10/04
STORM TOTAL 1.83 1.77
(MM/DD(HH)) MM
SNOWFALL (INCHES)
TOTALS 0.0 0.2 -0.2 0.0
LIQUID EQUIV 0.00 T 0.00 0.00
SINCE 7/1 0.0 0.2 -0.2 MM
LIQUID 7/1 0.00 0.00 0.00 MM
SNOWDEPTH AVG. 0 0
DAYS >= TRACE 0 0.0 0.0 0
DAYS >= 1.0 0 0.0 0.0 0
GREATEST
SNOW DEPTH 0 0 MM
24 HR TOTAL MM MM
STORM TOTAL 0.0 0.0
(MM/DD(HH)) MM
DEGREE DAYS
HEATING TOTAL 143 253 -110 280
SINCE 7/1 166 287 -121 MM
COOLING TOTAL 55 21 34 5
SINCE 1/1 1434 1269 165 MM
................................................................
WIND (MPH)
AVERAGE WIND SPEED 8.1
HIGHEST WIND SPEED/DIRECTION 29/290 DATE 10/21
29/320 10/22
HIGHEST GUST SPEED/DIRECTION 41/290 DATE 10/21
WEATHER CONDITIONS. NUMBER OF DAYS WITH
THUNDERSTORM 1 MIXED PRECIP 0
HEAVY RAIN 2 RAIN 6
LIGHT RAIN 10 FREEZING RAIN 0
LT FREEZING RAIN 0 HAIL 0
HEAVY SNOW 0 SNOW 0
LIGHT SNOW 0 SLEET 0
FOG 8 FOG W/VIS <= 1/4 MILE 1
HAZE 3
- INDICATES NEGATIVE NUMBERS.
R INDICATES RECORD WAS SET OR TIED.
MM INDICATES DATA IS MISSING.
T INDICATES TRACE AMOUNT.
$$