000
CXUS52 KKEY 021428 CCA
CF6EYW
PRELIMINARY LOCAL CLIMATOLOGICAL DATA (WS FORM: F-6)...CORRECTED
STATION: KEY WEST
MONTH: AUGUST
YEAR: 2023
LATITUDE: 24 32 N
LONGITUDE: 81 45 W
TEMPERATURE IN F: :PCPN: SNOW: WIND :SUNSHINE: SKY :PK WND
================================================================================
1 2 3 4 5 6A 6B 7 8 9 10 11 12 13 14 15 16 17 18
12Z AVG MX 2MIN
DY MAX MIN AVG DEP HDD CDD WTR SNW DPTH SPD SPD DIR MIN PSBL S-S WX SPD DR
================================================================================
1 94 86 90 4 0 25 0.00 0.0 0 6.2 12 170 M M 2 16 200
2 95 84 90 4 0 25 0.00 0.0 0 5.2 14 20 M M 3 3 17 20
3 91 84 88 2 0 23 0.00 0.0 0 3.6 13 20 M M 3 3 19 170
4 94 83 89 3 0 24 0.00 0.0 0 4.7 14 310 M M 2 17 320
5 94 84 89 3 0 24 0.00 0.0 0 5.0 10 320 M M 1 17 220
6 94 85 90 4 0 25 0.00 0.0 0 6.1 12 140 M M 1 18 180
7 92 87 90 4 0 25 T 0.0 0 7.5 15 140 M M 1 26 140
8 92 87 90 4 0 25 T 0.0 0 8.2 14 150 M M 1 3 23 150
9 92 88 90 4 0 25 0.00 0.0 0 8.1 14 150 M M 2 17 150
10 94 87 91 5 0 26 0.00 0.0 0 7.2 14 150 M M 1 23 170
11 95 83 89 3 0 24 0.37 0.0 0 6.4 17 120 M M 3 138 24 130
12 92 76 84 -2 0 19 1.67 0.0 0 7.3 21 50 M M 2 138 32 30
13 92 85 89 3 0 24 0.00 0.0 0 10.6 16 180 M M 2 31 200
14 92 87 90 4 0 25 0.00 0.0 0 9.5 14 130 M M 2 21 170
15 94 81 88 2 0 23 0.53 0.0 0 7.2 26 170 M M 3 13 36 170
16 89 79 84 -2 0 19 0.12 0.0 0 6.1 18 320 M M 3 13 29 330
17 91 83 87 1 0 22 T 0.0 0 5.8 14 50 M M 2 3 21 40
18 91 83 87 1 0 22 0.04 0.0 0 5.6 15 70 M M 3 3 23 70
19 93 77 85 -1 0 20 0.65 0.0 0 9.1 21 150 M M 3 13 29 140
20 87 77 82 -4 0 17 2.18 0.0 0 11.8 32 160 M M 6 138 41 130
21 92 80 86 0 0 21 0.17 0.0 0 10.8 26 70 M M 3 38 45 80
22 92 81 87 2 0 22 T 0.0 0 11.3 18 80 M M 2 3 32 60
23 92 83 88 3 0 23 0.00 0.0 0 9.8 17 100 M M 1 24 100
24 91 84 88 3 0 23 0.00 0.0 0 6.8 12 30 M M 1 3 18 30
25 91 81 86 1 0 21 T 0.0 0 8.5 16 100 M M 3 23 90
26 93 83 88 3 0 23 0.00 0.0 0 6.0 14 30 M M 0 19 30
27 89 83 86 1 0 21 T 0.0 0 6.2 13 170 M M 2 20 150
28 90 84 87 2 0 22 0.00 0.0 0 12.1 20 120 M M 2 29 180
29 88 78 83 -2 0 18 0.57 0.0 0 22.3 32 200 M M 6 138 45 190
30 90 85 88 3 0 23 0.01 0.0 0 18.9 29 210 M M 3 8 37 220
31 90 85 88 3 0 23 T 0.0 0 9.3 18 210 M M 1 8 25 210
================================================================================
SM 2846 2573 0 702 6.31 0.0 263.2 M 70
================================================================================
AV 91.8 83.0 8.5 FASTST M M 2 MAX(MPH)
MISC ----> # 32 160 # 45 80
================================================================================
NOTES:
# LAST OF SEVERAL OCCURRENCES
COLUMN 17 PEAK WIND IN M.P.H.
PRELIMINARY LOCAL CLIMATOLOGICAL DATA (WS FORM: F-6) , PAGE 2
STATION: KEY WEST
MONTH: AUGUST
YEAR: 2023
LATITUDE: 24 32 N
LONGITUDE: 81 45 W
[TEMPERATURE DATA] [PRECIPITATION DATA] SYMBOLS USED IN COLUMN 16
AVERAGE MONTHLY: 87.4 TOTAL FOR MONTH: 6.31 1 = FOG OR MIST
DPTR FM NORMAL: 1.9 DPTR FM NORMAL: 0.94 2 = FOG REDUCING VISIBILITY
HIGHEST: 95 ON 11, 2 GRTST 24HR 2.83 ON 19-20 TO 1/4 MILE OR LESS
LOWEST: 76 ON 12 3 = THUNDER
SNOW, ICE PELLETS, HAIL 4 = ICE PELLETS
TOTAL MONTH: 0.0 INCH 5 = HAIL
GRTST 24HR 0.0 6 = FREEZING RAIN OR DRIZZLE
GRTST DEPTH: 0 7 = DUSTSTORM OR SANDSTORM:
VSBY 1/2 MILE OR LESS
8 = SMOKE OR HAZE
[NO. OF DAYS WITH] [WEATHER - DAYS WITH] 9 = BLOWING SNOW
X = TORNADO
MAX 32 OR BELOW: 0 0.01 INCH OR MORE: 10
MAX 90 OR ABOVE: 27 0.10 INCH OR MORE: 8
MIN 32 OR BELOW: 0 0.50 INCH OR MORE: 5
MIN 0 OR BELOW: 0 1.00 INCH OR MORE: 2
[HDD (BASE 65) ]
TOTAL THIS MO. 0 CLEAR (SCALE 0-3) 29
DPTR FM NORMAL 0 PTCLDY (SCALE 4-7) 2
TOTAL FM JUL 1 0 CLOUDY (SCALE 8-10) 0
DPTR FM NORMAL 0
[CDD (BASE 65) ]
TOTAL THIS MO. 702
DPTR FM NORMAL 65 [PRESSURE DATA]
TOTAL FM JAN 1 3999 HIGHEST SLP M ON M
DPTR FM NORMAL 563 LOWEST SLP 29.74 ON 27
[REMARKS]
#FINAL-08-23#
CORRECTED ALIGNMENT OF SNOW, ICE PELLETS, HAIL TABLE.
CORRECTED SKY COVER TABLE.
NB