000
CXAK56 PAFG 010948
CF6FAI
PRELIMINARY LOCAL CLIMATOLOGICAL DATA (WS FORM: F-6)
STATION: FAIRBANKS AK
MONTH: MARCH
YEAR: 2021
LATITUDE: 64 49 N
LONGITUDE: 147 52 W
TEMPERATURE IN F: :PCPN: SNOW: WIND :SUNSHINE: SKY :PK WND
================================================================================
1 2 3 4 5 6A 6B 7 8 9 10 11 12 13 14 15 16 17 18
12Z AVG MX 2MIN
DY MAX MIN AVG DEP HDD CDD WTR SNW DPTH SPD SPD DIR MIN PSBL S-S WX SPD DR
================================================================================
1 6 -20 -7 -11 72 0 0.08 0.7 27 2.5 12 60 M M 9 1 15 60
2 9 -8 1 -3 64 0 T 0.2 26 2.2 9 40 M M 10 1 10 40
3 2 -9 -3 -8 68 0 0.01 0.1 25 2.3 7 200 M M 9 1 8 200
4 10 -21 -5 -10 70 0 T T 25 1.9 8 40 M M 4 9 40
5 11 -15 -2 -8 67 0 0.00 0.0 25 2.8 9 190 M M 5 10 200
6 10 -18 -4 -10 69 0 0.01 0.2 24 0.8 5 30 M M 7 18 5 50
7 18 -14 2 -4 63 0 0.02 0.3 24 1.3 6 10 M M 8 1 6 10
8 32 2 17 10 48 0 T T 23 4.0 10 50 M M 7 14 50
9 29 4 17 10 48 0 T T 23 1.6 7 30 M M 9 7 30
10 26 13 20 12 45 0 0.27 3.5 26 2.7 13 280 M M 10 1 18 310
11 19 -28 -4 -12 69 0 T 0.1 26 9.0 24 280 M M 8 9 33 250
12 -2 -35 -18 -27 83 0 0.00 0.0 26 0.5 6 40 M M 0 6 40
13 8 -35 -13 -22 78 0 0.00 0.0 26 1.8 10 50 M M 0 12 50
14 19 -27 -4 -14 69 0 0.00 0.0 26 2.5 12 40 M M 1 13 50
15 14 -20 -3 -13 68 0 T T 26 2.2 7 70 M M 8 1 8 200
16 12 -12 0 -11 65 0 0.02 0.2 26 2.3 10 200 M M 9 1 13 200
17 16 -17 0 -11 65 0 T T 26 2.6 12 360 M M 7 14 360
18 15 -7 4 -8 61 0 0.01 T 25 3.1 13 270 M M 8 1 15 260
19 14 -17 -1 -14 66 0 0.02 0.4 25 1.2 8 30 M M 5 1 8 30
20 22 -24 -1 -14 66 0 0.00 0.0 25 7.5 15 30 M M 0 19 80
21 24 -8 8 -6 57 0 0.00 0.0 24 4.1 9 30 M M 0 13 30
22 28 -20 4 -10 61 0 0.00 0.0 24 2.2 9 180 M M 4 13 170
23 20 7 14 -1 51 0 0.04 0.5 24 3.4 13 270 M M 9 1 15 270
24 25 0 13 -3 52 0 0.16 3.5 28 1.4 8 130 M M 10 1 10 210
25 32 15 24 8 41 0 0.03 0.2 27 3.7 20 280 M M 9 1 25 280
26 28 16 22 5 43 0 T T 27 3.9 12 250 M M 9 1 15 250
27 28 13 21 3 44 0 T 0.1 27 5.2 18 270 M M 9 23 270
28 21 0 11 -7 54 0 T T 27 5.4 12 250 M M 7 1 14 240
29 34 18 26 7 39 0 0.19 3.8 30 2.8 8 270 M M 10 1 10 50
30 38 19 29 9 36 0 0.00 0.0 28 2.3 8 50 M M 9 9 200
31 32 12 22 1 43 0 0.03 1.3 29 7.1 20 250 M M 9 1 25 270
================================================================================
SM 600 -236 1825 0 0.89 15.1 96.3 M 209
================================================================================
AV 19.4 -7.6 3.1 FASTST M M 7 MAX(MPH)
MISC ----> 24 280 33 250
================================================================================
NOTES:
# LAST OF SEVERAL OCCURRENCES
COLUMN 17 PEAK WIND IN M.P.H.
PRELIMINARY LOCAL CLIMATOLOGICAL DATA (WS FORM: F-6) , PAGE 2
STATION: FAIRBANKS AK
MONTH: MARCH
YEAR: 2021
LATITUDE: 64 49 N
LONGITUDE: 147 52 W
[TEMPERATURE DATA] [PRECIPITATION DATA] SYMBOLS USED IN COLUMN 16
AVERAGE MONTHLY: 5.9 TOTAL FOR MONTH: 0.89 1 = FOG OR MIST
DPTR FM NORMAL: -5.5 DPTR FM NORMAL: 0.64 2 = FOG REDUCING VISIBILITY
HIGHEST: 38 ON 30 GRTST 24HR 0.27 ON 9-10 TO 1/4 MILE OR LESS
LOWEST: -35 ON 13,12 3 = THUNDER
SNOW, ICE PELLETS, HAIL 4 = ICE PELLETS
TOTAL MONTH: 18.4 INCHES 5 = HAIL
GRTST 24HR 3.8 ON 29-29 6 = FREEZING RAIN OR DRIZZLE
GRTST DEPTH: 30 ON 29 7 = DUSTSTORM OR SANDSTORM:
VSBY 1/2 MILE OR LESS
8 = SMOKE OR HAZE
[NO. OF DAYS WITH] [WEATHER - DAYS WITH] 9 = BLOWING SNOW
X = TORNADO
MAX 32 OR BELOW: 29 0.01 INCH OR MORE: 13
MAX 90 OR ABOVE: 0 0.10 INCH OR MORE: 3
MIN 32 OR BELOW: 31 0.50 INCH OR MORE: 0
MIN 0 OR BELOW: 21 1.00 INCH OR MORE: 0
[HDD (BASE 65) ]
TOTAL THIS MO. 1825 CLEAR (SCALE 0-3) 5
DPTR FM NORMAL 165 PTCLDY (SCALE 4-7) 11
TOTAL FM JUL 1 11779 CLOUDY (SCALE 8-10) 15
DPTR FM NORMAL -271
[CDD (BASE 65) ]
TOTAL THIS MO. 0
DPTR FM NORMAL 0 [PRESSURE DATA]
TOTAL FM JAN 1 0 HIGHEST SLP M ON M
DPTR FM NORMAL 0 LOWEST SLP 29.08 ON 31
[REMARKS]
#FINAL-03-21#