000
CXUS53 KFGF 010815
CF6FAR
PRELIMINARY LOCAL CLIMATOLOGICAL DATA (WS FORM: F-6)
STATION: FARGO HECTOR INTL AP ND
MONTH: MAY
YEAR: 2023
LATITUDE: 46 54 N
LONGITUDE: 96 48 W
TEMPERATURE IN F: :PCPN: SNOW: WIND :SUNSHINE: SKY :PK WND
================================================================================
1 2 3 4 5 6A 6B 7 8 9 10 11 12 13 14 15 16 17 18
12Z AVG MX 2MIN
DY MAX MIN AVG DEP HDD CDD WTR SNW DPTH SPD SPD DIR MIN PSBL S-S WX SPD DR
================================================================================
1 56 34 45 -5 20 0 0.00 0.0 0 19.5 33 340 M M 2 43 330
2 65 33 49 -2 16 0 0.00 0.0 0 13.4 26 350 M M 0 36 350
3 79 36 58 7 7 0 0.00 0.0 0 9.7 21 260 M M 0 30 230
4 77 38 58 6 7 0 0.00 0.0 0 9.1 17 320 M M 0 26 350
5 76 44 60 8 5 0 0.00 0.0 0 11.6 20 90 M M 1 30 80
6 61 49 55 3 10 0 0.96 0.0 0 11.7 20 70 M M 9 1 25 60
7 55 51 53 0 12 0 0.20 0.0 0 8.7 17 320 M M 10 1 21 330
8 63 50 57 4 8 0 T 0.0 0 6.9 14 260 M M 9 18 18 330
9 73 44 59 5 6 0 0.07 0.0 0 8.0 23 230 M M 3 13 30 230
10 78 57 68 14 0 3 0.37 0.0 0 13.4 23 170 M M 3 13 28 180
11 84 55 70 16 0 5 0.00 0.0 0 6.0 14 170 M M 0 18 18 180
12 81 61 71 16 0 6 0.14 0.0 0 9.0 25 80 M M 5 3 32 80
13 67 60 64 9 1 0 0.10 0.0 0 8.8 15 60 M M 10 20 120
14 80 52 66 10 0 1 0.00 0.0 0 6.7 17 50 M M 1 28 80
15 83 47 65 9 0 0 0.00 0.0 0 8.1 16 280 M M 0 23 200
16 85 55 70 13 0 5 0.00 0.0 0 8.1 15 340 M M 0 21 360
17 85 54 70 13 0 5 0.25 0.0 0 13.9 30 340 M M 2 18 36 330
18 62 46 54 -4 11 0 T 0.0 0 12.0 26 310 M M 8 18 35 310
19 68 43 56 -2 9 0 0.02 0.0 0 11.6 24 320 M M 6 18 33 340
20 77 43 60 2 5 0 0.00 0.0 0 9.2 20 200 M M 0 26 210
21 84 48 66 7 0 1 0.00 0.0 0 3.8 10 190 M M 0 15 200
22 91 51 71 12 0 6 0.00 0.0 0 9.2 21 160 M M 0 29 170
23 93 66 80 20 0 15 0.05 0.0 0 14.0 28 40 M M 4 3 37 80
24 70 56 63 3 2 0 0.05 0.0 0 15.6 31 120 M M 3 3 44 120
25 89 55 72 12 0 7 0.00 0.0 0 18.2 26 180 M M 1 39 180
26 91 65 78 17 0 13 0.00 0.0 0 17.8 24 180 M M 0 38 190
27 91 62 77 16 0 12 0.00 0.0 0 15.5 30 190 M M 0 8 37 140
28 91 62 77 15 0 12 0.00 0.0 0 15.1 22 140 M M 0 37 150
29 90 67 79 17 0 14 0.27 0.0 0 15.2 26 160 M M 3 3 37 150
30 89 65 77 15 0 12 0.01 0.0 0 7.1 15 210 M M 1 22 170
31 93 59 76 14 0 11 0.08 0.0 0 5.4 29 180 M M 2 138 37 180
================================================================================
SM 2427 1608 119 128 2.57 0.0 342.3 M 83
================================================================================
AV 78.3 51.9 11.0 FASTST M M 3 MAX(MPH)
MISC ----> 33 340 44 120
================================================================================
NOTES:
# LAST OF SEVERAL OCCURRENCES
COLUMN 17 PEAK WIND IN M.P.H.
PRELIMINARY LOCAL CLIMATOLOGICAL DATA (WS FORM: F-6) , PAGE 2
STATION: FARGO HECTOR INTL AP ND
MONTH: MAY
YEAR: 2023
LATITUDE: 46 54 N
LONGITUDE: 96 48 W
[TEMPERATURE DATA] [PRECIPITATION DATA] SYMBOLS USED IN COLUMN 16
AVERAGE MONTHLY: 65.1 TOTAL FOR MONTH: 2.57 1 = FOG OR MIST
DPTR FM NORMAL: 8.5 DPTR FM NORMAL: -0.52 2 = FOG REDUCING VISIBILITY
HIGHEST: 93 ON 31,23 GRTST 24HR 1.14 ON 6- 7 TO 1/4 MILE OR LESS
LOWEST: 33 ON 2 3 = THUNDER
SNOW, ICE PELLETS, HAIL 4 = ICE PELLETS
TOTAL MONTH: 0.0 INCH 5 = HAIL
GRTST 24HR 0.0 6 = FREEZING RAIN OR DRIZZLE
GRTST DEPTH: 0 7 = DUSTSTORM OR SANDSTORM:
VSBY 1/2 MILE OR LESS
8 = SMOKE OR HAZE
[NO. OF DAYS WITH] [WEATHER - DAYS WITH] 9 = BLOWING SNOW
X = TORNADO
MAX 32 OR BELOW: 0 0.01 INCH OR MORE: 13
MAX 90 OR ABOVE: 7 0.10 INCH OR MORE: 7
MIN 32 OR BELOW: 0 0.50 INCH OR MORE: 1
MIN 0 OR BELOW: 0 1.00 INCH OR MORE: 0
[HDD (BASE 65) ]
TOTAL THIS MO. 119 CLEAR (SCALE 0-3) 21
DPTR FM NORMAL -172 PTCLDY (SCALE 4-7) 6
TOTAL FM JUL 1 9279 CLOUDY (SCALE 8-10) 4
DPTR FM NORMAL 533
[CDD (BASE 65) ]
TOTAL THIS MO. 128
DPTR FM NORMAL 99 [PRESSURE DATA]
TOTAL FM JAN 1 128 HIGHEST SLP M ON M
DPTR FM NORMAL 98 LOWEST SLP 29.67 ON 17
[REMARKS]
#FINAL-05-23#