000
CXUS54 KOUN 201444
CF6FDR
PRELIMINARY LOCAL CLIMATOLOGICAL DATA (WS FORM: F-6)
STATION: FREDERICK MUNICIPAL
MONTH: AUGUST
YEAR: 2022
LATITUDE: 34 21 N
LONGITUDE: 98 59 W
TEMPERATURE IN F: :PCPN: SNOW: WIND :SUNSHINE: SKY :PK WND
================================================================================
1 2 3 4 5 6A 6B 7 8 9 10 11 12 13 14 15 16 17 18
12Z AVG MX 2MIN
DY MAX MIN AVG DEP HDD CDD WTR SNW DPTH SPD SPD DIR MIN PSBL S-S WX SPD DR
================================================================================
1 101 82 92 6 0 27 M M M 11.4 22 130 M M 1 27 170
2 106 81 94 8 0 29 0.00 M M 13.4 23 170 M M 1 34 180
3 107 80 94 8 0 29 0.00 M M 13.4 25 210 M M 0 31 220
4 109 81 95 9 0 30 0.00 M M 11.1 25 140 M M 1 31 130
5 108 79 94 8 0 29 0.00 M M 11.8 20 160 M M 0 8 26 140
6 105 81 93 7 0 28 0.00 M M 12.7 22 140 M M 1 26 130
7 102 78 90 4 0 25 0.00 M M 11.3 21 180 M M 1 27 140
8 103 79 91 5 0 26 0.05 M M 10.0 22 140 M M 1 3 25 170
9 102 75 89 3 0 24 0.13 M M 9.6 31 180 M M 3 38 39 180
10 98 75 87 1 0 22 0.13 M M 5.9 22 130 M M 2 3 25 130
11 100 71 86 0 0 21 0.00 M M 8.7 16 70 M M 0 20 120
12 99 71 85 0 0 20 0.00 M M 8.5 16 110 M M 0 20 110
13 100 74 87 2 0 22 0.00 M M 7.6 14 120 M M 1 18 70
14 102 75 89 4 0 24 0.00 M M 6.8 18 130 M M 0 23 130
15 102 75 89 4 0 24 0.00 M M 9.3 18 200 M M 0 25 160
16 99 75 87 2 0 22 0.00 M M 7.2 17 240 M M 0 23 230
17 96 74 85 1 0 20 0.00 M M 12.7 25 10 M M 0 33 360
18 93 71 82 -2 0 17 0.29 M M 8.8 17 30 M M 4 1 22 10
19 95 67 81 -3 0 16 0.00 M M 7.1 13 130 M M 1 12 16 130
20 97 71 84 0 0 19 0.42 M M 9.1 36 210 M M 3 13 43 210
21 74 69 72 -12 0 7 1.72 M M 13.1 21 80 M M 9 13 24 80
22 83 70 77 -7 0 12 0.72 M M 10.3 18 40 M M 8 1 22 30
23 86 69 78 -5 0 13 0.00 M M 8.9 17 60 M M 3 1 22 40
24 89 73 81 -2 0 16 0.35 M M 6.6 21 310 M M 6 25 320
25 92 71 82 -1 0 17 0.00 M M 3.4 9 120 M M 0 12 320
26 92 69 81 -2 0 16 0.00 M M 5.3 12 110 M M 1 15 110
27 98 71 85 3 0 20 0.00 M M 8.5 17 130 M M 0 21 180
28 100 74 87 5 0 22 0.00 M M 13.2 23 150 M M 1 31 170
29 97 72 85 3 0 20 0.49 M M 11.5 36 10 M M 2 3 42 10
30 91 70 81 -1 0 16 0.00 M M 7.7 20 70 M M 2 3 28 350
31 87 74 81 0 0 16 0.11 M M 7.4 26 20 M M 3 35 30
================================================================================
SM 3013 2297 0 649 4.41 M 292.3 M 55
================================================================================
AV 97.2 74.1 9.4 FASTST M M 2 MAX(MPH)
MISC ----> # 36 210 43 210
================================================================================
NOTES:
# LAST OF SEVERAL OCCURRENCES
COLUMN 17 PEAK WIND IN M.P.H.
PRELIMINARY LOCAL CLIMATOLOGICAL DATA (WS FORM: F-6) , PAGE 2
STATION: FREDERICK MUNICIPAL
MONTH: AUGUST
YEAR: 2022
LATITUDE: 34 21 N
LONGITUDE: 98 59 W
[TEMPERATURE DATA] [PRECIPITATION DATA] SYMBOLS USED IN COLUMN 16
AVERAGE MONTHLY: 85.6 TOTAL FOR MONTH: 4.41 1 = FOG OR MIST
DPTR FM NORMAL: 1.3 DPTR FM NORMAL: M 2 = FOG REDUCING VISIBILITY
HIGHEST: 109 ON 4 GRTST 24HR 1.72 ON 21-21 TO 1/4 MILE OR LESS
LOWEST: 67 ON 19 3 = THUNDER
SNOW, ICE PELLETS, HAIL 4 = ICE PELLETS
TOTAL MONTH: M 5 = HAIL
GRTST 24HR M ON M 6 = FREEZING RAIN OR DRIZZLE
GRTST DEPTH: M ON M 7 = DUSTSTORM OR SANDSTORM:
VSBY 1/2 MILE OR LESS
8 = SMOKE OR HAZE
[NO. OF DAYS WITH] [WEATHER - DAYS WITH] 9 = BLOWING SNOW
X = TORNADO
MAX 32 OR BELOW: 0 0.01 INCH OR MORE: 10
MAX 90 OR ABOVE: 26 0.10 INCH OR MORE: 9
MIN 32 OR BELOW: 0 0.50 INCH OR MORE: 2
MIN 0 OR BELOW: 0 1.00 INCH OR MORE: 1
[HDD (BASE 65) ]
TOTAL THIS MO. 0 CLEAR (SCALE 0-3) 27
DPTR FM NORMAL 0 PTCLDY (SCALE 4-7) 3
TOTAL FM JUL 1 0 CLOUDY (SCALE 8-10) 1
DPTR FM NORMAL 0
[CDD (BASE 65) ]
TOTAL THIS MO. 649
DPTR FM NORMAL 49 [PRESSURE DATA]
TOTAL FM JAN 1 2463 HIGHEST SLP 30.07 ON 10
DPTR FM NORMAL 419 LOWEST SLP 29.61 ON 28
[REMARKS]
#FINAL-08-22#