000
CXUS53 KARX 240648
CF6FKA
PRELIMINARY LOCAL CLIMATOLOGICAL DATA (WS FORM: F-6)
STATION: PRESTON MN
MONTH: JULY
YEAR: 2022
LATITUDE: 43 40 N
LONGITUDE: 92 11 W
TEMPERATURE IN F: :PCPN: SNOW: WIND :SUNSHINE: SKY :PK WND
================================================================================
1 2 3 4 5 6A 6B 7 8 9 10 11 12 13 14 15 16 17 18
12Z AVG MX 2MIN
DY MAX MIN AVG DEP HDD CDD WTR SNW DPTH SPD SPD DIR MIN PSBL S-S WX SPD DR
================================================================================
1 78 60 69 M 0 4 0.00 0.0 0 4.8 12 310 M M 0 17 320
2 79 57 68 M 0 3 M 0.0 0 5.5 12 310 M M 1 1 27 220
3 82 55 69 M 0 4 0.00 0.0 0 7.1 14 170 M M 1 1 16 200
4 82 64 73 M 0 8 M 0.0 0 5.9 10 200 M M 5 1 21 180
5 88 68 78 M 0 13 M 0.0 0 5.3 22 130 M M 6 12 36 130
6 80 65 73 M 0 8 0.00 0.0 0 4.7 8 70 M M 5 1 M M
7 83 68 76 M 0 11 0.00 0.0 0 3.9 8 120 M M 5 1 M M
8 79 65 72 M 0 7 M 0.0 0 5.0 12 40 M M 5 1 18 50
9 78 60 69 M 0 4 0.00 0.0 0 3.9 8 130 M M 1 M M
10 81 60 71 M 0 6 M 0.0 0 9.8 22 180 M M 2 28 180
11 81 64 73 M 0 8 0.00 0.0 0 12.1 22 270 M M 2 1 30 280
12 81 58 70 M 0 5 0.00 0.0 0 9.6 15 290 M M 1 25 250
13 76 57 67 M 0 2 0.00 0.0 0 5.0 9 360 M M 2 1 9 350
14 80 58 69 M 0 4 0.00 0.0 0 6.9 16 140 M M 1 13 20 160
15 77 65 71 M 0 6 M 0.0 0 8.1 18 60 M M 8 3 29 190
16 77 64 71 M 0 6 0.00 0.0 0 3.1 8 80 M M 5 12 M M
17 81 61 71 M 0 6 0.00 0.0 0 1.2 6 20 M M 2 1 M M
18 88 64 76 M 0 11 0.00 0.0 0 6.3 10 250 M M 1 16 250
19 85 68 77 M 0 12 M 0.0 0 12.8 25 190 M M 1 3 33 190
20 83 66 75 M 0 10 0.00 0.0 0 12.8 22 300 M M 2 29 300
21 81 64 73 M 0 8 M 0.0 0 8.8 16 310 M M 1 3 25 290
22 86 63 75 M 0 10 0.00 0.0 0 6.5 9 170 M M 1 M M
23 84 65 75 M 0 10 M 0.0 0 5.1 12 100 M M 3 13 50 90
24 76 59 68 M 0 3 M 0.0 0 9.4 17 330 M M 4 1 24 330
25 74 54 64 M 1 0 M 0.0 0 2.6 8 310 M M 1 M M
26 77 60 69 M 0 4 M 0.0 0 4.3 9 180 M M 4 3 35 200
27 80 59 70 M 0 5 M 0.0 0 6.5 15 260 M M 2 13 27 250
28 73 57 65 M 0 0 0.00 0.0 0 8.2 13 310 M M 2 21 310
29 75 55 65 M 0 0 0.00 0.0 0 6.7 10 350 M M 2 M M
30 79 56 68 M 0 3 0.00 0.0 0 6.5 9 210 M M 1 M M
31 81 59 70 M 0 5 M 0.0 0 9.2 18 190 M M 4 3 28 190
================================================================================
SM 2485 1898 1 186 0.00 0.0 207.6 M 81
================================================================================
AV 80.2 61.2 6.7 FASTST M M 3 MAX(MPH)
MISC ----> 25 190 50 90
================================================================================
NOTES:
# LAST OF SEVERAL OCCURRENCES
COLUMN 17 PEAK WIND IN M.P.H.
PRELIMINARY LOCAL CLIMATOLOGICAL DATA (WS FORM: F-6) , PAGE 2
STATION: PRESTON MN
MONTH: JULY
YEAR: 2022
LATITUDE: 43 40 N
LONGITUDE: 92 11 W
[TEMPERATURE DATA] [PRECIPITATION DATA] SYMBOLS USED IN COLUMN 16
AVERAGE MONTHLY: 70.7 TOTAL FOR MONTH: 0.00 1 = FOG OR MIST
DPTR FM NORMAL: 0.0 DPTR FM NORMAL: M 2 = FOG REDUCING VISIBILITY
HIGHEST: 88 ON 5,18 GRTST 24HR 0.00 ON 6- 6 TO 1/4 MILE OR LESS
LOWEST: 54 ON 25 3 = THUNDER
SNOW, ICE PELLETS, HAIL 4 = ICE PELLETS
TOTAL MONTH: 0.0 INCH 5 = HAIL
GRTST 24HR 0.0 6 = FREEZING RAIN OR DRIZZLE
GRTST DEPTH: 0 7 = DUSTSTORM OR SANDSTORM:
VSBY 1/2 MILE OR LESS
8 = SMOKE OR HAZE
[NO. OF DAYS WITH] [WEATHER - DAYS WITH] 9 = BLOWING SNOW
X = TORNADO
MAX 32 OR BELOW: 0 0.01 INCH OR MORE: 0
MAX 90 OR ABOVE: 0 0.10 INCH OR MORE: 0
MIN 32 OR BELOW: 0 0.50 INCH OR MORE: 0
MIN 0 OR BELOW: 0 1.00 INCH OR MORE: 0
[HDD (BASE 65) ]
TOTAL THIS MO. 1 CLEAR (SCALE 0-3) 21
DPTR FM NORMAL M PTCLDY (SCALE 4-7) 10
TOTAL FM JUL 1 1 CLOUDY (SCALE 8-10) 0
DPTR FM NORMAL M
[CDD (BASE 65) ]
TOTAL THIS MO. 186
DPTR FM NORMAL M [PRESSURE DATA]
TOTAL FM JAN 1 394 HIGHEST SLP M ON M
DPTR FM NORMAL M LOWEST SLP M ON M
[REMARKS]
#FINAL-07-22#