063
CXUS53 KMKX 010910
CF6FLD
PRELIMINARY LOCAL CLIMATOLOGICAL DATA (WS FORM: F-6)
STATION: FOND_DU_LAC WI
MONTH: AUGUST
YEAR: 2020
LATITUDE: 43 46 N
LONGITUDE: 88 29 W
TEMPERATURE IN F: :PCPN: SNOW: WIND :SUNSHINE: SKY :PK WND
================================================================================
1 2 3 4 5 6A 6B 7 8 9 10 11 12 13 14 15 16 17 18
12Z AVG MX 2MIN
DY MAX MIN AVG DEP HDD CDD WTR SNW DPTH SPD SPD DIR MIN PSBL S-S WX SPD DR
================================================================================
1 82 56 69 -2 0 4 0.00 0.0 0 3.6 12 40 M M 1 1 15 40
2 78 60 69 -2 0 4 0.50 0.0 0 8.5 21 30 M M 6 1 27 360
3 68 55 62 -9 3 0 T 0.0 0 9.5 17 20 M M 9 24 30
4 73 51 62 -9 3 0 0.00 0.0 0 6.8 15 40 M M 3 24 20
5 77 51 64 -7 1 0 0.00 0.0 0 4.6 10 140 M M 1 16 130
6 81 56 69 -2 0 4 0.00 0.0 0 4.7 14 130 M M 2 1 19 140
7 83 52 68 -3 0 3 0.00 0.0 0 6.7 15 160 M M 1 1 20 160
8 87 66 77 6 0 12 0.19 0.0 0 9.2 20 200 M M 4 28 200
9 87 69 78 8 0 13 0.22 0.0 0 9.6 21 240 M M 4 31 240
10 86 64 75 5 0 10 0.02 0.0 0 7.8 16 200 M M 5 1 22 200
11 82 56 69 -1 0 4 0.00 0.0 0 3.8 10 270 M M 0 14 280
12 85 56 71 1 0 6 0.00 0.0 0 4.1 13 160 M M 0 16 150
13 85 57 71 1 0 6 0.00 0.0 0 4.8 17 160 M M 0 23 160
14 87 59 73 3 0 8 T 0.0 0 4.3 14 120 M M 0 1 19 120
15 79 61 70 0 0 5 0.03 0.0 0 5.8 14 300 M M 4 19 310
16 83 57 70 0 0 5 0.00 0.0 0 6.2 13 300 M M 1 17 300
17 83 56 70 0 0 5 T 0.0 0 4.7 13 330 M M 3 20 300
18 78 56 67 -3 0 2 0.00 0.0 0 4.6 13 50 M M 1 18 50
19 82 54 68 -2 0 3 0.00 0.0 0 5.8 14 210 M M 0 20 230
20 84 63 74 4 0 9 T 0.0 0 8.0 16 240 M M 0 24 210
21 86 61 74 5 0 9 0.00 0.0 0 7.6 15 210 M M 1 23 200
22 84 64 74 5 0 9 0.00 0.0 0 6.9 17 200 M M 2 23 190
23 89 65 77 8 0 12 0.00 0.0 0 4.4 13 240 M M 2 18 240
24 90 71 81 12 0 16 T 0.0 0 5.1 12 240 M M 0 18 240
25 76 68 72 3 0 7 1.72 0.0 0 6.5 14 20 M M 5 13 24 290
26 90 68 79 10 0 14 0.00 0.0 0 8.8 18 220 M M 0 30 210
27 88 71 80 12 0 15 0.34 0.0 M 7.4 15 240 M M 2 13 20 200
28 83 68 76 8 0 11 1.45 0.0 0 8.3 20 330 M M 4 13 26 170
29 78 59 69 1 0 4 0.00 0.0 0 10.5 22 300 M M 2 29 300
30 75 51 63 -5 2 0 0.00 0.0 0 3.6 14 130 M M 0 19 130
31 74 55 65 -3 0 0 0.06 0.0 0 7.5 20 210 M M 3 26 230
================================================================================
SM 2543 1856 9 200 4.53 0.0 199.7 M 66
================================================================================
AV 82.0 59.9 6.4 FASTST M M 2 MAX(MPH)
MISC ----> # 22 300 # 31 240
================================================================================
NOTES:
# LAST OF SEVERAL OCCURRENCES
COLUMN 17 PEAK WIND IN M.P.H.
PRELIMINARY LOCAL CLIMATOLOGICAL DATA (WS FORM: F-6) , PAGE 2
STATION: FOND_DU_LAC WI
MONTH: AUGUST
YEAR: 2020
LATITUDE: 43 46 N
LONGITUDE: 88 29 W
[TEMPERATURE DATA] [PRECIPITATION DATA] SYMBOLS USED IN COLUMN 16
AVERAGE MONTHLY: 71.0 TOTAL FOR MONTH: 4.53 1 = FOG OR MIST
DPTR FM NORMAL: 1.3 DPTR FM NORMAL: 0.87 2 = FOG REDUCING VISIBILITY
HIGHEST: 90 ON 26,24 GRTST 24HR 1.72 ON 25-25 TO 1/4 MILE OR LESS
LOWEST: 51 ON 30, 5 3 = THUNDER
SNOW, ICE PELLETS, HAIL 4 = ICE PELLETS
TOTAL MONTH: 0.0 INCH 5 = HAIL
GRTST 24HR 0.0 6 = FREEZING RAIN OR DRIZZLE
GRTST DEPTH: 0 7 = DUSTSTORM OR SANDSTORM:
VSBY 1/2 MILE OR LESS
8 = SMOKE OR HAZE
[NO. OF DAYS WITH] [WEATHER - DAYS WITH] 9 = BLOWING SNOW
X = TORNADO
MAX 32 OR BELOW: 0 0.01 INCH OR MORE: 9
MAX 90 OR ABOVE: 2 0.10 INCH OR MORE: 6
MIN 32 OR BELOW: 0 0.50 INCH OR MORE: 3
MIN 0 OR BELOW: 0 1.00 INCH OR MORE: 2
[HDD (BASE 65) ]
TOTAL THIS MO. 9 CLEAR (SCALE 0-3) 21
DPTR FM NORMAL -9 PTCLDY (SCALE 4-7) 9
TOTAL FM JUL 1 9 CLOUDY (SCALE 8-10) 1
DPTR FM NORMAL -17
[CDD (BASE 65) ]
TOTAL THIS MO. 200
DPTR FM NORMAL 36 [PRESSURE DATA]
TOTAL FM JAN 1 756 HIGHEST SLP 30.17 ON 7
DPTR FM NORMAL 225 LOWEST SLP 29.59 ON 28
[REMARKS]
#FINAL-08-20#