000
CXUS52 KMFL 161424
CF6FLL
PRELIMINARY LOCAL CLIMATOLOGICAL DATA (WS FORM: F-6)
STATION: FORT LAUDERDALE
MONTH: AUGUST
YEAR: 2023
LATITUDE: 26 4 N
LONGITUDE: 80 9 W
TEMPERATURE IN F: :PCPN: SNOW: WIND :SUNSHINE: SKY :PK WND
================================================================================
1 2 3 4 5 6A 6B 7 8 9 10 11 12 13 14 15 16 17 18
12Z AVG MX 2MIN
DY MAX MIN AVG DEP HDD CDD WTR SNW DPTH SPD SPD DIR MIN PSBL S-S WX SPD DR
================================================================================
1 92 78 85 1 0 20 0.03 0.0 0 3.2 15 150 M M 5 3 29 50
2 91 75 83 -1 0 18 1.43 0.0 0 5.2 20 300 M M 4 13 29 290
3 91 76 84 0 0 19 0.47 0.0 0 6.2 15 270 M M 6 13 19 130
4 89 79 84 0 0 19 0.08 0.0 0 4.6 17 250 M M 4 13 21 250
5 91 76 84 0 0 19 0.83 0.0 0 4.3 21 150 M M 5 13 26 150
6 92 78 85 1 0 20 2.07 0.0 0 5.0 20 280 M M 4 13 23 280
7 94 82 88 4 0 23 0.00 0.0 0 6.5 20 140 M M 4 3 22 140
8 94 80 87 3 0 22 0.06 0.0 0 7.7 20 130 M M 5 13 23 140
9 93 79 86 2 0 21 0.01 0.0 0 4.2 23 220 M M 4 3 33 100
10 94 76 85 1 0 20 1.08 0.0 0 5.1 21 310 M M 5 13 31 320
11 93 79 86 2 0 21 0.00 0.0 0 6.3 14 120 M M 3 19 130
12 92 82 87 3 0 22 T 0.0 0 9.9 18 160 M M 3 23 140
13 90 79 85 1 0 20 1.77 0.0 0 8.1 21 150 M M 6 13 25 160
14 92 79 86 2 0 21 0.00 0.0 0 8.8 16 110 M M 3 24 130
15 93 82 88 4 0 23 0.00 0.0 0 8.1 29 100 M M 6 3 34 100
16 92 79 86 2 0 21 0.00 0.0 0 7.1 23 130 M M 7 3 28 130
17 94 76 85 1 0 20 0.51 0.0 0 5.1 24 270 M M 7 13 31 270
18 92 78 85 1 0 20 0.14 0.0 0 4.9 21 100 M M 7 13 25 100
19 90 76 83 -1 0 18 0.10 0.0 0 10.0 22 110 M M 8 26 100
20 89 76 83 -1 0 18 0.75 0.0 0 12.1 36 120 M M 7 13 43 110
21 91 77 84 0 0 19 0.15 0.0 0 15.1 24 70 M M 5 138 31 110
22 90 81 86 2 0 21 0.01 0.0 0 12.6 20 60 M M 3 27 70
23 90 79 85 1 0 20 T 0.0 0 9.8 16 50 M M 4 30 360
24 91 79 85 1 0 20 0.07 0.0 0 7.8 16 40 M M 6 1 22 70
25 90 77 84 0 0 19 0.02 0.0 0 8.6 17 60 M M 4 1 24 50
26 91 77 84 0 0 19 0.05 0.0 0 8.3 16 70 M M 4 1 23 50
27 90 77 84 0 0 19 0.03 0.0 0 7.1 17 100 M M 6 1 21 130
28 90 76 83 -1 0 18 0.80 0.0 0 4.8 23 250 M M 5 13 28 250
29 92 77 85 2 0 20 0.23 0.0 0 12.9 35 210 M M 7 13 48 200
30 94 83 89 6 0 24 0.01 0.0 0 15.2 28 230 M M 6 3 39 230
31 96 76 86 3 0 21 0.80 0.0 0 8.3 18 340 M M 6 13 26 260
================================================================================
SM 2843 2424 0 625 11.50 0.0 242.9 M 159
================================================================================
AV 91.7 78.2 7.8 FASTST M M 5 MAX(MPH)
MISC ----> 36 120 48 200
================================================================================
NOTES:
# LAST OF SEVERAL OCCURRENCES
COLUMN 17 PEAK WIND IN M.P.H.
PRELIMINARY LOCAL CLIMATOLOGICAL DATA (WS FORM: F-6) , PAGE 2
STATION: FORT LAUDERDALE
MONTH: AUGUST
YEAR: 2023
LATITUDE: 26 4 N
LONGITUDE: 80 9 W
[TEMPERATURE DATA] [PRECIPITATION DATA] SYMBOLS USED IN COLUMN 16
AVERAGE MONTHLY: 85.0 TOTAL FOR MONTH: 11.50 1 = FOG OR MIST
DPTR FM NORMAL: 1.0 DPTR FM NORMAL: 3.61 2 = FOG REDUCING VISIBILITY
HIGHEST: 96 ON 31 GRTST 24HR 2.07 ON 6- 6 TO 1/4 MILE OR LESS
LOWEST: 75 ON 2 3 = THUNDER
SNOW, ICE PELLETS, HAIL 4 = ICE PELLETS
TOTAL MONTH: 0.0 INCH 5 = HAIL
GRTST 24HR 0.0 6 = FREEZING RAIN OR DRIZZLE
GRTST DEPTH: 0 7 = DUSTSTORM OR SANDSTORM:
VSBY 1/2 MILE OR LESS
8 = SMOKE OR HAZE
[NO. OF DAYS WITH] [WEATHER - DAYS WITH] 9 = BLOWING SNOW
X = TORNADO
MAX 32 OR BELOW: 0 0.01 INCH OR MORE: 24
MAX 90 OR ABOVE: 29 0.10 INCH OR MORE: 14
MIN 32 OR BELOW: 0 0.50 INCH OR MORE: 9
MIN 0 OR BELOW: 0 1.00 INCH OR MORE: 4
[HDD (BASE 65) ]
TOTAL THIS MO. 0 CLEAR (SCALE 0-3) 3
DPTR FM NORMAL 0 PTCLDY (SCALE 4-7) 28
TOTAL FM JUL 1 0 CLOUDY (SCALE 8-10) 0
DPTR FM NORMAL 0
[CDD (BASE 65) ]
TOTAL THIS MO. 625
DPTR FM NORMAL 38 [PRESSURE DATA]
TOTAL FM JAN 1 3517 HIGHEST SLP 30.08 ON 7
DPTR FM NORMAL 449 LOWEST SLP 29.71 ON 27
[REMARKS]
#FINAL-08-23#