000
CXUS52 KTBW 031620
CLMFMY
CLIMATE REPORT
NATIONAL WEATHER SERVICE TAMPA BAY FL
1220 PM EDT SUN SEP 03 2023
...................................
...THE FORT MYERS CLIMATE SUMMARY FOR THE MONTH OF AUGUST 2023...
CLIMATE NORMAL PERIOD: 1991 TO 2020
CLIMATE RECORD PERIOD: 1902 TO 2023
WEATHER OBSERVED NORMAL DEPART LAST YEAR`S
VALUE DATE(S) VALUE FROM VALUE DATE(S)
NORMAL
................................................................
TEMPERATURE (F)
ALL-TIME AUGUST RECORD
HIGH 100 08/04/1942
LOW 65 08/24/1957
08/24/1925
AUGUST 2023
HIGHEST 97 08/08 MM MM 98 08/20
08/12
LOWEST 74 08/25 MM MM 74 08/24
AVG. MAXIMUM 93.7 91.7 2.0 93.6
AVG. MINIMUM 78.2R 75.1 3.1 76.8
MEAN 85.9R 83.4 2.5 85.2
DAYS MAX >= 90 29 25.2 3.8 30
DAYS MAX <= 32 0 0.0 0.0 0
DAYS MIN <= 32 0 0.0 0.0 0
DAYS MIN <= 0 0 0.0 0.0 0
PRECIPITATION (INCHES)
ALL-TIME AUGUST RECORD
MAXIMUM 17.64 1932
MINIMUM 3.12 1919
AUGUST 2023
TOTALS 9.69 10.43 -0.74 10.52
DAILY AVG. 0.31 0.34 -0.03 0.34
DAYS >= .01 18 18.4 -0.4 21
DAYS >= .10 15 13.7 1.3 17
DAYS >= .50 7 7.6 -0.6 7
DAYS >= 1.00 4 3.6 0.4 1
GREATEST
24 HR. TOTAL 1.73 08/03 TO 08/03
DEGREE DAYS
HEATING TOTAL 0 0 0 0
SINCE 7/1 0 0 0 MM
COOLING TOTAL 655 570 85 634
SINCE 1/1 3549 2781 768 MM
................................................................
WIND (MPH)
AVERAGE WIND SPEED 6.5
HIGHEST WIND SPEED/DIRECTION 32/110 DATE 08/21
HIGHEST GUST SPEED/DIRECTION 48/110 DATE 08/21
SKY COVER (DOES NOT INCLUDE ANY CLOUDS ABOVE 12000 FEET)
POSSIBLE SUNSHINE (PERCENT) MM
AVERAGE SKY COVER 0.19
NUMBER OF DAYS FAIR 28
NUMBER OF DAYS PC 3
NUMBER OF DAYS CLOUDY 0
AVERAGE RH (PERCENT) 75
WEATHER CONDITIONS. NUMBER OF DAYS WITH
THUNDERSTORM 26 MIXED PRECIP 0
HEAVY RAIN 13 RAIN 16
LIGHT RAIN 22 FREEZING RAIN 0
LT FREEZING RAIN 0 HAIL 0
HEAVY SNOW 0 SNOW 0
LIGHT SNOW 0 SLEET 0
FOG 14 FOG W/VIS <= 1/4 MILE 2
HAZE 7
- INDICATES NEGATIVE NUMBERS.
R INDICATES RECORD WAS SET OR TIED.
MM INDICATES DATA IS MISSING.
T INDICATES TRACE AMOUNT.
$$