000
CXUS52 KMLB 010626
CF6FPR
PRELIMINARY LOCAL CLIMATOLOGICAL DATA (WS FORM: F-6)
STATION: FORT PIERCE
MONTH: OCTOBER
YEAR: 2021
LATITUDE: 27 30 N
LONGITUDE: 80 22 W
TEMPERATURE IN F: :PCPN: SNOW: WIND :SUNSHINE: SKY :PK WND
================================================================================
1 2 3 4 5 6A 6B 7 8 9 10 11 12 13 14 15 16 17 18
12Z AVG MX 2MIN
DY MAX MIN AVG DEP HDD CDD WTR SNW DPTH SPD SPD DIR MIN PSBL S-S WX SPD DR
================================================================================
1 87 79 83 4 0 18 0.00 0.0 0 9.7 17 100 M M 3 23 120
2 86 76 81 2 0 16 0.13 0.0 0 11.5 21 110 M M 3 3 26 110
3 86 67 77 -2 0 12 0.00 0.0 0 6.0 14 80 M M 2 18 100
4 86 64 75 -4 0 10 0.00 0.0 0 3.7 13 130 M M 0 1 20 70
5 87 67 77 -2 0 12 0.00 0.0 0 5.2 14 100 M M 1 19 110
6 88 70 79 1 0 14 0.00 0.0 0 5.8 15 120 M M 1 18 120
7 88 72 80 2 0 15 0.13 0.0 0 5.4 15 130 M M 2 19 110
8 90 71 81 3 0 16 2.65 0.0 0 5.0 25 240 M M 4 13 35 240
9 85 70 78 0 0 13 0.02 0.0 0 3.4 14 70 M M 4 13 19 40
10 85 68 77 -1 0 12 0.00 0.0 0 4.5 12 20 M M 1 1 17 30
11 86 70 78 0 0 13 0.00 0.0 0 3.5 14 100 M M 2 17 100
12 85 71 78 1 0 13 T 0.0 0 4.7 13 120 M M 3 17 140
13 87 70 79 2 0 14 0.00 0.0 0 4.6 13 100 M M 2 17 70
14 87 70 79 2 0 14 T 0.0 0 3.9 13 90 M M 2 18 90
15 88 70 79 2 0 14 T 0.0 0 3.0 10 20 M M 4 16 50
16 86 67 77 1 0 12 0.00 0.0 0 3.4 10 70 M M 1 1 15 60
17 85 67 76 0 0 11 0.00 0.0 0 4.9 12 10 M M 3 19 350
18 81 63 72 -4 0 7 0.00 0.0 0 6.2 15 80 M M 2 21 100
19 84 72 78 2 0 13 0.00 0.0 0 7.4 16 90 M M 3 21 60
20 83 65 74 -2 0 9 0.00 0.0 0 6.0 13 90 M M 2 17 60
21 86 70 78 3 0 13 0.00 0.0 0 7.7 18 110 M M 2 24 110
22 86 65 76 1 0 11 0.00 0.0 0 3.7 18 120 M M 2 23 110
23 85 70 78 3 0 13 0.00 0.0 0 2.9 9 30 M M 2 15 10
24 86 74 80 5 0 15 0.38 0.0 0 6.3 17 130 M M 3 1 22 110
25 88 75 82 8 0 17 0.37 0.0 0 6.1 28 250 M M 4 138 39 240
26 90 66 78 4 0 13 0.00 0.0 0 8.0 20 270 M M 3 8 26 270
27 85 61 73 -1 0 8 0.00 0.0 0 3.8 15 270 M M 0 1 19 270
28 88 64 76 2 0 11 0.11 0.0 0 7.2 18 210 M M 4 18 25 210
29 85 68 77 3 0 12 0.00 0.0 0 9.5 23 230 M M 8 31 220
30 78 57 68 -5 0 3 0.10 0.0 0 5.2 21 280 M M 5 1 28 260
31 78 56 67 -6 0 2 0.00 0.0 0 2.7 13 300 M M 3 15 290
================================================================================
SM 2655 2115 0 376 3.89 0.0 170.9 M 81
================================================================================
AV 85.6 68.2 5.5 FASTST M M 3 MAX(MPH)
MISC ----> 28 250 39 240
================================================================================
NOTES:
# LAST OF SEVERAL OCCURRENCES
COLUMN 17 PEAK WIND IN M.P.H.
PRELIMINARY LOCAL CLIMATOLOGICAL DATA (WS FORM: F-6) , PAGE 2
STATION: FORT PIERCE
MONTH: OCTOBER
YEAR: 2021
LATITUDE: 27 30 N
LONGITUDE: 80 22 W
[TEMPERATURE DATA] [PRECIPITATION DATA] SYMBOLS USED IN COLUMN 16
AVERAGE MONTHLY: 76.9 TOTAL FOR MONTH: 3.89 1 = FOG OR MIST
DPTR FM NORMAL: 0.5 DPTR FM NORMAL: -1.36 2 = FOG REDUCING VISIBILITY
HIGHEST: 90 ON 26, 8 GRTST 24HR 2.65 ON 8- 8 TO 1/4 MILE OR LESS
LOWEST: 56 ON 31 3 = THUNDER
SNOW, ICE PELLETS, HAIL 4 = ICE PELLETS
TOTAL MONTH: 0.0 INCH 5 = HAIL
GRTST 24HR 0.0 6 = FREEZING RAIN OR DRIZZLE
GRTST DEPTH: 0 7 = DUSTSTORM OR SANDSTORM:
VSBY 1/2 MILE OR LESS
8 = SMOKE OR HAZE
[NO. OF DAYS WITH] [WEATHER - DAYS WITH] 9 = BLOWING SNOW
X = TORNADO
MAX 32 OR BELOW: 0 0.01 INCH OR MORE: 8
MAX 90 OR ABOVE: 2 0.10 INCH OR MORE: 7
MIN 32 OR BELOW: 0 0.50 INCH OR MORE: 1
MIN 0 OR BELOW: 0 1.00 INCH OR MORE: 1
[HDD (BASE 65) ]
TOTAL THIS MO. 0 CLEAR (SCALE 0-3) 22
DPTR FM NORMAL -4 PTCLDY (SCALE 4-7) 9
TOTAL FM JUL 1 0 CLOUDY (SCALE 8-10) 0
DPTR FM NORMAL 0
[CDD (BASE 65) ]
TOTAL THIS MO. 376
DPTR FM NORMAL 21 [PRESSURE DATA]
TOTAL FM JAN 1 3391 HIGHEST SLP M ON M
DPTR FM NORMAL 283 LOWEST SLP 29.68 ON 29
[REMARKS]
#FINAL-10-21#