000
CXUS54 KMAF 011542
CF6FST
PRELIMINARY LOCAL CLIMATOLOGICAL DATA (WS FORM: F-6)
STATION: FORT STOCKTON
MONTH: FEBRUARY
YEAR: 2024
LATITUDE: 30 55 N
LONGITUDE: 102 55 W
TEMPERATURE IN F: :PCPN: SNOW: WIND :SUNSHINE: SKY :PK WND
================================================================================
1 2 3 4 5 6A 6B 7 8 9 10 11 12 13 14 15 16 17 18
12Z AVG MX 2MIN
DY MAX MIN AVG DEP HDD CDD WTR SNW DPTH SPD SPD DIR MIN PSBL S-S WX SPD DR
================================================================================
1 80 44 62 12 3 0 0.00 M M 8.2 18 160 M M 0 27 170
2 78 51 65 14 0 0 0.00 M M 16.3 36 320 M M 1 8 47 270
3 62 45 54 3 11 0 0.00 M M 23.6 41 270 M M 3 8 58 270
4 66 47 57 6 8 0 0.00 M M 18.9 37 320 M M 0 46 330
5 61 37 49 -2 16 0 0.00 M M 6.5 12 150 M M 0 16 150
6 68 45 57 6 8 0 0.00 M M 14.3 26 150 M M 0 38 140
7 82 46 64 12 1 0 0.00 M M 13.1 43 240 M M 0 8 56 240
8 62 41 52 0 13 0 0.00 M M 7.3 15 190 M M 0 21 180
9 64 49 57 5 8 0 0.00 M M 7.1 15 120 M M 0 19 120
10 73 44 59 7 6 0 T M M 9.1 28 330 M M 2 35 330
11 56 35 46 -6 19 0 T M M 17.2 32 320 M M 6 43 300
12 62 29 46 -6 19 0 0.00 M M 8.0 16 300 M M 0 26 310
13 72 38 55 3 10 0 0.00 M M 11.2 18 160 M M 0 26 170
14 75 37 56 3 9 0 0.00 M M 6.9 17 160 M M 0 23 170
15 75 46 61 8 4 0 0.00 M M 8.9 16 180 M M 0 22 160
16 71 41 56 3 9 0 0.00 M M 12.5 23 50 M M 0 29 40
17 45 29 37 -16 28 0 0.00 M M 8.4 16 360 M M 4 22 10
18 63 26 45 -9 20 0 T M M 5.0 14 170 M M 0 19 90
19 79 42 61 7 4 0 0.00 M M 9.4 23 320 M M 0 32 320
20 87 53 70 16 0 5 0.00 M M 11.6 17 220 M M 0 24 210
21 93 53 73 19 0 8 0.00 M M 11.6 30 230 M M 1 40 240
22 78 52 65 11 0 0 0.00 M M 11.2 24 320 M M 0 34 280
23 70 43 57 3 8 0 0.00 M M 7.8 17 110 M M 0 22 120
24 82 45 64 9 1 0 0.00 M M 7.2 16 150 M M 0 22 140
25 90 57 74 19 0 9 0.00 M M 13.0 25 290 M M 0 40 310
26 92 61 77 22 0 12 0.00 M M 10.2 18 210 M M 0 26 280
27 89 62 76 21 0 11 0.00 M M 14.8 29 310 M M 0 41 310
28 70 37 54 -2 11 0 0.42 M M 10.9 26 30 M M 6 18 35 10
29 59 35 47 -9 18 0 0.08 M M 7.0 22 110 M M 5 13 29 110
================================================================================
SM 2104 1270 234 45 0.50 M 317.2 M 28
================================================================================
AV 72.6 43.8 10.9 FASTST M M 1 MAX(MPH)
MISC ----> 43 240 58 270
================================================================================
NOTES:
# LAST OF SEVERAL OCCURRENCES
COLUMN 17 PEAK WIND IN M.P.H.
PRELIMINARY LOCAL CLIMATOLOGICAL DATA (WS FORM: F-6) , PAGE 2
STATION: FORT STOCKTON
MONTH: FEBRUARY
YEAR: 2024
LATITUDE: 30 55 N
LONGITUDE: 102 55 W
[TEMPERATURE DATA] [PRECIPITATION DATA] SYMBOLS USED IN COLUMN 16
AVERAGE MONTHLY: 58.2 TOTAL FOR MONTH: 0.50 1 = FOG OR MIST
DPTR FM NORMAL: 5.3 DPTR FM NORMAL: 0.06 2 = FOG REDUCING VISIBILITY
HIGHEST: 93 ON 21 GRTST 24HR 0.50 ON 28-29 TO 1/4 MILE OR LESS
LOWEST: 26 ON 18 3 = THUNDER
SNOW, ICE PELLETS, HAIL 4 = ICE PELLETS
TOTAL MONTH: M 5 = HAIL
GRTST 24HR M ON M 6 = FREEZING RAIN OR DRIZZLE
GRTST DEPTH: M ON M 7 = DUSTSTORM OR SANDSTORM:
VSBY 1/2 MILE OR LESS
8 = SMOKE OR HAZE
[NO. OF DAYS WITH] [WEATHER - DAYS WITH] 9 = BLOWING SNOW
X = TORNADO
MAX 32 OR BELOW: 0 0.01 INCH OR MORE: 2
MAX 90 OR ABOVE: 3 0.10 INCH OR MORE: 1
MIN 32 OR BELOW: 3 0.50 INCH OR MORE: 0
MIN 0 OR BELOW: 0 1.00 INCH OR MORE: 0
[HDD (BASE 65) ]
TOTAL THIS MO. 234 CLEAR (SCALE 0-3) 24
DPTR FM NORMAL -113 PTCLDY (SCALE 4-7) 5
TOTAL FM JUL 1 1404 CLOUDY (SCALE 8-10) 0
DPTR FM NORMAL -313
[CDD (BASE 65) ]
TOTAL THIS MO. 45
DPTR FM NORMAL 37 [PRESSURE DATA]
TOTAL FM JAN 1 45 HIGHEST SLP 30.34 ON 28
DPTR FM NORMAL 35 LOWEST SLP 29.52 ON 2
[REMARKS]
#FINAL-02-24#