000
CXUS54 KFWD 010730
CF6FTW
PRELIMINARY LOCAL CLIMATOLOGICAL DATA (WS FORM: F-6)
STATION: FORT WORTH MEACHAM
MONTH: AUGUST
YEAR: 2023
LATITUDE: 32 49 N
LONGITUDE: 97 21 W
TEMPERATURE IN F: :PCPN: SNOW: WIND :SUNSHINE: SKY :PK WND
================================================================================
1 2 3 4 5 6A 6B 7 8 9 10 11 12 13 14 15 16 17 18
12Z AVG MX 2MIN
DY MAX MIN AVG DEP HDD CDD WTR SNW DPTH SPD SPD DIR MIN PSBL S-S WX SPD DR
================================================================================
1 107 82 95 9 0 30 0.00 M M 7.8 17 130 M M 0 8 22 120
2 107 82 95 9 0 30 0.00 M M 11.0 21 160 M M 0 32 170
3 106 84 95 9 0 30 0.00 M M 12.0 18 150 M M 0 26 140
4 106 83 95 9 0 30 0.00 M M 10.5 17 150 M M 0 24 140
5 107 85 96 10 0 31 0.00 M M 10.5 18 140 M M 0 24 170
6 105 84 95 9 0 30 0.00 M M 10.4 17 150 M M 0 25 180
7 105 84 95 9 0 30 0.00 M M 10.4 20 130 M M 0 8 25 140
8 103 86 95 9 0 30 0.00 M M 13.0 23 140 M M 0 31 170
9 109 81 95 9 0 30 0.01 M M 15.5 28 20 M M 0 3 35 210
10 108 79 94 8 0 29 0.00 M M 8.8 18 140 M M 0 24 200
11 108 84 96 10 0 31 0.00 M M 14.5 22 180 M M 0 31 160
12 107 82 95 9 0 30 0.00 M M 14.3 23 170 M M 0 32 170
13 108 83 96 10 0 31 0.00 M M 13.5 21 180 M M 0 32 170
14 100 79 90 4 0 25 0.00 M M 11.8 23 360 M M 0 35 10
15 96 73 85 -1 0 20 0.00 M M 9.1 17 350 M M 0 28 360
16 97 71 84 -2 0 19 0.00 M M 6.1 13 120 M M 0 17 120
17 110 73 92 6 0 27 0.00 M M 9.2 17 120 M M 0 24 140
18 110 82 96 11 0 31 0.00 M M 7.9 15 180 M M 0 20 150
19 107 82 95 10 0 30 0.00 M M 9.2 17 170 M M 0 25 120
20 109 82 96 11 0 31 0.00 M M 6.7 21 80 M M 0 29 70
21 106 84 95 10 0 30 0.00 M M 10.2 21 100 M M 0 30 60
22 103 83 93 8 0 28 0.00 M M 8.0 18 120 M M 0 24 70
23 103 81 92 8 0 27 0.00 M M 7.3 16 130 M M 0 22 100
24 107 80 94 10 0 29 0.00 M M 4.4 15 90 M M 0 8 19 90
25 108 83 96 12 0 31 0.00 M M 5.4 14 100 M M 1 8 18 70
26 109 84 97 13 0 32 0.00 M M 6.9 14 20 M M 1 18 140
27 99 80 90 6 0 25 T M M 9.9 25 340 M M 1 38 37 330
28 95 76 86 3 0 21 0.00 M M 12.3 20 30 M M 0 28 360
29 98 72 85 2 0 20 0.00 M M 7.2 17 20 M M 0 25 10
30 98 76 87 4 0 22 0.00 M M 8.2 20 30 M M 0 27 80
31 99 74 87 5 0 22 0.00 M M 6.4 14 110 M M 0 17 140
================================================================================
SM 3240 2494 0 862 0.01 M 298.4 M 3
================================================================================
AV104.5 80.5 9.6 FASTST M M 0 MAX(MPH)
MISC ----> 28 20 37 330
================================================================================
NOTES:
# LAST OF SEVERAL OCCURRENCES
COLUMN 17 PEAK WIND IN M.P.H.
PRELIMINARY LOCAL CLIMATOLOGICAL DATA (WS FORM: F-6) , PAGE 2
STATION: FORT WORTH MEACHAM
MONTH: AUGUST
YEAR: 2023
LATITUDE: 32 49 N
LONGITUDE: 97 21 W
[TEMPERATURE DATA] [PRECIPITATION DATA] SYMBOLS USED IN COLUMN 16
AVERAGE MONTHLY: 92.5 TOTAL FOR MONTH: 0.01 1 = FOG OR MIST
DPTR FM NORMAL: 7.3 DPTR FM NORMAL: -2.22 2 = FOG REDUCING VISIBILITY
HIGHEST: 110 ON 18,17 GRTST 24HR 0.01 ON 9- 9 TO 1/4 MILE OR LESS
LOWEST: 71 ON 16 3 = THUNDER
SNOW, ICE PELLETS, HAIL 4 = ICE PELLETS
TOTAL MONTH: M 5 = HAIL
GRTST 24HR M ON M 6 = FREEZING RAIN OR DRIZZLE
GRTST DEPTH: M ON M 7 = DUSTSTORM OR SANDSTORM:
VSBY 1/2 MILE OR LESS
8 = SMOKE OR HAZE
[NO. OF DAYS WITH] [WEATHER - DAYS WITH] 9 = BLOWING SNOW
X = TORNADO
MAX 32 OR BELOW: 0 0.01 INCH OR MORE: 1
MAX 90 OR ABOVE: 31 0.10 INCH OR MORE: 0
MIN 32 OR BELOW: 0 0.50 INCH OR MORE: 0
MIN 0 OR BELOW: 0 1.00 INCH OR MORE: 0
[HDD (BASE 65) ]
TOTAL THIS MO. 0 CLEAR (SCALE 0-3) 31
DPTR FM NORMAL 0 PTCLDY (SCALE 4-7) 0
TOTAL FM JUL 1 0 CLOUDY (SCALE 8-10) 0
DPTR FM NORMAL 0
[CDD (BASE 65) ]
TOTAL THIS MO. 862
DPTR FM NORMAL 236 [PRESSURE DATA]
TOTAL FM JAN 1 2666 HIGHEST SLP M ON M
DPTR FM NORMAL 524 LOWEST SLP 29.59 ON 9
[REMARKS]
#FINAL-08-23#