000
CXUS52 KMFL 011130
CF6FXE
PRELIMINARY LOCAL CLIMATOLOGICAL DATA (WS FORM: F-6)
STATION: FORT LAUDERDALE EXEC ARPT
MONTH: JANUARY
YEAR: 2022
LATITUDE: 26 12 N
LONGITUDE: 80 11 W
TEMPERATURE IN F: :PCPN: SNOW: WIND :SUNSHINE: SKY :PK WND
================================================================================
1 2 3 4 5 6A 6B 7 8 9 10 11 12 13 14 15 16 17 18
12Z AVG MX 2MIN
DY MAX MIN AVG DEP HDD CDD WTR SNW DPTH SPD SPD DIR MIN PSBL S-S WX SPD DR
================================================================================
1 83 67 75 7 0 10 0.00 0.0 0 6.8 18 140 M M 2 1 23 150
2 86 70 78 10 0 13 0.00 0.0 0 7.6 17 140 M M 2 8 23 190
3 81 63 72 4 0 7 T M M 6.7 17 230 M M 3 22 230
4 78 60 69 1 0 4 0.00 M M 7.1 17 80 M M 4 23 80
5 79 65 72 4 0 7 0.08 M M 4.3 13 130 M M 4 1 16 140
6 80 59 70 2 0 5 0.00 0.0 0 4.9 10 270 M M 1 14 310
7 84 69 77 9 0 12 0.00 0.0 0 5.9 13 70 M M 4 17 20
8 81 73 77 9 0 12 T 0.0 0 13.2 22 80 M M 4 27 90
9 80 72 76 8 0 11 0.08 M M 13.2 24 80 M M 8 29 70
10 82 68 75 7 0 10 T M M 4.3 13 10 M M 3 19 360
11 75 65 70 2 0 5 0.77 0.0 0 8.2 16 60 M M 5 1 22 60
12 77 69 73 6 0 8 0.00 0.0 0 12.1 21 80 M M 6 26 70
13 79 60 70 3 0 5 T 0.0 0 6.6 18 290 M M 3 26 280
14 72 54 63 -4 2 0 0.00 0.0 0 6.0 14 320 M M 0 20 320
15 79 50 65 -2 0 0 0.00 0.0 0 2.7 14 130 M M 0 18 120
16 77 63 70 3 0 5 0.70 0.0 0 10.9 30 260 M M 5 13 37 260
17 73 55 64 -3 1 0 0.00 0.0 0 9.3 21 280 M M 1 27 300
18 70 49 60 -7 5 0 0.00 0.0 0 3.6 10 90 M M 0 14 340
19 77 54 66 -1 0 1 0.00 0.0 0 4.0 17 110 M M 4 22 100
20 81 60 71 4 0 6 1.24 0.0 0 5.3 15 130 M M 6 1 20 130
21 81 69 75 8 0 10 0.42 0.0 0 3.1 10 250 M M 6 1 14 260
22 76 63 70 3 0 5 0.04 0.0 0 5.4 13 330 M M 6 17 360
23 64 48 56 -12 9 0 0.01 0.0 0 9.1 14 290 M M 8 8 20 300
24 64 45 55 -13 10 0 0.00 0.0 0 5.1 13 320 M M 2 18 320
25 74 48 61 -7 4 0 T 0.0 M 5.2 13 140 M M 2 16 140
26 84 69 77 9 0 12 0.66 0.0 M 5.7 16 290 M M 7 1 22 240
27 81 66 74 6 0 9 T 0.0 M 4.5 14 60 M M 7 1 17 70
28 75 61 68 0 0 3 0.00 0.0 M 9.1 16 280 M M 6 128 23 300
29 65 43 54 -14 11 0 T 0.0 M 13.4 24 310 M M 2 36 280
30 62 40 51 -17 14 0 0.00 0.0 M 7.0 13 330 M M 0 19 340
31 70 44 57 -11 8 0 0.00 0.0 0 5.4 15 60 M M 0 20 60
================================================================================
SM 2370 1841 64 160 4.00 0.0 215.7 M 111
================================================================================
AV 76.5 59.4 7.0 FASTST M M 4 MAX(MPH)
MISC ----> 30 260 37 260
================================================================================
NOTES:
# LAST OF SEVERAL OCCURRENCES
COLUMN 17 PEAK WIND IN M.P.H.
PRELIMINARY LOCAL CLIMATOLOGICAL DATA (WS FORM: F-6) , PAGE 2
STATION: FORT LAUDERDALE EXEC ARPT
MONTH: JANUARY
YEAR: 2022
LATITUDE: 26 12 N
LONGITUDE: 80 11 W
[TEMPERATURE DATA] [PRECIPITATION DATA] SYMBOLS USED IN COLUMN 16
AVERAGE MONTHLY: 67.9 TOTAL FOR MONTH: 4.00 1 = FOG OR MIST
DPTR FM NORMAL: 0.2 DPTR FM NORMAL: 1.62 2 = FOG REDUCING VISIBILITY
HIGHEST: 86 ON 2 GRTST 24HR 1.24 ON 20-20 TO 1/4 MILE OR LESS
LOWEST: 40 ON 30 3 = THUNDER
SNOW, ICE PELLETS, HAIL 4 = ICE PELLETS
TOTAL MONTH: 0.0 INCH 5 = HAIL
GRTST 24HR 0.0 6 = FREEZING RAIN OR DRIZZLE
GRTST DEPTH: 0 7 = DUSTSTORM OR SANDSTORM:
VSBY 1/2 MILE OR LESS
8 = SMOKE OR HAZE
[NO. OF DAYS WITH] [WEATHER - DAYS WITH] 9 = BLOWING SNOW
X = TORNADO
MAX 32 OR BELOW: 0 0.01 INCH OR MORE: 9
MAX 90 OR ABOVE: 0 0.10 INCH OR MORE: 5
MIN 32 OR BELOW: 0 0.50 INCH OR MORE: 4
MIN 0 OR BELOW: 0 1.00 INCH OR MORE: 1
[HDD (BASE 65) ]
TOTAL THIS MO. 64 CLEAR (SCALE 0-3) 15
DPTR FM NORMAL 6 PTCLDY (SCALE 4-7) 15
TOTAL FM JUL 1 64 CLOUDY (SCALE 8-10) 1
DPTR FM NORMAL -38
[CDD (BASE 65) ]
TOTAL THIS MO. 160
DPTR FM NORMAL 20 [PRESSURE DATA]
TOTAL FM JAN 1 160 HIGHEST SLP 30.36 ON 8
DPTR FM NORMAL 20 LOWEST SLP 29.79 ON 16
[REMARKS]
#FINAL-01-22#