000
CXUS54 KTSA 311127
CF6FYV
PRELIMINARY LOCAL CLIMATOLOGICAL DATA (WS FORM: F-6)
STATION: FAYETTEVILLE ARKANSAS
MONTH: JULY
YEAR: 2022
LATITUDE: 36 0 N
LONGITUDE: 94 10 W
TEMPERATURE IN F: :PCPN: SNOW: WIND :SUNSHINE: SKY :PK WND
================================================================================
1 2 3 4 5 6A 6B 7 8 9 10 11 12 13 14 15 16 17 18
12Z AVG MX 2MIN
DY MAX MIN AVG DEP HDD CDD WTR SNW DPTH SPD SPD DIR MIN PSBL S-S WX SPD DR
================================================================================
1 94 65 80 3 0 15 0.00 0.0 0 2.9 12 170 M M 1 1 16 170
2 95 69 82 5 0 17 0.00 0.0 0 2.7 13 190 M M 1 18 19 150
3 94 70 82 5 0 17 T 0.0 0 2.8 18 340 M M 2 13 27 340
4 97 72 85 8 0 20 0.00 0.0 0 5.0 14 190 M M 0 18 19 190
5 98 73 86 9 0 21 0.00 0.0 0 5.5 16 180 M M 0 18 26 180
6 99 70 85 8 0 20 0.00 0.0 0 5.7 16 210 M M 0 23 190
7 100 74 87 10 0 22 0.00 0.0 0 5.0 16 180 M M 0 22 190
8 102 77 90 13 0 25 0.00 0.0 0 4.9 18 220 M M 0 28 200
9 94 72 83 5 0 18 0.00 0.0 0 5.5 17 320 M M 3 24 330
10 95 68 82 4 0 17 0.00 0.0 0 3.8 13 120 M M 1 1 18 80
11 100 64 82 4 0 17 0.00 0.0 0 2.5 9 180 M M 0 1 15 240
12 91 68 80 2 0 15 0.00 0.0 0 3.2 10 80 M M 1 16 60
13 97 64 81 3 0 16 0.00 0.0 0 2.3 12 70 M M 0 8 17 340
14 99 64 82 4 0 17 0.00 0.0 0 3.9 13 120 M M 1 17 110
15 99 73 86 8 0 21 0.00 0.0 0 4.5 15 200 M M 1 20 180
16 100 74 87 9 0 22 0.00 0.0 0 5.0 15 210 M M 0 21 160
17 100 73 87 9 0 22 0.44 0.0 0 5.2 31 290 M M 2 38 60 310
18 97 71 84 6 0 19 0.00 0.0 0 2.9 10 90 M M 2 1 16 70
19 103 71 87 9 0 22 0.00 0.0 0 4.0 15 210 M M 0 1 22 180
20 103 76 90 12 0 25 T 0.0 0 8.4 21 200 M M 0 3 29 210
21 99 70 85 7 0 20 T 0.0 0 4.0 26 190 M M 0 1 39 180
22 98 66 82 4 0 17 0.00 0.0 0 5.3 14 200 M M 0 20 210
23 99 68 84 6 0 19 0.00 0.0 0 6.7 18 210 M M 0 1 25 200
24 101 74 88 10 0 23 0.00 0.0 0 5.5 18 210 M M 2 25 220
25 103 74 89 11 0 24 0.00 0.0 0 4.8 16 180 M M 1 21 180
26 104 81 93 15 0 28 0.00 0.0 0 9.7 18 190 M M 0 27 200
27 101 74 88 10 0 23 T 0.0 0 5.7 22 330 M M 2 8 27 330
28 93 73 83 5 0 18 1.49 0.0 0 5.0 26 330 M M 4 13 34 340
29 81 72 77 -1 0 12 0.31 0.0 0 2.4 13 260 M M 7 13 17 260
30 84 73 79 1 0 14 T 0.0 0 3.9 13 350 M M 6 138 18 10
31 83 73 78 0 0 13 0.21 0.0 0 4.0 13 180 M M 6 13 19 180
================================================================================
SM 3003 2206 0 599 2.45 0.0 142.7 M 43
================================================================================
AV 96.9 71.2 4.6 FASTST M M 1 MAX(MPH)
MISC ----> 31 290 60 310
================================================================================
NOTES:
# LAST OF SEVERAL OCCURRENCES
COLUMN 17 PEAK WIND IN M.P.H.
PRELIMINARY LOCAL CLIMATOLOGICAL DATA (WS FORM: F-6) , PAGE 2
STATION: FAYETTEVILLE ARKANSAS
MONTH: JULY
YEAR: 2022
LATITUDE: 36 0 N
LONGITUDE: 94 10 W
[TEMPERATURE DATA] [PRECIPITATION DATA] SYMBOLS USED IN COLUMN 16
AVERAGE MONTHLY: 84.0 TOTAL FOR MONTH: 2.45 1 = FOG OR MIST
DPTR FM NORMAL: 6.1 DPTR FM NORMAL: -1.35 2 = FOG REDUCING VISIBILITY
HIGHEST: 104 ON 26 GRTST 24HR 1.80 ON 28-29 TO 1/4 MILE OR LESS
LOWEST: 64 ON 11,13 3 = THUNDER
SNOW, ICE PELLETS, HAIL 4 = ICE PELLETS
TOTAL MONTH: 0.0 INCH 5 = HAIL
GRTST 24HR 0.0 6 = FREEZING RAIN OR DRIZZLE
GRTST DEPTH: 0 7 = DUSTSTORM OR SANDSTORM:
VSBY 1/2 MILE OR LESS
8 = SMOKE OR HAZE
[NO. OF DAYS WITH] [WEATHER - DAYS WITH] 9 = BLOWING SNOW
X = TORNADO
MAX 32 OR BELOW: 0 0.01 INCH OR MORE: 4
MAX 90 OR ABOVE: 28 0.10 INCH OR MORE: 4
MIN 32 OR BELOW: 0 0.50 INCH OR MORE: 1
MIN 0 OR BELOW: 0 1.00 INCH OR MORE: 1
[HDD (BASE 65) ]
TOTAL THIS MO. 0 CLEAR (SCALE 0-3) 27
DPTR FM NORMAL 0 PTCLDY (SCALE 4-7) 4
TOTAL FM JUL 1 0 CLOUDY (SCALE 8-10) 0
DPTR FM NORMAL 0
[CDD (BASE 65) ]
TOTAL THIS MO. 599
DPTR FM NORMAL 201 [PRESSURE DATA]
TOTAL FM JAN 1 1196 HIGHEST SLP 30.15 ON 30
DPTR FM NORMAL 409 LOWEST SLP 29.73 ON 19
[REMARKS]
#FINAL-07-22#