000
CXUS54 KTSA 191106
CF6FYV
PRELIMINARY LOCAL CLIMATOLOGICAL DATA (WS FORM: F-6)
STATION: FAYETTEVILLE ARKANSAS
MONTH: JULY
YEAR: 2021
LATITUDE: 36 0 N
LONGITUDE: 94 10 W
TEMPERATURE IN F: :PCPN: SNOW: WIND :SUNSHINE: SKY :PK WND
================================================================================
1 2 3 4 5 6A 6B 7 8 9 10 11 12 13 14 15 16 17 18
12Z AVG MX 2MIN
DY MAX MIN AVG DEP HDD CDD WTR SNW DPTH SPD SPD DIR MIN PSBL S-S WX SPD DR
================================================================================
1 79 71 75 -2 0 10 0.23 0.0 0 4.5 16 340 M M 7 13 26 340
2 84 62 73 -4 0 8 0.00 0.0 0 3.5 14 70 M M 6 20 60
3 85 57 71 -6 0 6 0.00 0.0 0 2.5 9 70 M M 1 1 14 70
4 87 63 75 -2 0 10 0.00 0.0 0 1.8 8 60 M M 3 1 13 70
5 85 59 72 -5 0 7 0.00 0.0 0 2.3 12 120 M M 1 1 15 110
6 88 60 74 -3 0 9 0.00 0.0 0 2.1 8 180 M M 1 1 13 150
7 89 64 77 0 0 12 0.00 0.0 0 3.1 13 270 M M 1 19 270
8 91 66 79 2 0 14 0.00 0.0 0 3.8 13 230 M M 2 17 160
9 90 71 81 3 0 16 0.00 0.0 0 6.3 17 200 M M 1 24 200
10 85 69 77 -1 0 12 0.05 0.0 0 9.0 23 230 M M 5 13 33 220
11 81 63 72 -6 0 7 0.08 0.0 0 5.7 20 340 M M 6 1 27 350
12 78 61 70 -8 0 5 0.00 0.0 0 3.5 13 280 M M 7 1 18 300
13 88 59 74 -4 0 9 0.00 0.0 0 3.1 13 170 M M 1 1 17 240
14 88 64 76 -2 0 11 0.00 0.0 0 8.4 22 180 M M 1 29 200
15 88 72 80 2 0 15 0.00 0.0 0 9.2 20 200 M M 2 28 170
16 83 66 75 -3 0 10 0.78 0.0 0 6.4 21 330 M M 5 138 31 340
17 88 69 79 1 0 14 1.44 0.0 0 4.7 20 70 M M 6 123 28 140
18 87 69 78 0 0 13 0.25 0.0 0 1.9 9 300 M M 6 13 14 330
19 86 68 77 -1 0 12 0.00 0.0 0 3.5 12 80 M M 4 12 17 80
20 83 65 74 -4 0 9 0.00 0.0 0 3.1 13 80 M M 1 1 20 70
21 86 62 74 -4 0 9 0.00 0.0 0 1.6 9 70 M M 2 128 13 70
22 89 65 77 -1 0 12 0.00 0.0 0 1.5 9 190 M M 3 18 14 170
23 90 69 80 2 0 15 0.00 0.0 0 3.5 14 210 M M 1 1 18 210
24 91 70 81 3 0 16 0.00 0.0 0 3.8 13 210 M M 2 1 18 210
25 91 73 82 4 0 17 0.28 0.0 0 2.4 14 110 M M 4 13 17 120
26 94 72 83 5 0 18 0.03 0.0 0 1.6 10 310 M M 4 123 14 80
27 95 72 84 6 0 19 0.00 0.0 0 2.3 12 190 M M 1 13 14 190
28 93 72 83 5 0 18 0.00 0.0 0 2.1 7 180 M M 0 10 240
29 94 69 82 4 0 17 0.00 0.0 0 3.6 9 230 M M 0 1 13 240
30 94 67 81 3 0 16 0.00 0.0 0 3.2 9 270 M M 0 12 13 280
31 93 69 81 3 0 16 0.00 0.0 0 4.7 13 230 M M 0 1 20 260
================================================================================
SM 2723 2058 0 382 3.14 0.0 118.7 M 84
================================================================================
AV 87.8 66.4 3.8 FASTST M M 3 MAX(MPH)
MISC ----> 23 230 33 220
================================================================================
NOTES:
# LAST OF SEVERAL OCCURRENCES
COLUMN 17 PEAK WIND IN M.P.H.
PRELIMINARY LOCAL CLIMATOLOGICAL DATA (WS FORM: F-6) , PAGE 2
STATION: FAYETTEVILLE ARKANSAS
MONTH: JULY
YEAR: 2021
LATITUDE: 36 0 N
LONGITUDE: 94 10 W
[TEMPERATURE DATA] [PRECIPITATION DATA] SYMBOLS USED IN COLUMN 16
AVERAGE MONTHLY: 77.1 TOTAL FOR MONTH: 3.14 1 = FOG OR MIST
DPTR FM NORMAL: -0.8 DPTR FM NORMAL: -0.66 2 = FOG REDUCING VISIBILITY
HIGHEST: 95 ON 27 GRTST 24HR 1.67 ON 17-18 TO 1/4 MILE OR LESS
LOWEST: 57 ON 3 3 = THUNDER
SNOW, ICE PELLETS, HAIL 4 = ICE PELLETS
TOTAL MONTH: 0.0 INCH 5 = HAIL
GRTST 24HR 0.0 6 = FREEZING RAIN OR DRIZZLE
GRTST DEPTH: 0 7 = DUSTSTORM OR SANDSTORM:
VSBY 1/2 MILE OR LESS
8 = SMOKE OR HAZE
[NO. OF DAYS WITH] [WEATHER - DAYS WITH] 9 = BLOWING SNOW
X = TORNADO
MAX 32 OR BELOW: 0 0.01 INCH OR MORE: 8
MAX 90 OR ABOVE: 11 0.10 INCH OR MORE: 5
MIN 32 OR BELOW: 0 0.50 INCH OR MORE: 2
MIN 0 OR BELOW: 0 1.00 INCH OR MORE: 1
[HDD (BASE 65) ]
TOTAL THIS MO. 0 CLEAR (SCALE 0-3) 20
DPTR FM NORMAL 0 PTCLDY (SCALE 4-7) 11
TOTAL FM JUL 1 0 CLOUDY (SCALE 8-10) 0
DPTR FM NORMAL 0
[CDD (BASE 65) ]
TOTAL THIS MO. 382
DPTR FM NORMAL -16 [PRESSURE DATA]
TOTAL FM JAN 1 797 HIGHEST SLP 30.16 ON 14
DPTR FM NORMAL 10 LOWEST SLP 29.82 ON 10
[REMARKS]
#FINAL-07-21#