000
CXUS53 KUNR 010930
CF6GCC
PRELIMINARY LOCAL CLIMATOLOGICAL DATA (WS FORM: F-6)
STATION: GILLETTE AIRPORT WY
MONTH: SEPTEMBER
YEAR: 2022
LATITUDE: 44 20 N
LONGITUDE: 105 32 W
TEMPERATURE IN F: :PCPN: SNOW: WIND :SUNSHINE: SKY :PK WND
================================================================================
1 2 3 4 5 6A 6B 7 8 9 10 11 12 13 14 15 16 17 18
12Z AVG MX 2MIN
DY MAX MIN AVG DEP HDD CDD WTR SNW DPTH SPD SPD DIR MIN PSBL S-S WX SPD DR
================================================================================
1 96 65 81 16 0 16 0.00 M M 5.8 28 360 M M 0 36 350
2 89 62 76 11 0 11 0.00 M M 9.5 17 30 M M 0 24 10
3 94 63 79 14 0 14 0.00 M M 17.8 30 160 M M 0 37 160
4 101 61 81 17 0 16 0.00 M M 8.0 22 170 M M 0 29 170
5 98 54 76 12 0 11 0.00 M M 4.3 16 30 M M 0 8 23 40
6 96 55 76 12 0 11 0.00 M M 6.0 17 350 M M 0 8 21 350
7 102 56 79 16 0 14 0.00 M M 10.7 21 210 M M 0 35 210
8 88 52 70 7 0 5 0.49 M M 10.1 37 340 M M 4 138 47 350
9 52 43 48 -14 17 0 0.87 M M 6.9 16 330 M M 9 1 21 340
10 64 38 51 -11 14 0 0.00 M M 7.4 18 180 M M 1 24 190
11 81 43 62 0 3 0 0.00 M M 5.7 17 180 M M 0 23 180
12 82 44 63 2 2 0 0.00 M M 5.9 16 330 M M 0 8 22 330
13 85 47 66 5 0 1 0.00 M M 12.3 29 170 M M 0 18 38 190
14 78 53 66 6 0 1 0.02 M M 12.8 26 210 M M 3 36 220
15 66 52 59 -1 6 0 0.10 M M 5.1 13 260 M M 7 1 16 250
16 73 48 61 1 4 0 0.14 M M 8.1 22 310 M M 3 138 30 310
17 72 49 61 2 4 0 0.00 M M 5.0 14 240 M M 1 19 290
18 78 48 63 5 2 0 0.00 M M 6.8 21 180 M M 2 27 180
19 86 55 71 13 0 6 0.00 M M 12.8 21 230 M M 0 30 220
20 68 46 57 -1 8 0 0.00 M M 9.7 20 360 M M 0 24 360
21 59 44 52 -5 13 0 0.05 M M 9.2 26 140 M M 6 3 36 140
22 67 43 55 -2 10 0 0.07 M M 20.6 37 160 M M 4 13 47 170
23 70 41 56 0 9 0 0.00 M M 10.2 25 270 M M 4 35 300
24 70 41 56 0 9 0 0.00 M M 11.8 30 340 M M 0 37 340
25 73 41 57 2 8 0 0.00 M M 4.9 14 350 M M 0 20 360
26 78 45 62 7 3 0 0.00 M M 11.0 21 340 M M 0 27 310
27 79 38 59 5 6 0 0.00 M M 9.0 22 170 M M 0 30 170
28 85 50 68 14 0 3 0.00 M M 7.8 17 160 M M 0 22 270
29 86 53 70 17 0 5 0.00 M M 6.6 21 220 M M 0 26 220
30 68 51 60 7 5 0 0.00 M M 9.1 16 320 M M 5 25 310
================================================================================
SM 2384 1481 123 114 1.74 M 270.9 M 49
================================================================================
AV 79.5 49.4 9.0 FASTST M M 2 MAX(MPH)
MISC ----> # 37 340 # 47 350
================================================================================
NOTES:
# LAST OF SEVERAL OCCURRENCES
COLUMN 17 PEAK WIND IN M.P.H.
PRELIMINARY LOCAL CLIMATOLOGICAL DATA (WS FORM: F-6) , PAGE 2
STATION: GILLETTE AIRPORT WY
MONTH: SEPTEMBER
YEAR: 2022
LATITUDE: 44 20 N
LONGITUDE: 105 32 W
[TEMPERATURE DATA] [PRECIPITATION DATA] SYMBOLS USED IN COLUMN 16
AVERAGE MONTHLY: 64.4 TOTAL FOR MONTH: 1.74 1 = FOG OR MIST
DPTR FM NORMAL: 5.0 DPTR FM NORMAL: 0.76 2 = FOG REDUCING VISIBILITY
HIGHEST: 102 ON 7 GRTST 24HR 1.31 ON 8- 9 TO 1/4 MILE OR LESS
LOWEST: 38 ON 27,10 3 = THUNDER
SNOW, ICE PELLETS, HAIL 4 = ICE PELLETS
TOTAL MONTH: M 5 = HAIL
GRTST 24HR M ON M 6 = FREEZING RAIN OR DRIZZLE
GRTST DEPTH: M ON M 7 = DUSTSTORM OR SANDSTORM:
VSBY 1/2 MILE OR LESS
8 = SMOKE OR HAZE
[NO. OF DAYS WITH] [WEATHER - DAYS WITH] 9 = BLOWING SNOW
X = TORNADO
MAX 32 OR BELOW: 0 0.01 INCH OR MORE: 7
MAX 90 OR ABOVE: 6 0.10 INCH OR MORE: 4
MIN 32 OR BELOW: 0 0.50 INCH OR MORE: 1
MIN 0 OR BELOW: 0 1.00 INCH OR MORE: 0
[HDD (BASE 65) ]
TOTAL THIS MO. 123 CLEAR (SCALE 0-3) 22
DPTR FM NORMAL -92 PTCLDY (SCALE 4-7) 7
TOTAL FM JUL 1 127 CLOUDY (SCALE 8-10) 1
DPTR FM NORMAL -143
[CDD (BASE 65) ]
TOTAL THIS MO. 114
DPTR FM NORMAL 66 [PRESSURE DATA]
TOTAL FM JAN 1 735 HIGHEST SLP 30.34 ON 21
DPTR FM NORMAL 219 LOWEST SLP 29.68 ON 14
[REMARKS]
#FINAL-09-22#