000
CXUS53 KDDC 311605 RRA
CLAGCK
CLIMATE REPORT NATIONAL WEATHER SERVICE DODGE CITY, KANSAS 1140 AM
CST TUE JAN 03 2023
...................................
...THE GARDEN CITY REGIONAL ARPT KS CLIMATE SUMMARY FOR THE YEAR OF
2022...
CLIMATE NORMAL PERIOD 1991 TO 2020
CLIMATE RECORD PERIOD 1948 TO 2023
WEATHER OBSERVED NORMAL DEPART LAST YEAR`S
VALUE DATE(S) VALUE FROM VALUE DATE(S)
NORMAL
................................................................
TEMPERATURE (F)
RECORD
HIGH 110 06/08/1985
07/11/1954
06/24/1953
LOW -22 03/11/1948
HIGHEST 108 07/19 MM MM MM
LOWEST -9 12/22 MM MM MM
AVG. MAXIMUM 70.2 68.6 1.6 MM
AVG. MINIMUM 38.8 40.2 -1.4 MM
MEAN 54.5 54.4 0.1 MM
DAYS MAX >= 90 91 67.5 23.5 MM
DAYS MAX <= 32 15 19.3 -4.3 MM
DAYS MIN <= 32 153 138.7 14.3 MM
DAYS MIN <= 0 9 3.2 5.8 MM
PRECIPITATION (INCHES)
RECORD
MAXIMUM 30.75 1969
MINIMUM 9.23 2011
TOTALS 5.03R 18.95 -13.92 MM
DAYS >= .01 32 70.3 -38.3 MM
DAYS >= .10 14 35.1 -21.1 MM
DAYS >= .50 2 12.0 -10.0 MM
DAYS >= 1.00 1 4.5 -3.5 MM
GREATEST
24 HR. TOTAL 1.42 07/29 TO 07/30 MM
DEGREE DAYS
HEATING TOTAL 5374 5174 200 MM
SINCE 7/1 2129 2096 33 MM
COOLING TOTAL 1689 1325 364 MM
SINCE 1/1 1689 1325 364 MM
................................................................
WIND (MPH)
AVERAGE WIND SPEED 12.6
RESULTANT WIND SPEED/DIRECTION 1/130
HIGHEST WIND SPEED/DIRECTION 52/350 DATE 01/14
HIGHEST GUST SPEED/DIRECTION 74/150 DATE 04/22
SKY COVER
POSSIBLE SUNSHINE (PERCENT) MM
AVERAGE SKY COVER 0.17
NUMBER OF DAYS FAIR 286
NUMBER OF DAYS PC 68
NUMBER OF DAYS CLOUDY 11
AVERAGE RH (PERCENT) 57
WEATHER CONDITIONS. NUMBER OF DAYS WITH
THUNDERSTORM 28 MIXED PRECIP 0
HEAVY RAIN 8 RAIN 13
LIGHT RAIN 47 FREEZING RAIN 0
LT FREEZING RAIN 0 HAIL 0
HEAVY SNOW 1 SNOW 6
LIGHT SNOW 21 SLEET 0
FOG 80 FOG W/VIS <= 1/4 MILE 16
HAZE 43
- INDICATES NEGATIVE NUMBERS.
R INDICATES RECORD WAS SET OR TIED.
MM INDICATES DATA IS MISSING.
T INDICATES TRACE AMOUNT.
$$