000
CXUS51 KPHI 010915
CF6GED
PRELIMINARY LOCAL CLIMATOLOGICAL DATA (WS FORM: F-6)
STATION: GEORGETOWN DE
MONTH: NOVEMBER
YEAR: 2022
LATITUDE: 38 41 N
LONGITUDE: 75 22 W
TEMPERATURE IN F: :PCPN: SNOW: WIND :SUNSHINE: SKY :PK WND
================================================================================
1 2 3 4 5 6A 6B 7 8 9 10 11 12 13 14 15 16 17 18
12Z AVG MX 2MIN
DY MAX MIN AVG DEP HDD CDD WTR SNW DPTH SPD SPD DIR MIN PSBL S-S WX SPD DR
================================================================================
1 76 56 66 12 0 1 0.24 M M 3.8 12 290 M M 5 1 17 300
2 69 51 60 7 5 0 0.00 M M 4.7 17 30 M M 0 1 22 20
3 70 47 59 6 6 0 0.00 M M 4.6 15 120 M M 1 12 18 80
4 78 49 64 12 1 0 0.00 M M 3.8 15 150 M M 6 12 20 170
5 81 56 69 17 0 4 0.00 M M 8.4 20 190 M M 2 12 25 210
6 82 60 71 19 0 6 0.00 M M 9.8 20 210 M M 1 1 24 200
7 83 53 68 16 0 3 0.00 M M 4.7 10 290 M M 4 16 290
8 61 39 50 -1 15 0 0.00 M M 10.1 23 20 M M 0 31 30
9 61 44 53 2 12 0 0.00 M M 7.6 16 40 M M 2 22 70
10 73 43 58 7 7 0 0.00 M M 4.5 14 130 M M 5 19 130
11 74 61 68 18 0 3 0.33 M M 11.9 24 180 M M 9 1 37 170
12 75 63 69 19 0 4 0.13 M M 8.9 26 220 M M 4 1 35 190
13 66 40 53 3 12 0 T M M 8.8 18 280 M M 5 28 300
14 50 32 41 -9 24 0 0.00 M M 2.6 16 20 M M 0 21 10
15 56 31 44 -5 21 0 1.00 M M 5.1 17 50 M M 4 1 20 70
16 55 43 49 0 16 0 0.15 M M 7.1 17 290 M M 5 1 26 310
17 47 35 41 -8 24 0 0.00 M M 7.0 20 280 M M 4 32 280
18 48 28 38 -10 27 0 0.00 M M 5.6 16 220 M M 1 22 230
19 47 29 38 -10 27 0 0.00 M M 2.9 15 230 M M 0 19 200
20 42 27 35 -13 30 0 0.00 M M 6.2 21 290 M M 0 33 300
21 49 20 35 -13 30 0 0.00 M M 5.3 16 210 M M 0 8 20 210
22 58 28 43 -4 22 0 0.00 M M 1.8 9 220 M M 0 11 200
23 63 29 46 -1 19 0 0.00 M M 1.9 10 350 M M 0 13 340
24 62 30 46 -1 19 0 0.00 M M 2.3 12 150 M M 0 1 15 130
25 60 36 48 2 17 0 0.23 M M 5.3 15 310 M M 4 1 24 290
26 59 35 47 1 18 0 0.00 M M 4.0 13 290 M M 0 18 280
27 67 41 54 8 11 0 0.51 M M 9.6 21 220 M M 5 1 31 250
28 60 40 50 4 15 0 0.00 M M 5.6 18 320 M M 4 12 30 320
29 52 31 42 -3 23 0 0.00 M M 2.3 12 130 M M 0 12 120
30 63 38 51 6 14 0 0.32 M M 10.7 21 220 M M 6 1 31 280
================================================================================
SM 1887 1215 415 21 2.91 M 176.9 M 77
================================================================================
AV 62.9 40.5 5.9 FASTST M M 3 MAX(MPH)
MISC ----> 26 220 37 170
================================================================================
NOTES:
# LAST OF SEVERAL OCCURRENCES
COLUMN 17 PEAK WIND IN M.P.H.
PRELIMINARY LOCAL CLIMATOLOGICAL DATA (WS FORM: F-6) , PAGE 2
STATION: GEORGETOWN DE
MONTH: NOVEMBER
YEAR: 2022
LATITUDE: 38 41 N
LONGITUDE: 75 22 W
[TEMPERATURE DATA] [PRECIPITATION DATA] SYMBOLS USED IN COLUMN 16
AVERAGE MONTHLY: 51.7 TOTAL FOR MONTH: 2.91 1 = FOG OR MIST
DPTR FM NORMAL: 2.5 DPTR FM NORMAL: -0.28 2 = FOG REDUCING VISIBILITY
HIGHEST: 83 ON 7 GRTST 24HR 1.15 ON 15-16 TO 1/4 MILE OR LESS
LOWEST: 20 ON 21 3 = THUNDER
SNOW, ICE PELLETS, HAIL 4 = ICE PELLETS
TOTAL MONTH: M 5 = HAIL
GRTST 24HR M ON M 6 = FREEZING RAIN OR DRIZZLE
GRTST DEPTH: M ON M 7 = DUSTSTORM OR SANDSTORM:
VSBY 1/2 MILE OR LESS
8 = SMOKE OR HAZE
[NO. OF DAYS WITH] [WEATHER - DAYS WITH] 9 = BLOWING SNOW
X = TORNADO
MAX 32 OR BELOW: 0 0.01 INCH OR MORE: 8
MAX 90 OR ABOVE: 0 0.10 INCH OR MORE: 8
MIN 32 OR BELOW: 10 0.50 INCH OR MORE: 2
MIN 0 OR BELOW: 0 1.00 INCH OR MORE: 1
[HDD (BASE 65) ]
TOTAL THIS MO. 415 CLEAR (SCALE 0-3) 16
DPTR FM NORMAL -63 PTCLDY (SCALE 4-7) 13
TOTAL FM JUL 1 666 CLOUDY (SCALE 8-10) 1
DPTR FM NORMAL -50
[CDD (BASE 65) ]
TOTAL THIS MO. 21
DPTR FM NORMAL 19 [PRESSURE DATA]
TOTAL FM JAN 1 1542 HIGHEST SLP 30.61 ON 9
DPTR FM NORMAL 148 LOWEST SLP 29.45 ON 27
[REMARKS]
#FINAL-11-22#