000
CXUS56 KOTX 010910
CF6GEG
PRELIMINARY LOCAL CLIMATOLOGICAL DATA (WS FORM: F-6)
STATION: SPOKANE WA AIRPORT
MONTH: JUNE
YEAR: 2022
LATITUDE: 47 37 N
LONGITUDE: 117 32 W
TEMPERATURE IN F: :PCPN: SNOW: WIND :SUNSHINE: SKY :PK WND
================================================================================
1 2 3 4 5 6A 6B 7 8 9 10 11 12 13 14 15 16 17 18
12Z AVG MX 2MIN
DY MAX MIN AVG DEP HDD CDD WTR SNW DPTH SPD SPD DIR MIN PSBL S-S WX SPD DR
================================================================================
1 74 52 63 3 2 0 T 0.0 0 5.6 21 50 M M 8 23 170
2 79 57 68 8 0 3 0.07 0.0 0 9.1 30 210 M M 8 1 39 210
3 73 56 65 5 0 0 0.35 0.0 0 5.5 30 200 M M 9 138 39 200
4 58 50 54 -6 11 0 0.27 0.0 0 6.7 17 210 M M 8 1 20 210
5 69 50 60 0 5 0 0.31 0.0 0 11.4 25 210 M M 8 138 31 210
6 66 49 58 -2 7 0 0.00 0.0 0 11.1 21 210 M M 5 25 210
7 72 47 60 0 5 0 0.00 0.0 0 4.5 12 120 M M 5 16 160
8 73 58 66 5 0 1 0.03 0.0 0 8.4 21 240 M M 8 28 220
9 69 53 61 0 4 0 0.01 0.0 0 7.6 22 210 M M 9 27 200
10 65 55 60 -1 5 0 0.13 0.0 0 11.1 22 220 M M 10 1 25 220
11 71 56 64 3 1 0 0.10 0.0 0 13.9 24 200 M M 8 13 32 210
12 67 49 58 -3 7 0 0.39 0.0 0 10.8 25 230 M M 8 1 30 230
13 51 44 48 -13 17 0 0.72 0.0 0 18.5 28 210 M M 10 1 36 210
14 56 41 49 -13 16 0 T 0.0 0 19.4 28 240 M M 9 34 220
15 68 43 56 -6 9 0 0.00 0.0 0 7.4 17 220 M M 6 21 190
16 73 54 64 2 1 0 0.00 0.0 0 7.3 16 270 M M 9 23 210
17 70 54 62 0 3 0 T 0.0 0 7.4 17 220 M M 9 20 230
18 62 50 56 -6 9 0 0.08 0.0 0 10.1 21 220 M M 8 1 26 230
19 62 47 55 -8 10 0 T 0.0 0 8.6 20 260 M M 7 22 260
20 69 50 60 -3 5 0 T 0.0 0 11.0 21 250 M M 8 24 230
21 76 52 64 1 1 0 0.00 0.0 0 9.2 16 210 M M 6 24 220
22 81 55 68 4 0 3 0.00 0.0 0 12.8 23 240 M M 3 28 220
23 73 51 62 -2 3 0 0.00 0.0 0 11.6 20 270 M M 3 25 260
24 73 54 64 0 1 0 T 0.0 0 5.8 15 330 M M 5 18 330
25 80 52 66 2 0 1 0.00 0.0 0 9.0 18 50 M M 2 27 70
26 86 56 71 6 0 6 0.00 0.0 M 5.6 12 50 M M 1 20 80
27 93 58 76 11 0 11 0.00 0.0 M 5.0 13 50 M M 2 17 50
28 86 60 73 8 0 8 0.00 0.0 0 16.0 32 240 M M 2 41 230
29 75 53 64 -2 1 0 0.00 0.0 0 12.6 21 200 M M 5 25 200
30 82 55 69 3 0 4 0.00 0.0 0 5.0 10 340 M M 5 15 60
================================================================================
SM 2152 1561 123 37 2.46 0.0 288.0 M 194
================================================================================
AV 71.7 52.0 9.6 FASTST M M 6 MAX(MPH)
MISC ----> 32 240 41 230
================================================================================
NOTES:
# LAST OF SEVERAL OCCURRENCES
COLUMN 17 PEAK WIND IN M.P.H.
PRELIMINARY LOCAL CLIMATOLOGICAL DATA (WS FORM: F-6) , PAGE 2
STATION: SPOKANE WA AIRPORT
MONTH: JUNE
YEAR: 2022
LATITUDE: 47 37 N
LONGITUDE: 117 32 W
[TEMPERATURE DATA] [PRECIPITATION DATA] SYMBOLS USED IN COLUMN 16
AVERAGE MONTHLY: 61.9 TOTAL FOR MONTH: 2.46 1 = FOG OR MIST
DPTR FM NORMAL: -0.4 DPTR FM NORMAL: 1.29 2 = FOG REDUCING VISIBILITY
HIGHEST: 93 ON 27 GRTST 24HR 1.09 ON 12-13 TO 1/4 MILE OR LESS
LOWEST: 41 ON 14 3 = THUNDER
SNOW, ICE PELLETS, HAIL 4 = ICE PELLETS
TOTAL MONTH: 0.0 INCH 5 = HAIL
GRTST 24HR 0.0 6 = FREEZING RAIN OR DRIZZLE
GRTST DEPTH: 0 7 = DUSTSTORM OR SANDSTORM:
VSBY 1/2 MILE OR LESS
8 = SMOKE OR HAZE
[NO. OF DAYS WITH] [WEATHER - DAYS WITH] 9 = BLOWING SNOW
X = TORNADO
MAX 32 OR BELOW: 0 0.01 INCH OR MORE: 11
MAX 90 OR ABOVE: 1 0.10 INCH OR MORE: 7
MIN 32 OR BELOW: 0 0.50 INCH OR MORE: 1
MIN 0 OR BELOW: 0 1.00 INCH OR MORE: 0
[HDD (BASE 65) ]
TOTAL THIS MO. 123 CLEAR (SCALE 0-3) 5
DPTR FM NORMAL -11 PTCLDY (SCALE 4-7) 13
TOTAL FM JUL 1 6483 CLOUDY (SCALE 8-10) 12
DPTR FM NORMAL 20
[CDD (BASE 65) ]
TOTAL THIS MO. 37
DPTR FM NORMAL -15 [PRESSURE DATA]
TOTAL FM JAN 1 37 HIGHEST SLP M ON M
DPTR FM NORMAL -30 LOWEST SLP 29.55 ON 17
[REMARKS]
#FINAL-06-22#