000
CXUS53 KIND 010600
CF6GEZ
PRELIMINARY LOCAL CLIMATOLOGICAL DATA (WS FORM: F-6)
STATION: SHELBYVILLE IN
MONTH: JULY
YEAR: 2021
LATITUDE: 39 35 N
LONGITUDE: 85 48 W
TEMPERATURE IN F: :PCPN: SNOW: WIND :SUNSHINE: SKY :PK WND
================================================================================
1 2 3 4 5 6A 6B 7 8 9 10 11 12 13 14 15 16 17 18
12Z AVG MX 2MIN
DY MAX MIN AVG DEP HDD CDD WTR SNW DPTH SPD SPD DIR MIN PSBL S-S WX SPD DR
================================================================================
1 85 67 76 1 0 11 0.53 M M 5.7 16 360 M M 5 13 20 340
2 78 58 68 -8 0 3 0.00 M M 7.3 15 360 M M 1 23 30
3 81 57 69 -7 0 4 0.00 M M 5.7 12 280 M M 1 16 270
4 89 65 77 1 0 12 0.00 M M 6.8 13 310 M M 0 19 320
5 90 67 79 3 0 14 0.00 M M 3.8 10 190 M M 0 12 15 260
6 90 70 80 4 0 15 0.00 M M 4.0 10 230 M M 0 138 15 240
7 90 72 81 5 0 16 T M M 6.8 17 180 M M 2 18 23 190
8 84 69 77 1 0 12 1.09 M M 6.4 22 330 M M 6 13 33 310
9 75 61 68 -8 0 3 0.00 M M 5.3 15 330 M M 4 22 330
10 77 64 71 -5 0 6 0.40 M M 6.8 14 150 M M 6 13 19 120
11 80 69 75 -1 0 10 1.20 M M 4.7 13 200 M M 9 1 16 200
12 86 70 78 2 0 13 0.10 M M 7.3 18 180 M M 6 13 25 200
13 83 71 77 1 0 12 0.20 M M 8.5 21 260 M M 6 138 31 240
14 86 69 78 2 0 13 0.00 M M 5.6 10 180 M M 4 17 170
15 90 71 81 5 0 16 1.06 M M 9.5 29 250 M M 2 13 43 250
16 83 71 77 1 0 12 2.30 M M 6.5 17 190 M M 7 123 26 180
17 81 72 77 1 0 12 0.04 M M 4.2 10 340 M M 7 1 14 340
18 84 68 76 0 0 11 0.00 M M 5.2 13 110 M M 4 18 130
19 86 64 75 -1 0 10 0.00 M M 4.7 10 30 M M 0 1 14 20
20 86 65 76 0 0 11 0.00 M M 2.4 8 360 M M 0 1 11 20
21 83 65 74 -2 0 9 0.00 M M 4.5 9 350 M M 0 18 14 30
22 84 63 74 -2 0 9 0.00 M M 3.0 7 140 M M 0 1 10 160
23 87 65 76 0 0 11 0.00 M M 4.6 10 180 M M 2 1 16 150
24 89 67 78 2 0 13 0.04 M M 6.9 17 220 M M 2 18 25 220
25 89 72 81 6 0 16 0.22 M M 3.5 14 30 M M 6 13 18 20
26 91 70 81 6 0 16 0.00 M M 3.9 9 50 M M 0 1 13 350
27 91 64 78 3 0 13 0.00 M M 1.6 8 150 M M 0 1 10 150
28 89 67 78 3 0 13 0.00 M M 3.3 8 230 M M 3 18 12 240
29 89 73 81 6 0 16 0.18 M M 6.8 14 240 M M 4 138 21 230
30 83 69 76 1 0 11 0.00 M M 8.1 14 350 M M 1 1 19 350
31 75 60 68 -7 0 3 0.02 M M 3.3 14 230 M M 3 18 20 230
================================================================================
SM 2634 2075 0 346 7.38 M 166.7 M 91
================================================================================
AV 85.0 66.9 5.4 FASTST M M 3 MAX(MPH)
MISC ----> 29 250 43 250
================================================================================
NOTES:
# LAST OF SEVERAL OCCURRENCES
COLUMN 17 PEAK WIND IN M.P.H.
PRELIMINARY LOCAL CLIMATOLOGICAL DATA (WS FORM: F-6) , PAGE 2
STATION: SHELBYVILLE IN
MONTH: JULY
YEAR: 2021
LATITUDE: 39 35 N
LONGITUDE: 85 48 W
[TEMPERATURE DATA] [PRECIPITATION DATA] SYMBOLS USED IN COLUMN 16
AVERAGE MONTHLY: 76.0 TOTAL FOR MONTH: 7.38 1 = FOG OR MIST
DPTR FM NORMAL: 0.5 DPTR FM NORMAL: 3.51 2 = FOG REDUCING VISIBILITY
HIGHEST: 91 ON 27,26 GRTST 24HR 2.88 ON 15-16 TO 1/4 MILE OR LESS
LOWEST: 57 ON 3 3 = THUNDER
SNOW, ICE PELLETS, HAIL 4 = ICE PELLETS
TOTAL MONTH: M 5 = HAIL
GRTST 24HR M ON M 6 = FREEZING RAIN OR DRIZZLE
GRTST DEPTH: M ON M 7 = DUSTSTORM OR SANDSTORM:
VSBY 1/2 MILE OR LESS
8 = SMOKE OR HAZE
[NO. OF DAYS WITH] [WEATHER - DAYS WITH] 9 = BLOWING SNOW
X = TORNADO
MAX 32 OR BELOW: 0 0.01 INCH OR MORE: 13
MAX 90 OR ABOVE: 6 0.10 INCH OR MORE: 10
MIN 32 OR BELOW: 0 0.50 INCH OR MORE: 5
MIN 0 OR BELOW: 0 1.00 INCH OR MORE: 4
[HDD (BASE 65) ]
TOTAL THIS MO. 0 CLEAR (SCALE 0-3) 18
DPTR FM NORMAL -1 PTCLDY (SCALE 4-7) 12
TOTAL FM JUL 1 0 CLOUDY (SCALE 8-10) 1
DPTR FM NORMAL 0
[CDD (BASE 65) ]
TOTAL THIS MO. 346
DPTR FM NORMAL 18 [PRESSURE DATA]
TOTAL FM JAN 1 796 HIGHEST SLP M ON M
DPTR FM NORMAL 82 LOWEST SLP 29.78 ON 11
[REMARKS]
#FINAL-07-21#