000
CXUS53 KIND 290600
CF6GEZ
PRELIMINARY LOCAL CLIMATOLOGICAL DATA (WS FORM: F-6)
STATION: SHELBYVILLE IN
MONTH: MARCH
YEAR: 2024
LATITUDE: 39 35 N
LONGITUDE: 85 48 W
TEMPERATURE IN F: :PCPN: SNOW: WIND :SUNSHINE: SKY :PK WND
================================================================================
1 2 3 4 5 6A 6B 7 8 9 10 11 12 13 14 15 16 17 18
12Z AVG MX 2MIN
DY MAX MIN AVG DEP HDD CDD WTR SNW DPTH SPD SPD DIR MIN PSBL S-S WX SPD DR
================================================================================
1 45 30 38 0 27 0 T M M 7.2 14 190 M M 5 18 18 200
2 50 40 45 7 20 0 0.00 M M 5.7 13 180 M M 10 1 19 190
3 70 39 55 16 10 0 0.00 M M 11.8 24 170 M M 0 18 34 170
4 78 57 68 29 0 3 0.00 M M 13.4 24 180 M M 4 18 34 180
5 66 58 62 23 3 0 1.08 M M 7.6 21 210 M M 6 138 26 300
6 58 47 53 13 12 0 T M M 10.4 16 30 M M 10 18 22 10
7 51 45 48 8 17 0 0.00 M M 8.3 14 100 M M 9 18 19 80
8 59 49 54 14 11 0 0.77 M M 10.5 18 160 M M 10 1 23 180
9 58 41 50 9 15 0 0.13 M M 12.7 22 310 M M 9 18 29 290
10 49 32 41 0 24 0 0.00 M M 13.2 26 310 M M 2 37 310
11 62 27 45 4 20 0 0.00 M M 9.2 20 220 M M 0 25 200
12 72 39 56 14 9 0 0.00 M M 10.6 21 230 M M 0 26 220
13 76 49 63 21 2 0 0.00 M M 10.1 18 190 M M 1 23 180
14 76 56 66 24 0 1 0.95 M M 14.8 38 270 M M 4 13 58 270
15 61 41 51 8 14 0 0.00 M M 9.9 20 20 M M 7 18 28 20
16 64 36 50 7 15 0 T M M 13.6 26 320 M M 3 37 240
17 50 36 43 -1 22 0 0.00 M M 13.7 24 290 M M 5 35 250
18 37 30 34 -10 31 0 T M M 10.5 22 290 M M 10 29 290
19 56 28 42 -2 23 0 0.00 M M 15.8 30 220 M M 0 44 240
20 54 30 42 -3 23 0 0.00 M M 13.8 28 310 M M 2 38 300
21 46 24 35 -10 30 0 0.00 M M 6.0 12 90 M M 2 18 90
22 M M M M M M M M M M M M M M M M M
23 M M M M M M M M M M M M M M M M M
24 M M M M M M 0.00 M M M M M M M M M M
25 M M M M M M M M M M M M M M M M M
26 M M M M M M M M M M M M M M M M M
27 M M M M M M M M M M M M M M M M M
28 M M M M M M 0.00 M M M M M M M M M M
================================================================================
SM 1238 834 328 4 2.93 M 228.8 M 99
================================================================================
AV 59.0 39.7 10.9 FASTST M M 5 MAX(MPH)
MISC ----> 38 270 58 270
================================================================================
NOTES:
# LAST OF SEVERAL OCCURRENCES
COLUMN 17 PEAK WIND IN M.P.H.
PRELIMINARY LOCAL CLIMATOLOGICAL DATA (WS FORM: F-6) , PAGE 2
STATION: SHELBYVILLE IN
MONTH: MARCH
YEAR: 2024
LATITUDE: 39 35 N
LONGITUDE: 85 48 W
[TEMPERATURE DATA] [PRECIPITATION DATA] SYMBOLS USED IN COLUMN 16
AVERAGE MONTHLY: 49.3 TOTAL FOR MONTH: 2.93 1 = FOG OR MIST
DPTR FM NORMAL: 6.6 DPTR FM NORMAL: -0.15 2 = FOG REDUCING VISIBILITY
HIGHEST: 78 ON 4 GRTST 24HR 1.08 ON 5- 5 TO 1/4 MILE OR LESS
LOWEST: 24 ON 21 3 = THUNDER
SNOW, ICE PELLETS, HAIL 4 = ICE PELLETS
TOTAL MONTH: M 5 = HAIL
GRTST 24HR M ON M 6 = FREEZING RAIN OR DRIZZLE
GRTST DEPTH: M ON M 7 = DUSTSTORM OR SANDSTORM:
VSBY 1/2 MILE OR LESS
8 = SMOKE OR HAZE
[NO. OF DAYS WITH] [WEATHER - DAYS WITH] 9 = BLOWING SNOW
X = TORNADO
MAX 32 OR BELOW: 0 0.01 INCH OR MORE: 4
MAX 90 OR ABOVE: 0 0.10 INCH OR MORE: 4
MIN 32 OR BELOW: 7 0.50 INCH OR MORE: 3
MIN 0 OR BELOW: 0 1.00 INCH OR MORE: 1
[HDD (BASE 65) ]
TOTAL THIS MO. 328 CLEAR (SCALE 0-3) 9
DPTR FM NORMAL -298 PTCLDY (SCALE 4-7) 6
TOTAL FM JUL 1 3509 CLOUDY (SCALE 8-10) 13
DPTR FM NORMAL -1032
[CDD (BASE 65) ]
TOTAL THIS MO. 4
DPTR FM NORMAL 4 [PRESSURE DATA]
TOTAL FM JAN 1 4 HIGHEST SLP M ON M
DPTR FM NORMAL 4 LOWEST SLP 29.72 ON 9
[REMARKS]