000
CXUS53 KFGF 010815
CF6GFK
PRELIMINARY LOCAL CLIMATOLOGICAL DATA (WS FORM: F-6)
STATION: GRAND FORKS INTL AP ND
MONTH: JUNE
YEAR: 2023
LATITUDE: 47 57 N
LONGITUDE: 97 11 W
TEMPERATURE IN F: :PCPN: SNOW: WIND :SUNSHINE: SKY :PK WND
================================================================================
1 2 3 4 5 6A 6B 7 8 9 10 11 12 13 14 15 16 17 18
12Z AVG MX 2MIN
DY MAX MIN AVG DEP HDD CDD WTR SNW DPTH SPD SPD DIR MIN PSBL S-S WX SPD DR
================================================================================
1 93 63 78 17 0 13 0.02 0.0 0 7.5 28 140 M M 5 13 35 130
2 90 66 78 17 0 13 0.00 0.0 0 8.5 21 160 M M 5 30 160
3 93 70 82 21 0 17 T 0.0 0 9.2 17 140 M M 5 23 140
4 93 65 79 17 0 14 0.04 0.0 0 6.2 22 10 M M 5 38 27 10
5 89 66 78 16 0 13 T 0.0 0 4.6 28 60 M M 6 138 38 70
6 93 63 78 16 0 13 0.00 0.0 0 7.7 16 150 M M 5 138 20 160
7 83 66 75 12 0 10 0.00 0.0 0 12.3 26 80 M M 6 8 34 80
8 84 62 73 10 0 8 0.00 0.0 0 7.6 15 120 M M 4 21 120
9 88 66 77 14 0 12 T 0.0 0 7.6 21 10 M M 6 38 27 10
10 74 51 63 -1 2 0 0.00 0.0 0 13.8 23 20 M M 4 30 10
11 79 44 62 -2 3 0 0.00 0.0 0 4.4 13 30 M M 1 18 50
12 85 52 69 5 0 4 0.00 0.0 0 8.1 16 270 M M 4 22 260
13 89 53 71 7 0 6 0.00 0.0 0 6.6 14 50 M M 3 8 23 10
14 81 57 69 4 0 4 0.00 0.0 0 8.6 14 80 M M 4 18 20 70
15 76 51 64 -1 1 0 0.00 0.0 0 8.6 15 80 M M 0 8 22 100
16 77 48 63 -2 2 0 0.01 0.0 0 6.5 16 200 M M 5 8 21 210
17 78 58 68 3 0 3 T 0.0 0 2.5 9 310 M M 8 13 140
18 88 52 70 4 0 5 0.00 0.0 0 6.5 17 140 M M 1 18 27 100
19 92 62 77 11 0 12 0.00 0.0 0 15.8 25 140 M M 3 8 33 100
20 100 77 89 23 0 24 0.00 0.0 0 19.0 31 170 M M 2 45 160
21 81 69 75 9 0 10 0.05 0.0 0 6.9 17 190 M M 7 13 24 180
22 73 59 66 0 0 1 0.06 0.0 0 9.5 18 10 M M 7 12 30 10
23 75 52 64 -2 1 0 0.08 0.0 0 7.8 16 80 M M 7 1 22 90
24 68 61 65 -2 0 0 1.07 0.0 0 18.0 29 60 M M 10 18 43 50
25 77 57 67 0 0 2 0.08 0.0 0 14.1 23 350 M M 8 18 33 340
26 86 56 71 4 0 6 T 0.0 0 5.2 15 10 M M 5 138 19 20
27 83 58 71 4 0 6 0.38 0.0 0 6.9 18 190 M M 6 138 26 210
28 81 63 72 5 0 7 0.44 0.0 0 5.9 10 180 M M 7 138 M M
29 81 58 70 2 0 5 0.00 0.0 0 8.1 17 290 M M 3 1 23 300
30 85 58 72 4 0 7 0.00 0.0 0 4.3 10 10 M M 2 1 16 350
================================================================================
SM 2515 1783 9 215 2.23 0.0 258.3 M 144
================================================================================
AV 83.8 59.4 8.6 FASTST M M 5 MAX(MPH)
MISC ----> 31 170 45 160
================================================================================
NOTES:
# LAST OF SEVERAL OCCURRENCES
COLUMN 17 PEAK WIND IN M.P.H.
PRELIMINARY LOCAL CLIMATOLOGICAL DATA (WS FORM: F-6) , PAGE 2
STATION: GRAND FORKS INTL AP ND
MONTH: JUNE
YEAR: 2023
LATITUDE: 47 57 N
LONGITUDE: 97 11 W
[TEMPERATURE DATA] [PRECIPITATION DATA] SYMBOLS USED IN COLUMN 16
AVERAGE MONTHLY: 71.6 TOTAL FOR MONTH: 2.23 1 = FOG OR MIST
DPTR FM NORMAL: 7.0 DPTR FM NORMAL: -1.54 2 = FOG REDUCING VISIBILITY
HIGHEST: 100 ON 20 GRTST 24HR 1.15 ON 24-25 TO 1/4 MILE OR LESS
LOWEST: 44 ON 11 3 = THUNDER
SNOW, ICE PELLETS, HAIL 4 = ICE PELLETS
TOTAL MONTH: 0.0 INCH 5 = HAIL
GRTST 24HR 0.0 6 = FREEZING RAIN OR DRIZZLE
GRTST DEPTH: 0 7 = DUSTSTORM OR SANDSTORM:
VSBY 1/2 MILE OR LESS
8 = SMOKE OR HAZE
[NO. OF DAYS WITH] [WEATHER - DAYS WITH] 9 = BLOWING SNOW
X = TORNADO
MAX 32 OR BELOW: 0 0.01 INCH OR MORE: 10
MAX 90 OR ABOVE: 7 0.10 INCH OR MORE: 3
MIN 32 OR BELOW: 0 0.50 INCH OR MORE: 1
MIN 0 OR BELOW: 0 1.00 INCH OR MORE: 1
[HDD (BASE 65) ]
TOTAL THIS MO. 9 CLEAR (SCALE 0-3) 8
DPTR FM NORMAL -81 PTCLDY (SCALE 4-7) 21
TOTAL FM JUL 1 9654 CLOUDY (SCALE 8-10) 1
DPTR FM NORMAL 118
[CDD (BASE 65) ]
TOTAL THIS MO. 215
DPTR FM NORMAL 136 [PRESSURE DATA]
TOTAL FM JAN 1 298 HIGHEST SLP M ON M
DPTR FM NORMAL 204 LOWEST SLP 29.60 ON 18
[REMARKS]
#FINAL-06-23#