000
CXUS53 KFGF 010815
CF6GFK
PRELIMINARY LOCAL CLIMATOLOGICAL DATA (WS FORM: F-6)
STATION: GRAND FORKS INTL AP ND
MONTH: JUNE
YEAR: 2021
LATITUDE: 47 57 N
LONGITUDE: 97 11 W
TEMPERATURE IN F: :PCPN: SNOW: WIND :SUNSHINE: SKY :PK WND
================================================================================
1 2 3 4 5 6A 6B 7 8 9 10 11 12 13 14 15 16 17 18
12Z AVG MX 2MIN
DY MAX MIN AVG DEP HDD CDD WTR SNW DPTH SPD SPD DIR MIN PSBL S-S WX SPD DR
================================================================================
1 76 44 60 -1 5 0 0.01 0.0 0 7.8 17 210 M M 6 21 210
2 88 46 67 6 0 2 0.00 0.0 0 7.6 20 290 M M 5 8 29 220
3 92 59 76 15 0 11 T 0.0 0 8.8 16 350 M M 5 23 340
4 103 58 81 19 0 16 0.15 0.0 0 12.2 35 280 M M 4 38 50 280
5 100 58 79 17 0 14 0.00 0.0 0 8.9 18 180 M M 4 26 190
6 87 52 70 8 0 5 T 0.0 0 14.0 28 280 M M 4 38 36 270
7 88 46 67 4 0 2 T 0.0 0 7.3 17 120 M M 4 3 22 50
8 80 63 72 9 0 7 0.00 0.0 0 6.7 15 90 M M 8 M M
9 92 65 79 16 0 14 0.22 0.0 0 11.5 28 200 M M 4 13 37 200
10 85 63 74 10 0 9 0.00 0.0 0 10.4 20 100 M M 6 1 27 100
11 78 57 68 4 0 3 1.22 0.0 0 18.4 51 290 M M 5 138 63 300
12 83 56 70 6 0 5 0.00 0.0 0 12.0 23 300 M M 2 33 260
13 84 54 69 5 0 4 0.00 0.0 0 10.2 24 350 M M 1 32 360
14 85 53 69 4 0 4 0.00 0.0 0 8.5 21 30 M M 0 29 10
15 83 51 67 2 0 2 0.00 0.0 0 7.6 15 100 M M 3 21 120
16 92 58 75 10 0 10 0.00 0.0 0 15.0 29 150 M M 4 8 40 160
17 89 54 72 7 0 7 0.00 0.0 0 10.8 28 270 M M 2 38 240
18 83 49 66 0 0 1 0.02 0.0 0 11.8 30 330 M M 2 3 42 330
19 80 45 63 -3 2 0 0.00 0.0 0 7.2 17 290 M M 4 1 22 300
20 69 46 58 -8 7 0 0.40 0.0 0 12.7 30 350 M M 8 1 41 340
21 65 42 54 -12 11 0 0.00 0.0 0 9.4 17 320 M M 5 24 320
22 82 43 63 -3 2 0 0.00 0.0 0 9.3 15 220 M M 4 23 230
23 95 60 78 12 0 13 0.13 0.0 0 15.2 37 260 M M 4 3 51 250
24 83 54 69 2 0 4 0.00 0.0 0 6.0 15 350 M M 5 23 330
25 78 56 67 0 0 2 0.26 0.0 0 5.5 20 360 M M 8 1 24 10
26 82 56 69 2 0 4 0.00 0.0 0 4.1 18 20 M M 8 128 24 10
27 84 58 71 4 0 6 0.03 0.0 0 4.2 22 340 M M 8 3 28 330
28 81 58 70 3 0 5 0.01 0.0 0 9.3 18 20 M M 7 24 340
29 84 52 68 0 0 3 0.00 0.0 0 5.0 12 280 M M 3 16 280
30 90 58 74 6 0 9 0.00 0.0 0 3.9 12 360 M M 3 15 360
================================================================================
SM 2541 1614 27 162 2.45 0.0 281.3 M 136
================================================================================
AV 84.7 53.8 9.4 FASTST M M 5 MAX(MPH)
MISC ----> 51 290 63 300
================================================================================
NOTES:
# LAST OF SEVERAL OCCURRENCES
COLUMN 17 PEAK WIND IN M.P.H.
PRELIMINARY LOCAL CLIMATOLOGICAL DATA (WS FORM: F-6) , PAGE 2
STATION: GRAND FORKS INTL AP ND
MONTH: JUNE
YEAR: 2021
LATITUDE: 47 57 N
LONGITUDE: 97 11 W
[TEMPERATURE DATA] [PRECIPITATION DATA] SYMBOLS USED IN COLUMN 16
AVERAGE MONTHLY: 69.3 TOTAL FOR MONTH: 2.45 1 = FOG OR MIST
DPTR FM NORMAL: 4.7 DPTR FM NORMAL: -1.32 2 = FOG REDUCING VISIBILITY
HIGHEST: 103 ON 4 GRTST 24HR 1.22 ON 11-11 TO 1/4 MILE OR LESS
LOWEST: 42 ON 21 3 = THUNDER
SNOW, ICE PELLETS, HAIL 4 = ICE PELLETS
TOTAL MONTH: 0.0 INCH 5 = HAIL
GRTST 24HR 0.0 6 = FREEZING RAIN OR DRIZZLE
GRTST DEPTH: 0 7 = DUSTSTORM OR SANDSTORM:
VSBY 1/2 MILE OR LESS
8 = SMOKE OR HAZE
[NO. OF DAYS WITH] [WEATHER - DAYS WITH] 9 = BLOWING SNOW
X = TORNADO
MAX 32 OR BELOW: 0 0.01 INCH OR MORE: 10
MAX 90 OR ABOVE: 7 0.10 INCH OR MORE: 6
MIN 32 OR BELOW: 0 0.50 INCH OR MORE: 1
MIN 0 OR BELOW: 0 1.00 INCH OR MORE: 1
[HDD (BASE 65) ]
TOTAL THIS MO. 27 CLEAR (SCALE 0-3) 7
DPTR FM NORMAL -63 PTCLDY (SCALE 4-7) 22
TOTAL FM JUL 1 8662 CLOUDY (SCALE 8-10) 1
DPTR FM NORMAL -874
[CDD (BASE 65) ]
TOTAL THIS MO. 162
DPTR FM NORMAL 83 [PRESSURE DATA]
TOTAL FM JAN 1 182 HIGHEST SLP M ON M
DPTR FM NORMAL 88 LOWEST SLP 29.31 ON 6
[REMARKS]
#FINAL-06-21#