644
CXUS53 KFGF 010815
CF6GFK
PRELIMINARY LOCAL CLIMATOLOGICAL DATA (WS FORM: F-6)
STATION: GRAND FORKS INTL AP ND
MONTH: MARCH
YEAR: 2021
LATITUDE: 47 57 N
LONGITUDE: 97 11 W
TEMPERATURE IN F: :PCPN: SNOW: WIND :SUNSHINE: SKY :PK WND
================================================================================
1 2 3 4 5 6A 6B 7 8 9 10 11 12 13 14 15 16 17 18
12Z AVG MX 2MIN
DY MAX MIN AVG DEP HDD CDD WTR SNW DPTH SPD SPD DIR MIN PSBL S-S WX SPD DR
================================================================================
1 22 -10 6 -12 59 0 0.00 0.0 1 11.6 21 170 M M 4 31 180
2 53 21 37 19 28 0 0.00 0.0 T 13.4 23 310 M M 4 31 310
3 42 14 28 10 37 0 0.00 0.0 0 6.2 12 150 M M 4 16 120
4 50 20 35 16 30 0 0.00 0.0 0 7.4 20 190 M M 2 26 180
5 52 19 36 17 29 0 0.00 0.0 0 4.5 10 90 M M 3 18 14 70
6 50 24 37 17 28 0 0.00 0.0 0 14.7 28 150 M M 5 35 140
7 56 29 43 23 22 0 0.00 0.0 0 16.4 26 300 M M 2 38 160
8 59 21 40 19 25 0 0.00 0.0 0 9.6 17 200 M M 5 24 200
9 64 31 48 27 17 0 0.00 0.0 0 16.3 26 210 M M 7 39 220
10 33 25 29 7 36 0 0.00 0.0 0 16.4 24 360 M M 10 34 350
11 36 10 23 1 42 0 T T 0 11.6 22 360 M M 5 28 360
12 43 6 25 2 40 0 0.00 0.0 0 11.4 22 190 M M 1 30 190
13 58 26 42 19 23 0 0.00 0.0 0 M M M M M M M M
14 46 18 32 8 33 0 0.00 0.0 0 9.2 20 70 M M 5 28 100
15 38 19 29 5 36 0 T T 0 10.3 23 160 M M 7 8 33 180
16 38 27 33 8 32 0 T T 0 4.3 14 140 M M 10 17 140
17 45 20 33 7 32 0 T T 0 4.7 14 340 M M 7 18 18 350
18 53 16 35 9 30 0 0.00 0.0 0 6.2 14 220 M M 1 19 210
19 57 23 40 13 25 0 0.00 0.0 0 18.3 32 190 M M 0 42 180
20 67 33 50 23 15 0 0.00 0.0 0 20.1 33 190 M M 4 46 200
21 53 33 43 15 22 0 0.13 0.0 0 9.4 22 170 M M 6 1 31 180
22 51 21 36 8 29 0 0.00 0.0 0 7.2 13 320 M M 1 18 310
23 58 24 41 12 24 0 0.00 0.0 0 11.3 30 360 M M 7 42 360
24 45 19 32 3 33 0 0.00 0.0 0 16.7 25 350 M M 3 35 350
25 55 15 35 5 30 0 0.00 0.0 0 9.4 24 140 M M 3 33 150
26 43 32 38 8 27 0 0.10 T 0 11.0 21 150 M M 9 4 27 150
27 48 20 34 3 31 0 0.00 0.0 0 13.0 22 340 M M 7 1 31 340
28 46 15 31 -1 34 0 0.00 0.0 0 11.7 23 150 M M 5 31 150
29 73 30 52 20 13 0 0.00 0.0 0 23.2 33 280 M M 6 7 52 280
30 30 16 23 -10 42 0 T T 0 23.3 35 290 M M 10 59 270
31 34 10 22 -11 43 0 T T 0 9.3 20 330 M M 3 25 330
================================================================================
SM 1498 627 947 0 0.23 T 358.1 M 146
================================================================================
AV 48.3 20.2 11.9 FASTST M M 5 MAX(MPH)
MISC ----> 35 290 59 270
================================================================================
NOTES:
# LAST OF SEVERAL OCCURRENCES
COLUMN 17 PEAK WIND IN M.P.H.
PRELIMINARY LOCAL CLIMATOLOGICAL DATA (WS FORM: F-6) , PAGE 2
STATION: GRAND FORKS INTL AP ND
MONTH: MARCH
YEAR: 2021
LATITUDE: 47 57 N
LONGITUDE: 97 11 W
[TEMPERATURE DATA] [PRECIPITATION DATA] SYMBOLS USED IN COLUMN 16
AVERAGE MONTHLY: 34.3 TOTAL FOR MONTH: 0.23 1 = FOG OR MIST
DPTR FM NORMAL: 9.1 DPTR FM NORMAL: -0.73 2 = FOG REDUCING VISIBILITY
HIGHEST: 73 ON 29 GRTST 24HR 0.13 ON 21-21 TO 1/4 MILE OR LESS
LOWEST: -10 ON 1 3 = THUNDER
SNOW, ICE PELLETS, HAIL 4 = ICE PELLETS
TOTAL MONTH: 0.2 INCH 5 = HAIL
GRTST 24HR T ON 11-11 6 = FREEZING RAIN OR DRIZZLE
GRTST DEPTH: 1 ON 1 7 = DUSTSTORM OR SANDSTORM:
VSBY 1/2 MILE OR LESS
8 = SMOKE OR HAZE
[NO. OF DAYS WITH] [WEATHER - DAYS WITH] 9 = BLOWING SNOW
X = TORNADO
MAX 32 OR BELOW: 2 0.01 INCH OR MORE: 2
MAX 90 OR ABOVE: 0 0.10 INCH OR MORE: 2
MIN 32 OR BELOW: 29 0.50 INCH OR MORE: 0
MIN 0 OR BELOW: 1 1.00 INCH OR MORE: 0
[HDD (BASE 65) ]
TOTAL THIS MO. 947 CLEAR (SCALE 0-3) 7
DPTR FM NORMAL -288 PTCLDY (SCALE 4-7) 19
TOTAL FM JUL 1 7541 CLOUDY (SCALE 8-10) 5
DPTR FM NORMAL -846
[CDD (BASE 65) ]
TOTAL THIS MO. 0
DPTR FM NORMAL 0 [PRESSURE DATA]
TOTAL FM JAN 1 0 HIGHEST SLP M ON M
DPTR FM NORMAL 0 LOWEST SLP 29.56 ON 9
[REMARKS]
#FINAL-03-21#