000
CXUS51 KALY 011941
CLSGFL
CLIMATE REPORT
NATIONAL WEATHER SERVICE ALBANY NY
341 PM EDT FRI SEP 01 2023
...................................
...THE GLENS FALLS NY CLIMATE SUMMARY FOR THE SEASON, FROM
6/1/2023 TO 8/31/2023...
CLIMATE NORMAL PERIOD: 1991 TO 2020
CLIMATE RECORD PERIOD: 1893 TO 2023
WEATHER OBSERVED NORMAL DEPART LAST YEAR`S
VALUE DATE(S) VALUE FROM VALUE DATE(S)
NORMAL
................................................................
TEMPERATURE (F)
RECORD
HIGH 101 08/07/1918
07/04/1911
07/03/1911
LOW 31 08/29/1982
HIGHEST 91 06/01 92 08/04
LOWEST 39 06/05 35 06/05
AVG. MAXIMUM 77.9 79.4 -1.5 81.0
AVG. MINIMUM 56.3 55.5 0.8 54.8
MEAN 67.1 67.5 -0.4 67.9
DAYS MAX >= 90 2 5.3 -3.3 9
DAYS MAX <= 32 0 0.0 0.0 0
DAYS MIN <= 32 0 0.0 0.0 0
DAYS MIN <= 0 0 0.0 0.0 0
PRECIPITATION (INCHES)
RECORD
MAXIMUM 17.74 1915
MINIMUM 4.56 1913
TOTALS 14.32 11.46 2.86 9.72
DAILY AVG. 0.16 0.11
DAYS >= .01 43 34.5 8.5 27
DAYS >= .10 29 20.9 8.1 18
DAYS >= .50 11 7.9 3.1 7
DAYS >= 1.00 3 2.7 0.3 2
GREATEST
24 HR. TOTAL 1.51 08/03 TO 08/04
DEGREE DAYS
HEATING TOTAL 141 124 17 85
SINCE 7/1 30 45 -15 17
COOLING TOTAL 359 353 6 382
SINCE 1/1 364 372 -8 436
................................................................
WIND (MPH)
AVERAGE WIND SPEED 3.9
HIGHEST WIND SPEED/DIRECTION 30/300 DATE 07/13
HIGHEST GUST SPEED/DIRECTION 41/300 DATE 08/12
WEATHER CONDITIONS. NUMBER OF DAYS WITH
THUNDERSTORM 27 MIXED PRECIP 0
HEAVY RAIN 18 RAIN 24
LIGHT RAIN 55 FREEZING RAIN 0
LT FREEZING RAIN 0 HAIL 0
HEAVY SNOW 0 SNOW 0
LIGHT SNOW 0 SLEET 0
FOG 86 FOG W/VIS <= 1/4 MILE 39
HAZE 13
- INDICATES NEGATIVE NUMBERS.
R INDICATES RECORD WAS SET OR TIED.
MM INDICATES DATA IS MISSING.
T INDICATES TRACE AMOUNT.
$$