000
CXUS54 KSHV 271300
CF6GGG
PRELIMINARY LOCAL CLIMATOLOGICAL DATA (WS FORM: F-6)
STATION: LONGVIEW
MONTH: MARCH
YEAR: 2024
LATITUDE: 32 22 N
LONGITUDE: 94 43 W
TEMPERATURE IN F: :PCPN: SNOW: WIND :SUNSHINE: SKY :PK WND
================================================================================
1 2 3 4 5 6A 6B 7 8 9 10 11 12 13 14 15 16 17 18
12Z AVG MX 2MIN
DY MAX MIN AVG DEP HDD CDD WTR SNW DPTH SPD SPD DIR MIN PSBL S-S WX SPD DR
================================================================================
1 61 43 52 -3 13 0 T 0.0 0 2.7 9 130 M M 6 1 13 160
2 79 42 61 6 4 0 0.00 0.0 0 5.6 17 160 M M 1 1 23 160
3 78 60 69 14 0 4 0.00 0.0 0 10.8 22 170 M M 6 29 150
4 83 63 73 17 0 8 T 0.0 0 9.1 17 200 M M 5 3 24 230
5 81 60 71 15 0 6 0.92 0.0 0 5.8 35 210 M M 3 13 43 210
6 83 55 69 13 0 4 0.00 0.0 0 4.6 12 170 M M 0 16 140
7 76 60 68 12 0 3 T 0.0 0 6.1 15 160 M M 3 3 20 240
8 69 57 63 6 2 0 1.59 0.0 0 6.1 26 300 M M 8 13 34 300
9 58 43 51 -6 14 0 0.00 0.0 0 10.6 24 320 M M 8 31 320
10 65 39 52 -5 13 0 0.00 0.0 0 2.3 9 340 M M 0 14 360
11 70 47 59 2 6 0 T 0.0 0 3.7 12 130 M M 3 17 120
12 77 48 63 5 2 0 0.00 0.0 0 9.2 20 200 M M 2 27 170
13 83 64 74 16 0 9 T 0.0 0 11.6 23 180 M M 5 30 170
14 85 70 78 20 0 13 0.01 0.0 0 9.8 20 190 M M 7 28 190
15 73 61 67 9 0 2 0.45 0.0 0 6.9 18 10 M M 10 3 26 40
16 66 61 64 5 1 0 0.39 0.0 0 5.2 13 50 M M 10 3 18 50
17 71 59 65 6 0 0 0.40 0.0 0 5.3 13 10 M M 10 13 21 350
18 62 42 52 -7 13 0 0.00 0.0 0 8.4 23 340 M M 3 32 350
19 67 33 50 -10 15 0 0.00 0.0 0 3.0 10 200 M M 0 14 160
20 73 47 60 0 5 0 0.00 0.0 0 5.9 15 190 M M 8 23 210
21 66 56 61 1 4 0 0.23 0.0 0 6.5 16 130 M M 10 1 22 140
22 61 52 57 -3 8 0 0.23 0.0 0 7.0 16 340 M M 8 18 23 340
23 72 51 62 2 3 0 0.00 0.0 0 5.9 14 100 M M 1 1 20 110
24 67 50 59 -2 6 0 T 0.0 0 12.2 23 160 M M 3 33 150
25 69 53 61 0 4 0 0.62 0.0 0 9.2 28 300 M M 7 13 37 310
26 63 41 52 -9 13 0 T 0.0 0 6.1 16 320 M M 0 22 320
================================================================================
SM 1858 1357 126 49 4.84 0.0 179.6 M 127
================================================================================
AV 71.5 52.2 6.9 FASTST M M 5 MAX(MPH)
MISC ----> 35 210 43 210
================================================================================
NOTES:
# LAST OF SEVERAL OCCURRENCES
COLUMN 17 PEAK WIND IN M.P.H.
PRELIMINARY LOCAL CLIMATOLOGICAL DATA (WS FORM: F-6) , PAGE 2
STATION: LONGVIEW
MONTH: MARCH
YEAR: 2024
LATITUDE: 32 22 N
LONGITUDE: 94 43 W
[TEMPERATURE DATA] [PRECIPITATION DATA] SYMBOLS USED IN COLUMN 16
AVERAGE MONTHLY: 61.8 TOTAL FOR MONTH: 4.84 1 = FOG OR MIST
DPTR FM NORMAL: 3.8 DPTR FM NORMAL: 1.06 2 = FOG REDUCING VISIBILITY
HIGHEST: 85 ON 14 GRTST 24HR 1.59 ON 8- 8 TO 1/4 MILE OR LESS
LOWEST: 33 ON 19 3 = THUNDER
SNOW, ICE PELLETS, HAIL 4 = ICE PELLETS
TOTAL MONTH: 0.0 INCH 5 = HAIL
GRTST 24HR 0.0 6 = FREEZING RAIN OR DRIZZLE
GRTST DEPTH: 0 7 = DUSTSTORM OR SANDSTORM:
VSBY 1/2 MILE OR LESS
8 = SMOKE OR HAZE
[NO. OF DAYS WITH] [WEATHER - DAYS WITH] 9 = BLOWING SNOW
X = TORNADO
MAX 32 OR BELOW: 0 0.01 INCH OR MORE: 9
MAX 90 OR ABOVE: 0 0.10 INCH OR MORE: 8
MIN 32 OR BELOW: 0 0.50 INCH OR MORE: 3
MIN 0 OR BELOW: 0 1.00 INCH OR MORE: 1
[HDD (BASE 65) ]
TOTAL THIS MO. 126 CLEAR (SCALE 0-3) 9
DPTR FM NORMAL -85 PTCLDY (SCALE 4-7) 12
TOTAL FM JUL 1 1714 CLOUDY (SCALE 8-10) 5
DPTR FM NORMAL -305
[CDD (BASE 65) ]
TOTAL THIS MO. 49
DPTR FM NORMAL 18 [PRESSURE DATA]
TOTAL FM JAN 1 85 HIGHEST SLP M ON M
DPTR FM NORMAL 38 LOWEST SLP 29.49 ON 25
[REMARKS]