000
CXUS54 KSHV 030506
CF6GGG
PRELIMINARY LOCAL CLIMATOLOGICAL DATA (WS FORM: F-6)
STATION: LONGVIEW
MONTH: SEPTEMBER
YEAR: 2021
LATITUDE: 32 22 N
LONGITUDE: 94 43 W
TEMPERATURE IN F: :PCPN: SNOW: WIND :SUNSHINE: SKY :PK WND
================================================================================
1 2 3 4 5 6A 6B 7 8 9 10 11 12 13 14 15 16 17 18
12Z AVG MX 2MIN
DY MAX MIN AVG DEP HDD CDD WTR SNW DPTH SPD SPD DIR MIN PSBL S-S WX SPD DR
================================================================================
1 95 76 86 4 0 21 0.00 0.0 0 5.4 12 270 M M 1 8 17 280
2 94 74 84 3 0 19 0.00 0.0 0 3.6 15 90 M M 3 38 20 100
3 94 72 83 2 0 18 0.00 0.0 0 4.2 12 170 M M 2 8 15 180
4 93 73 83 2 0 18 0.00 0.0 0 4.1 13 250 M M 2 8 15 240
5 96 75 86 5 0 21 0.03 0.0 0 5.9 14 270 M M 2 18 260
6 91 67 79 -1 0 14 0.00 0.0 0 5.3 16 90 M M 1 19 90
7 92 62 77 -3 0 12 0.00 0.0 0 2.8 10 70 M M 0 15 110
8 94 58 76 -4 0 11 0.00 0.0 0 3.3 12 350 M M 0 15 360
9 90 63 77 -3 0 12 0.00 0.0 0 6.1 16 60 M M 0 26 70
10 90 58 74 -5 0 9 0.00 0.0 0 4.1 12 130 M M 0 17 130
11 89 59 74 -5 0 9 0.00 0.0 0 3.7 14 100 M M 0 18 80
12 89 59 74 -5 0 9 0.00 0.0 0 5.3 15 170 M M 2 18 170
13 86 69 78 -1 0 13 0.09 0.0 0 5.9 18 200 M M 5 26 160
14 76 70 73 -5 0 8 0.11 0.0 0 8.4 18 80 M M 9 18 25 80
15 87 68 78 0 0 13 0.00 0.0 0 7.6 17 70 M M 6 24 50
16 85 67 76 -2 0 11 0.00 0.0 0 5.5 14 70 M M 5 20 60
17 88 69 79 2 0 14 0.00 0.0 0 4.1 13 70 M M 6 16 60
18 85 71 78 1 0 13 T 0.0 0 3.0 10 350 M M 5 13 350
19 89 70 80 3 0 15 0.10 0.0 0 3.5 16 70 M M 3 138 21 70
20 95 70 83 7 0 18 0.00 0.0 0 6.8 13 200 M M 2 18 17 240
21 90 68 79 3 0 14 0.00 0.0 0 8.4 21 320 M M 3 1 27 350
22 82 54 68 -8 0 3 0.00 0.0 0 5.8 20 350 M M 0 27 10
23 84 48 66 -10 0 1 0.00 0.0 0 2.6 10 70 M M 0 15 320
24 85 51 68 -7 0 3 0.00 0.0 0 2.7 10 260 M M 0 14 270
25 88 53 71 -4 0 6 0.00 0.0 0 3.2 13 290 M M 0 18 260
26 89 56 73 -1 0 8 0.00 0.0 0 4.4 14 160 M M 0 20 110
27 87 58 73 -1 0 8 0.00 0.0 0 3.9 16 210 M M 2 20 180
28 92 66 79 5 0 14 0.02 0.0 0 6.7 17 160 M M 3 12 22 150
29 83 72 78 5 0 13 0.03 0.0 0 7.6 14 170 M M 6 18 140
30 90 69 80 7 0 15 0.16 0.0 0 5.8 13 290 M M 6 13 15 290
================================================================================
SM 2668 1945 0 363 0.54 0.0 149.7 M 74
================================================================================
AV 88.9 64.8 5.0 FASTST M M 2 MAX(MPH)
MISC ----> 21 320 # 27 350
================================================================================
NOTES:
# LAST OF SEVERAL OCCURRENCES
COLUMN 17 PEAK WIND IN M.P.H.
PRELIMINARY LOCAL CLIMATOLOGICAL DATA (WS FORM: F-6) , PAGE 2
STATION: LONGVIEW
MONTH: SEPTEMBER
YEAR: 2021
LATITUDE: 32 22 N
LONGITUDE: 94 43 W
[TEMPERATURE DATA] [PRECIPITATION DATA] SYMBOLS USED IN COLUMN 16
AVERAGE MONTHLY: 76.9 TOTAL FOR MONTH: 0.54 1 = FOG OR MIST
DPTR FM NORMAL: -0.8 DPTR FM NORMAL: -2.65 2 = FOG REDUCING VISIBILITY
HIGHEST: 96 ON 5 GRTST 24HR 0.20 ON 13-14 TO 1/4 MILE OR LESS
LOWEST: 48 ON 23 3 = THUNDER
SNOW, ICE PELLETS, HAIL 4 = ICE PELLETS
TOTAL MONTH: 0.0 INCH 5 = HAIL
GRTST 24HR 0.0 6 = FREEZING RAIN OR DRIZZLE
GRTST DEPTH: 0 7 = DUSTSTORM OR SANDSTORM:
VSBY 1/2 MILE OR LESS
8 = SMOKE OR HAZE
[NO. OF DAYS WITH] [WEATHER - DAYS WITH] 9 = BLOWING SNOW
X = TORNADO
MAX 32 OR BELOW: 0 0.01 INCH OR MORE: 7
MAX 90 OR ABOVE: 14 0.10 INCH OR MORE: 3
MIN 32 OR BELOW: 0 0.50 INCH OR MORE: 0
MIN 0 OR BELOW: 0 1.00 INCH OR MORE: 0
[HDD (BASE 65) ]
TOTAL THIS MO. 0 CLEAR (SCALE 0-3) 21
DPTR FM NORMAL -3 PTCLDY (SCALE 4-7) 8
TOTAL FM JUL 1 0 CLOUDY (SCALE 8-10) 1
DPTR FM NORMAL 0
[CDD (BASE 65) ]
TOTAL THIS MO. 363
DPTR FM NORMAL -19 [PRESSURE DATA]
TOTAL FM JAN 1 2169 HIGHEST SLP 30.27 ON 22
DPTR FM NORMAL -271 LOWEST SLP 29.75 ON 1
[REMARKS]
#FINAL-09-21#