000
CXUS55 KGJT 010910
CF6GJT
PRELIMINARY LOCAL CLIMATOLOGICAL DATA (WS FORM: F-6)
STATION: GRAND JUNCTION CO
MONTH: APRIL
YEAR: 2023
LATITUDE: 39 7 N
LONGITUDE: 108 32 W
TEMPERATURE IN F: :PCPN: SNOW: WIND :SUNSHINE: SKY :PK WND
================================================================================
1 2 3 4 5 6A 6B 7 8 9 10 11 12 13 14 15 16 17 18
12Z AVG MX 2MIN
DY MAX MIN AVG DEP HDD CDD WTR SNW DPTH SPD SPD DIR MIN PSBL S-S WX SPD DR
================================================================================
1 60 32 46 -3 19 0 0.00 0.0 0 9.8 20 110 M M 0 24 110
2 68 34 51 2 14 0 0.00 0.0 0 8.5 26 260 M M 1 38 270
3 68 36 52 3 13 0 T 0.0 0 19.9 44 230 M M 4 8 60 230
4 43 24 34 -15 31 0 T 0.1 0 12.2 26 300 M M 6 18 33 290
5 43 20 32 -18 33 0 T T T 6.3 28 300 M M 5 8 35 290
6 51 22 37 -13 28 0 0.00 0.0 0 4.7 13 130 M M 0 17 90
7 64 29 47 -3 18 0 0.00 0.0 0 6.7 15 290 M M 0 20 290
8 67 33 50 0 15 0 0.00 0.0 0 5.1 20 270 M M 3 28 260
9 70 38 54 4 11 0 0.00 0.0 0 5.5 16 120 M M 0 21 290
10 75 40 58 8 7 0 0.00 0.0 0 7.7 16 120 M M 0 19 120
11 83 44 64 13 1 0 0.00 0.0 0 11.9 24 250 M M 0 8 32 110
12 80 50 65 14 0 0 0.00 0.0 0 16.1 28 230 M M 0 36 220
13 70 50 60 9 5 0 0.00 0.0 0 15.0 25 210 M M 2 8 36 160
14 52 34 43 -8 22 0 0.64 T 0 6.7 25 300 M M 8 135 31 300
15 54 30 42 -10 23 0 0.00 0.0 0 3.1 13 250 M M 0 18 260
16 65 33 49 -3 16 0 0.00 0.0 0 6.5 15 100 M M 0 21 110
17 71 40 56 4 9 0 0.00 0.0 0 10.7 18 110 M M 0 8 22 110
18 73 47 60 8 5 0 0.00 0.0 0 16.4 37 230 M M 1 49 230
19 48 34 41 -12 24 0 0.01 T 0 9.3 26 290 M M 5 1 34 290
20 50 26 38 -15 27 0 0.00 0.0 0 7.1 31 320 M M 3 8 39 320
21 55 24 40 -13 25 0 T 0.0 0 8.5 22 310 M M 7 8 29 300
22 55 40 48 -5 17 0 T 0.0 0 5.8 22 40 M M 9 30 40
23 61 38 50 -4 15 0 0.00 0.0 0 5.0 20 310 M M 4 26 310
24 66 40 53 -1 12 0 0.06 0.0 0 5.0 37 270 M M 6 38 55 270
25 53 40 47 -7 18 0 0.07 0.0 0 6.7 23 40 M M 7 1 28 40
26 66 34 50 -5 15 0 0.00 0.0 0 4.4 13 70 M M 2 8 19 360
27 71 39 55 0 10 0 T 0.0 0 12.6 33 330 M M 1 42 330
28 65 38 52 -3 13 0 0.00 0.0 0 7.1 21 340 M M 0 26 340
29 74 41 58 2 7 0 0.00 0.0 0 5.9 14 130 M M 0 22 290
30 81 40 61 5 4 0 0.00 0.0 0 6.2 14 110 M M 0 19 250
================================================================================
SM 1902 1070 457 0 0.78 0.1 256.4 M 74
================================================================================
AV 63.4 35.7 8.5 FASTST M M 2 MAX(MPH)
MISC ----> 44 230 60 230
================================================================================
NOTES:
# LAST OF SEVERAL OCCURRENCES
COLUMN 17 PEAK WIND IN M.P.H.
PRELIMINARY LOCAL CLIMATOLOGICAL DATA (WS FORM: F-6) , PAGE 2
STATION: GRAND JUNCTION CO
MONTH: APRIL
YEAR: 2023
LATITUDE: 39 7 N
LONGITUDE: 108 32 W
[TEMPERATURE DATA] [PRECIPITATION DATA] SYMBOLS USED IN COLUMN 16
AVERAGE MONTHLY: 49.5 TOTAL FOR MONTH: 0.78 1 = FOG OR MIST
DPTR FM NORMAL: -2.4 DPTR FM NORMAL: -0.20 2 = FOG REDUCING VISIBILITY
HIGHEST: 83 ON 11 GRTST 24HR 0.64 ON 14-14 TO 1/4 MILE OR LESS
LOWEST: 20 ON 5 3 = THUNDER
SNOW, ICE PELLETS, HAIL 4 = ICE PELLETS
TOTAL MONTH: 0.1 INCH 5 = HAIL
GRTST 24HR 0.1 ON 4- 4 6 = FREEZING RAIN OR DRIZZLE
GRTST DEPTH: T 7 = DUSTSTORM OR SANDSTORM:
VSBY 1/2 MILE OR LESS
8 = SMOKE OR HAZE
[NO. OF DAYS WITH] [WEATHER - DAYS WITH] 9 = BLOWING SNOW
X = TORNADO
MAX 32 OR BELOW: 0 0.01 INCH OR MORE: 4
MAX 90 OR ABOVE: 0 0.10 INCH OR MORE: 1
MIN 32 OR BELOW: 8 0.50 INCH OR MORE: 1
MIN 0 OR BELOW: 0 1.00 INCH OR MORE: 0
[HDD (BASE 65) ]
TOTAL THIS MO. 457 CLEAR (SCALE 0-3) 19
DPTR FM NORMAL 63 PTCLDY (SCALE 4-7) 10
TOTAL FM JUL 1 5427 CLOUDY (SCALE 8-10) 1
DPTR FM NORMAL 100
[CDD (BASE 65) ]
TOTAL THIS MO. 0
DPTR FM NORMAL -3 [PRESSURE DATA]
TOTAL FM JAN 1 0 HIGHEST SLP M ON M
DPTR FM NORMAL -3 LOWEST SLP 29.04 ON 3
[REMARKS]
#FINAL-04-23#