000
CXUS53 KGLD 040924
CF6GLD
PRELIMINARY LOCAL CLIMATOLOGICAL DATA (WS FORM: F-6)
STATION: GOODLAND KS
MONTH: SEPTEMBER
YEAR: 2023
LATITUDE: 39 22 N
LONGITUDE: 101 42 W
TEMPERATURE IN F: :PCPN: SNOW: WIND :SUNSHINE: SKY :PK WND
================================================================================
1 2 3 4 5 6A 6B 7 8 9 10 11 12 13 14 15 16 17 18
12Z AVG MX 2MIN
DY MAX MIN AVG DEP HDD CDD WTR SNW DPTH SPD SPD DIR MIN PSBL S-S WX SPD DR
================================================================================
1 100 62 81 11 0 16 0.00 0.0 0 17.0 29 160 M M 0 41 190
2 100 60 80 10 0 15 0.00 0.0 0 11.8 21 190 M M 0 30 190
3 99 59 79 9 0 14 0.00 0.0 0 10.6 21 170 M M 0 27 180
4 99 57 78 8 0 13 0.00 0.0 0 9.8 33 350 M M 0 8 52 350
5 80 51 66 -3 0 1 0.00 0.0 0 13.8 28 350 M M 0 8 39 350
6 84 46 65 -4 0 0 0.00 0.0 0 8.8 21 200 M M 0 18 30 180
7 92 58 75 6 0 10 0.00 0.0 0 9.0 20 160 M M 0 28 330
8 89 52 71 3 0 6 0.00 0.0 0 8.1 14 130 M M 0 8 19 100
9 89 59 74 6 0 9 0.00 0.0 0 14.2 26 170 M M 1 36 190
10 71 59 65 -3 0 0 T 0.0 0 9.4 23 200 M M 6 3 40 190
11 69 49 59 -8 6 0 0.00 0.0 0 8.0 15 30 M M 7 1 20 20
12 75 45 60 -7 5 0 0.00 0.0 0 7.7 15 160 M M 1 1 25 180
13 77 50 64 -3 1 0 0.00 0.0 0 13.7 23 150 M M 4 1 34 150
14 79 59 69 3 0 4 0.00 0.0 0 9.3 17 130 M M 7 25 170
15 66 50 58 -8 7 0 0.00 0.0 0 7.8 16 330 M M 5 21 330
16 81 46 64 -2 1 0 0.00 0.0 0 5.2 13 300 M M 0 19 300
17 87 43 65 0 0 0 0.00 0.0 0 7.7 15 170 M M 0 21 170
18 91 50 71 6 0 6 0.00 0.0 0 6.6 13 180 M M 0 16 320
19 89 60 75 11 0 10 0.00 0.0 0 8.3 23 30 M M 1 35 30
20 88 55 72 8 0 7 0.00 0.0 0 7.8 14 180 M M 0 17 170
21 90 58 74 11 0 9 0.00 0.0 0 11.2 20 180 M M 0 1 27 190
22 76 55 66 3 0 1 0.00 0.0 0 8.0 18 90 M M 6 12 28 90
23 80 46 63 1 2 0 0.00 0.0 0 11.4 30 340 M M 2 18 48 320
24 83 40 62 0 3 0 0.00 0.0 0 5.8 15 280 M M 0 8 23 290
25 88 41 65 3 0 0 0.00 0.0 0 6.2 15 220 M M 0 23 220
26 83 46 65 4 0 0 0.00 0.0 0 7.8 16 230 M M 0 22 80
27 84 43 64 3 1 0 0.00 0.0 0 8.5 18 160 M M 0 28 140
28 93 56 75 15 0 10 0.00 0.0 0 15.9 28 170 M M 0 37 180
29 84 51 68 8 0 3 0.00 0.0 0 10.7 25 330 M M 0 8 38 170
30 94 46 70 11 0 5 0.00 0.0 0 13.5 33 170 M M 0 49 170
================================================================================
SM 2560 1552 26 139 T 0.0 293.6 M 40
================================================================================
AV 85.3 51.7 9.8 FASTST M M 1 MAX(MPH)
MISC ----> # 33 350 52 350
================================================================================
NOTES:
# LAST OF SEVERAL OCCURRENCES
COLUMN 17 PEAK WIND IN M.P.H.
PRELIMINARY LOCAL CLIMATOLOGICAL DATA (WS FORM: F-6) , PAGE 2
STATION: GOODLAND KS
MONTH: SEPTEMBER
YEAR: 2023
LATITUDE: 39 22 N
LONGITUDE: 101 42 W
[TEMPERATURE DATA] [PRECIPITATION DATA] SYMBOLS USED IN COLUMN 16
AVERAGE MONTHLY: 68.5 TOTAL FOR MONTH: T 1 = FOG OR MIST
DPTR FM NORMAL: 3.2 DPTR FM NORMAL: -1.40 2 = FOG REDUCING VISIBILITY
HIGHEST: 100 ON 2, 1 GRTST 24HR T ON 10-10 TO 1/4 MILE OR LESS
LOWEST: 40 ON 24 3 = THUNDER
SNOW, ICE PELLETS, HAIL 4 = ICE PELLETS
TOTAL MONTH: 0.0 INCH 5 = HAIL
GRTST 24HR 0.0 6 = FREEZING RAIN OR DRIZZLE
GRTST DEPTH: 0 7 = DUSTSTORM OR SANDSTORM:
VSBY 1/2 MILE OR LESS
8 = SMOKE OR HAZE
[NO. OF DAYS WITH] [WEATHER - DAYS WITH] 9 = BLOWING SNOW
X = TORNADO
MAX 32 OR BELOW: 0 0.01 INCH OR MORE: 0
MAX 90 OR ABOVE: 9 0.10 INCH OR MORE: 0
MIN 32 OR BELOW: 0 0.50 INCH OR MORE: 0
MIN 0 OR BELOW: 0 1.00 INCH OR MORE: 0
[HDD (BASE 65) ]
TOTAL THIS MO. 26 CLEAR (SCALE 0-3) 24
DPTR FM NORMAL -74 PTCLDY (SCALE 4-7) 6
TOTAL FM JUL 1 28 CLOUDY (SCALE 8-10) 0
DPTR FM NORMAL -84
[CDD (BASE 65) ]
TOTAL THIS MO. 139
DPTR FM NORMAL 29 [PRESSURE DATA]
TOTAL FM JAN 1 938 HIGHEST SLP 30.22 ON 11
DPTR FM NORMAL -41 LOWEST SLP 29.45 ON 4
[REMARKS]
#FINAL-09-23#