000
CXUS53 KGLD 031355
CLMGLD
CLIMATE REPORT
NATIONAL WEATHER SERVICE
755 AM MDT WED APR 03 2024
...................................
...THE GOODLAND KS CLIMATE SUMMARY FOR THE MONTH OF MARCH 2024...
CLIMATE NORMAL PERIOD: 1991 TO 2020
CLIMATE RECORD PERIOD: 1895 TO 2024
WEATHER OBSERVED NORMAL DEPART LAST YEAR`S
VALUE DATE(S) VALUE FROM VALUE DATE(S)
NORMAL
................................................................
TEMPERATURE (F)
RECORD
HIGH 90 03/20/1907
03/19/1907
LOW -20 03/03/1960
03/11/1948
03/10/1948
HIGHEST 76 03/02 79 -3 80 03/30
LOWEST 12 03/26 9 3 11 03/18
AVG. MAXIMUM 57.7 56.3 1.4 50.1
AVG. MINIMUM 26.7 26.5 0.2 22.3
MEAN 42.2 41.4 0.8 36.2
DAYS MAX >= 90 0 0.0 0.0 0
DAYS MAX <= 32 2 1.8 0.2 2
DAYS MIN <= 32 25 23.2 1.8 30
DAYS MIN <= 0 0 0.4 -0.4 0
PRECIPITATION (INCHES)
RECORD
MAXIMUM 4.03 2021
MINIMUM 0.00 1911
TOTALS 0.69 0.88 -0.19 1.00
DAILY AVG. 0.02 0.03 -0.01 0.03
DAYS >= .01 4 5.6 -1.6 5
DAYS >= .10 3 2.2 0.8 3
DAYS >= .50 0 0.4 -0.4 0
DAYS >= 1.00 0 0.1 -0.1 0
GREATEST
24 HR. TOTAL 0.27 03/24 TO 03/24 0.41
STORM TOTAL 0.27
(MM/DD(HH))
SNOWFALL (INCHES)
RECORDS
TOTAL 32.0 1912
TOTALS 6.4 4.8 1.6 5.3
SINCE 7/1 32.8 26.5 6.3 40.6
SNOWDEPTH AVG. 0 0
DAYS >= 1.0 2 1.4 0.6 2
GREATEST
SNOW DEPTH 6R 03/26 2 03/26
DEGREE DAYS
HEATING TOTAL 699 732 -33 886
SINCE 7/1 4681 5077 -396 5412
COOLING TOTAL 0 0 0 0
SINCE 1/1 0 0 0 0
................................................................
WIND (MPH)
AVERAGE WIND SPEED 11.6
HIGHEST WIND SPEED/DIRECTION 38/340 DATE 03/25
HIGHEST GUST SPEED/DIRECTION 58/340 DATE 03/25
SKY COVER
AVERAGE SKY COVER 0.24
AVERAGE RH (PERCENT) 55
WEATHER CONDITIONS. NUMBER OF DAYS WITH
THUNDERSTORM 1 MIXED PRECIP 0
HEAVY RAIN 0 RAIN 2
LIGHT RAIN 2 FREEZING RAIN 0
LT FREEZING RAIN 1 HAIL 0
HEAVY SNOW 0 SNOW 1
LIGHT SNOW 2 SLEET 0
FOG 7 FOG W/VIS <= 1/4 MILE 1
HAZE 1
- INDICATES NEGATIVE NUMBERS.
R INDICATES RECORD WAS SET OR TIED.
MM INDICATES DATA IS MISSING.
T INDICATES TRACE AMOUNT.
$$