000
CXUS53 KAPX 010730
CF6GLR
PRELIMINARY LOCAL CLIMATOLOGICAL DATA (WS FORM: F-6)
STATION: GAYLORD
MONTH: MARCH
YEAR: 2023
LATITUDE: 45 0 N
LONGITUDE: 84 42 W
TEMPERATURE IN F: :PCPN: SNOW: WIND :SUNSHINE: SKY :PK WND
================================================================================
1 2 3 4 5 6A 6B 7 8 9 10 11 12 13 14 15 16 17 18
12Z AVG MX 2MIN
DY MAX MIN AVG DEP HDD CDD WTR SNW DPTH SPD SPD DIR MIN PSBL S-S WX SPD DR
================================================================================
1 42 25 34 12 31 0 0.02 M M 3.5 13 140 M M 9 18 19 190
2 33 28 31 9 34 0 0.04 M M 3.5 12 40 M M 10 18 17 340
3 36 28 32 9 33 0 0.00 M M 6.9 16 130 M M 9 24 130
4 45 20 33 10 32 0 0.08 M M 5.7 15 230 M M 4 128 21 220
5 45 31 38 15 27 0 0.02 M M 4.5 13 260 M M 4 18 17 260
6 35 29 32 8 33 0 0.13 M M 7.4 17 60 M M 9 128 30 40
7 40 22 31 7 34 0 0.00 M M 4.7 13 40 M M 2 19 70
8 40 17 29 5 36 0 0.00 M M 5.1 13 50 M M 0 8 17 70
9 40 26 33 8 32 0 0.00 M M 6.6 15 50 M M 4 23 50
10 31 25 28 3 37 0 0.01 M M 8.8 18 50 M M 10 18 30 50
11 36 9 23 -3 42 0 T M M 3.5 13 50 M M 0 17 50
12 30 21 26 0 39 0 T M M 5.8 12 50 M M 9 1 16 110
13 23 17 20 -6 45 0 T M M 5.7 10 320 M M 10 1 17 20
14 31 12 22 -5 43 0 0.00 M M 5.0 13 290 M M 0 20 280
15 44 7 26 -1 39 0 0.00 M M 8.1 17 210 M M 3 26 220
16 48 35 42 14 23 0 0.21 M M 8.9 18 230 M M 9 1 27 220
17 39 21 30 2 35 0 0.19 M M 12.5 30 260 M M 10 12 45 260
18 22 13 18 -10 47 0 0.07 M M 13.6 25 230 M M 10 18 34 240
19 35 18 27 -2 38 0 T M M 15.8 28 240 M M 4 8 38 260
20 41 27 34 5 31 0 T M M 11.9 25 240 M M 5 8 35 240
21 36 19 28 -2 37 0 T M M 5.4 13 120 M M 2 8 19 60
22 40 25 33 3 32 0 0.02 M M 8.2 16 210 M M 9 128 23 190
23 41 22 32 2 33 0 0.00 M M 7.4 14 230 M M 7 1 30 290
24 41 15 28 -3 37 0 T M M 2.9 7 99 M M 0 M M
25 32 27 30 -1 35 0 0.55 M M 10.4 21 50 M M 8 12 31 60
26 44 22 33 1 32 0 0.00 M M 6.6 14 260 M M 1 18 21 260
27 42 17 30 -2 35 0 0.00 M M 4.0 12 30 M M 2 17 20
28 41 15 28 -4 37 0 0.00 M M 6.9 17 260 M M 1 26 240
29 33 13 23 -10 42 0 0.03 M M 10.4 23 250 M M 7 18 36 280
30 40 12 26 -7 39 0 0.01 M M 6.5 17 230 M M 2 30 230
31 42 32 37 3 28 0 0.51 M M 7.3 16 60 M M 10 126 28 60
================================================================================
SM 1168 650 1098 0 1.89 M 223.5 M 170
================================================================================
AV 37.7 21.0 7.2 FASTST M M 5 MAX(MPH)
MISC ----> 30 260 45 260
================================================================================
NOTES:
# LAST OF SEVERAL OCCURRENCES
COLUMN 17 PEAK WIND IN M.P.H.
PRELIMINARY LOCAL CLIMATOLOGICAL DATA (WS FORM: F-6) , PAGE 2
STATION: GAYLORD
MONTH: MARCH
YEAR: 2023
LATITUDE: 45 0 N
LONGITUDE: 84 42 W
[TEMPERATURE DATA] [PRECIPITATION DATA] SYMBOLS USED IN COLUMN 16
AVERAGE MONTHLY: 29.3 TOTAL FOR MONTH: 1.89 1 = FOG OR MIST
DPTR FM NORMAL: 1.6 DPTR FM NORMAL: 0.47 2 = FOG REDUCING VISIBILITY
HIGHEST: 48 ON 16 GRTST 24HR 0.55 ON 25-25 TO 1/4 MILE OR LESS
LOWEST: 7 ON 15 3 = THUNDER
SNOW, ICE PELLETS, HAIL 4 = ICE PELLETS
TOTAL MONTH: M 5 = HAIL
GRTST 24HR M ON M 6 = FREEZING RAIN OR DRIZZLE
GRTST DEPTH: M ON M 7 = DUSTSTORM OR SANDSTORM:
VSBY 1/2 MILE OR LESS
8 = SMOKE OR HAZE
[NO. OF DAYS WITH] [WEATHER - DAYS WITH] 9 = BLOWING SNOW
X = TORNADO
MAX 32 OR BELOW: 6 0.01 INCH OR MORE: 14
MAX 90 OR ABOVE: 0 0.10 INCH OR MORE: 5
MIN 32 OR BELOW: 30 0.50 INCH OR MORE: 2
MIN 0 OR BELOW: 0 1.00 INCH OR MORE: 0
[HDD (BASE 65) ]
TOTAL THIS MO. 1098 CLEAR (SCALE 0-3) 11
DPTR FM NORMAL -59 PTCLDY (SCALE 4-7) 7
TOTAL FM JUL 1 6040 CLOUDY (SCALE 8-10) 13
DPTR FM NORMAL -1062
[CDD (BASE 65) ]
TOTAL THIS MO. 0
DPTR FM NORMAL 0 [PRESSURE DATA]
TOTAL FM JAN 1 0 HIGHEST SLP 30.65 ON 8
DPTR FM NORMAL 0 LOWEST SLP 29.25 ON 17
[REMARKS]
#FINAL-03-23#