000
CXUS54 KFWD 010730
CF6GOP
PRELIMINARY LOCAL CLIMATOLOGICAL DATA (WS FORM: F-6)
STATION: GATESVILLE
MONTH: SEPTEMBER
YEAR: 2023
LATITUDE: 31 25 N
LONGITUDE: 97 48 W
TEMPERATURE IN F: :PCPN: SNOW: WIND :SUNSHINE: SKY :PK WND
================================================================================
1 2 3 4 5 6A 6B 7 8 9 10 11 12 13 14 15 16 17 18
12Z AVG MX 2MIN
DY MAX MIN AVG DEP HDD CDD WTR SNW DPTH SPD SPD DIR MIN PSBL S-S WX SPD DR
================================================================================
1 99 72 86 5 0 21 0.00 M M 3.4 9 190 M M 0 16 160
2 100 70 85 5 0 20 0.00 M M 2.7 12 200 M M 0 16 50
3 102 72 87 7 0 22 0.26 M M 6.1 15 140 M M 2 24 40
4 100 77 89 9 0 24 0.00 M M 7.6 13 150 M M 0 21 100
5 102 79 91 11 0 26 0.00 M M 9.2 15 190 M M 0 22 190
6 102 79 91 12 0 26 0.00 M M 5.6 10 210 M M 1 16 170
7 106 81 94 15 0 29 0.00 M M 4.9 10 200 M M 0 16 230
8 108 77 93 14 0 28 0.00 M M 6.8 12 230 M M 0 17 220
9 104 79 92 14 0 27 0.00 M M 8.0 12 70 M M 0 28 50
10 95 73 84 6 0 19 0.00 M M 4.2 8 70 M M 0 18 99
11 95 72 84 6 0 19 0.00 M M 5.5 10 150 M M 1 28 310
12 91 73 82 4 0 17 0.00 M M 6.4 13 310 M M 2 20 310
13 77 68 73 -4 0 8 0.22 M M 3.4 8 M M M 6 M M
14 82 70 76 -1 0 11 0.24 M M 4.4 12 50 M M 7 1 20 50
15 84 68 76 0 0 11 1.21 M M 3.6 8 150 M M 5 1 22 99
16 82 68 75 -1 0 10 0.39 M M 2.5 9 50 M M 4 14 340
17 90 68 79 3 0 14 0.00 M M 3.8 12 350 M M 0 15 320
18 91 61 76 0 0 11 0.00 M M 1.9 8 170 M M 0 13 0
19 95 70 83 8 0 18 0.00 M M 9.2 17 190 M M 0 25 170
20 97 72 85 10 0 20 0.00 M M 9.1 16 210 M M 0 25 190
21 97 73 85 11 0 20 0.00 M M 5.9 10 150 M M 2 17 150
22 97 75 86 12 0 21 0.00 M M 7.9 14 190 M M 0 21 180
23 99 77 88 14 0 23 0.00 M M 9.7 16 200 M M 0 23 200
24 102 75 89 16 0 24 0.07 M M 8.7 14 210 M M 2 3 23 200
25 90 72 81 8 0 16 0.24 M M 2.9 9 50 M M 3 17 50
26 91 70 81 9 0 16 0.00 M M 2.9 8 60 M M 1 14 60
27 93 70 82 10 0 17 0.00 M M 1.8 7 99 M M 0 14 0
28 95 68 82 10 0 17 0.00 M M 2.2 7 99 M M 0 16 99
29 93 72 83 11 0 18 0.00 M M 4.7 10 140 M M 0 22 130
30 93 70 82 11 0 17 0.00 M M 3.5 10 140 M M 0 18 140
================================================================================
SM 2852 2171 0 570 2.63 M 158.1 M 36
================================================================================
AV 95.1 72.4 5.3 FASTST M M 1 MAX(MPH)
MISC ----> 17 190 # 28 50
================================================================================
NOTES:
# LAST OF SEVERAL OCCURRENCES
COLUMN 17 PEAK WIND IN M.P.H.
PRELIMINARY LOCAL CLIMATOLOGICAL DATA (WS FORM: F-6) , PAGE 2
STATION: GATESVILLE
MONTH: SEPTEMBER
YEAR: 2023
LATITUDE: 31 25 N
LONGITUDE: 97 48 W
[TEMPERATURE DATA] [PRECIPITATION DATA] SYMBOLS USED IN COLUMN 16
AVERAGE MONTHLY: 83.7 TOTAL FOR MONTH: 2.63 1 = FOG OR MIST
DPTR FM NORMAL: 7.5 DPTR FM NORMAL: M 2 = FOG REDUCING VISIBILITY
HIGHEST: 108 ON 8 GRTST 24HR 1.21 ON 15-15 TO 1/4 MILE OR LESS
LOWEST: 61 ON 18 3 = THUNDER
SNOW, ICE PELLETS, HAIL 4 = ICE PELLETS
TOTAL MONTH: M 5 = HAIL
GRTST 24HR M ON M 6 = FREEZING RAIN OR DRIZZLE
GRTST DEPTH: M ON M 7 = DUSTSTORM OR SANDSTORM:
VSBY 1/2 MILE OR LESS
8 = SMOKE OR HAZE
[NO. OF DAYS WITH] [WEATHER - DAYS WITH] 9 = BLOWING SNOW
X = TORNADO
MAX 32 OR BELOW: 0 0.01 INCH OR MORE: 7
MAX 90 OR ABOVE: 26 0.10 INCH OR MORE: 6
MIN 32 OR BELOW: 0 0.50 INCH OR MORE: 1
MIN 0 OR BELOW: 0 1.00 INCH OR MORE: 1
[HDD (BASE 65) ]
TOTAL THIS MO. 0 CLEAR (SCALE 0-3) 25
DPTR FM NORMAL -8 PTCLDY (SCALE 4-7) 5
TOTAL FM JUL 1 0 CLOUDY (SCALE 8-10) 0
DPTR FM NORMAL -7
[CDD (BASE 65) ]
TOTAL THIS MO. 570
DPTR FM NORMAL 226 [PRESSURE DATA]
TOTAL FM JAN 1 3074 HIGHEST SLP M ON M
DPTR FM NORMAL 901 LOWEST SLP M ON M
[REMARKS]
#FINAL-09-23#