000
CXUS53 KGRB 012331
CF6GRB
PRELIMINARY LOCAL CLIMATOLOGICAL DATA (WS FORM: F-6)
STATION: GREEN BAY WI
MONTH: OCTOBER
YEAR: 2023
LATITUDE: 44 28 N
LONGITUDE: 88 8 W
TEMPERATURE IN F: :PCPN: SNOW: WIND :SUNSHINE: SKY :PK WND
================================================================================
1 2 3 4 5 6A 6B 7 8 9 10 11 12 13 14 15 16 17 18
12Z AVG MX 2MIN
DY MAX MIN AVG DEP HDD CDD WTR SNW DPTH SPD SPD DIR MIN PSBL S-S WX SPD DR
================================================================================
1 88 58 73 18 0 8 0.00 0.0 0 7.0 16 150 M M 0 1 20 230
2 87 60 74 20 0 9 0.00 0.0 0 7.0 18 180 M M 0 18 25 170
3 86 54 70 16 0 5 0.00 0.0 0 7.8 20 190 M M 0 18 30 180
4 81 62 72 18 0 7 0.00 0.0 0 10.8 22 210 M M 3 36 210
5 74 49 62 9 3 0 T 0.0 0 8.7 21 280 M M 2 32 270
6 63 43 53 0 12 0 0.03 0.0 0 10.7 23 270 M M 3 34 290
7 60 33 47 -5 18 0 0.00 0.0 0 10.2 21 300 M M 2 30 320
8 58 33 46 -6 19 0 0.00 0.0 0 6.1 14 340 M M 3 22 260
9 57 33 45 -7 20 0 T 0.0 0 10.0 22 290 M M 5 31 310
10 53 43 48 -3 17 0 T 0.0 0 6.3 14 310 M M 10 20 320
11 59 34 47 -4 18 0 0.00 0.0 0 3.4 12 50 M M 5 8 16 40
12 60 35 48 -2 17 0 0.06 0.0 0 11.5 22 40 M M 6 8 28 40
13 51 48 50 0 15 0 0.76 0.0 0 12.6 20 50 M M 10 1 29 50
14 56 45 51 1 14 0 0.01 0.0 0 15.5 26 20 M M 9 1 38 20
15 56 41 49 0 16 0 0.00 0.0 0 11.3 18 10 M M 7 23 20
16 59 36 48 -1 17 0 0.00 0.0 0 6.4 16 360 M M 4 20 360
17 57 33 45 -3 20 0 0.00 0.0 0 2.8 9 160 M M 4 1 14 170
18 68 40 54 6 11 0 0.03 0.0 0 9.3 20 160 M M 4 26 160
19 63 48 56 8 9 0 0.17 0.0 0 4.8 18 290 M M 9 1 24 260
20 61 37 49 2 16 0 0.00 0.0 0 9.4 21 330 M M 5 31 320
21 46 37 42 -5 23 0 0.36 0.0 0 7.6 14 350 M M 9 1 20 20
22 55 34 45 -1 20 0 0.00 0.0 0 5.4 13 300 M M 1 16 320
23 58 34 46 0 19 0 0.07 0.0 0 6.1 17 140 M M 8 13 22 140
24 69 52 61 15 4 0 1.25 0.0 0 6.6 20 140 M M 9 13 25 180
25 63 53 58 13 7 0 0.07 0.0 0 7.8 16 40 M M 10 1 20 190
26 64 53 59 14 6 0 0.74 0.0 0 6.5 13 40 M M 10 1 17 190
27 70 38 54 10 11 0 0.02 0.0 0 10.3 25 280 M M 9 1 35 270
28 44 33 39 -5 26 0 0.00 0.0 0 6.4 15 300 M M 5 21 300
29 41 32 37 -7 28 0 0.00 0.0 0 6.5 13 350 M M 8 16 340
30 37 26 32 -11 33 0 0.00 0.0 0 9.6 22 300 M M 1 29 280
31 40 26 33 -10 32 0 0.08 0.7 0 8.6 20 360 M M 7 18 27 340
================================================================================
SM 1884 1283 451 29 3.65 0.7 253.0 M 168
================================================================================
AV 60.8 41.4 8.2 FASTST M M 5 MAX(MPH)
MISC ----> 26 20 38 20
================================================================================
NOTES:
# LAST OF SEVERAL OCCURRENCES
COLUMN 17 PEAK WIND IN M.P.H.
PRELIMINARY LOCAL CLIMATOLOGICAL DATA (WS FORM: F-6) , PAGE 2
STATION: GREEN BAY WI
MONTH: OCTOBER
YEAR: 2023
LATITUDE: 44 28 N
LONGITUDE: 88 8 W
[TEMPERATURE DATA] [PRECIPITATION DATA] SYMBOLS USED IN COLUMN 16
AVERAGE MONTHLY: 51.1 TOTAL FOR MONTH: 3.65 1 = FOG OR MIST
DPTR FM NORMAL: 2.4 DPTR FM NORMAL: 0.98 2 = FOG REDUCING VISIBILITY
HIGHEST: 88 ON 1 GRTST 24HR 1.30 ON 24-25 TO 1/4 MILE OR LESS
LOWEST: 26 ON 31,30 3 = THUNDER
SNOW, ICE PELLETS, HAIL 4 = ICE PELLETS
TOTAL MONTH: 0.7 INCH 5 = HAIL
GRTST 24HR 0.7 ON 31-31 6 = FREEZING RAIN OR DRIZZLE
GRTST DEPTH: 0 7 = DUSTSTORM OR SANDSTORM:
VSBY 1/2 MILE OR LESS
8 = SMOKE OR HAZE
[NO. OF DAYS WITH] [WEATHER - DAYS WITH] 9 = BLOWING SNOW
X = TORNADO
MAX 32 OR BELOW: 0 0.01 INCH OR MORE: 13
MAX 90 OR ABOVE: 0 0.10 INCH OR MORE: 5
MIN 32 OR BELOW: 3 0.50 INCH OR MORE: 3
MIN 0 OR BELOW: 0 1.00 INCH OR MORE: 1
[HDD (BASE 65) ]
TOTAL THIS MO. 451 CLEAR (SCALE 0-3) 9
DPTR FM NORMAL -56 PTCLDY (SCALE 4-7) 12
TOTAL FM JUL 1 555 CLOUDY (SCALE 8-10) 10
DPTR FM NORMAL -163
[CDD (BASE 65) ]
TOTAL THIS MO. 29
DPTR FM NORMAL 25 [PRESSURE DATA]
TOTAL FM JAN 1 624 HIGHEST SLP 30.36 ON 28
DPTR FM NORMAL 116 LOWEST SLP 29.57 ON 19
[REMARKS]
#FINAL-10-23#