000
CXUS53 KIWX 010910
CF6GSH
PRELIMINARY LOCAL CLIMATOLOGICAL DATA (WS FORM: F-6)
STATION: GOSHEN
MONTH: FEBRUARY
YEAR: 2022
LATITUDE: 41 31 N
LONGITUDE: 85 47 W
TEMPERATURE IN F: :PCPN: SNOW: WIND :SUNSHINE: SKY :PK WND
================================================================================
1 2 3 4 5 6A 6B 7 8 9 10 11 12 13 14 15 16 17 18
12Z AVG MX 2MIN
DY MAX MIN AVG DEP HDD CDD WTR SNW DPTH SPD SPD DIR MIN PSBL S-S WX SPD DR
================================================================================
1 46 26 36 11 29 0 0.17 M M 10.1 21 180 M M 6 128 28 190
2 39 22 31 6 34 0 0.41 M M 12.6 21 10 M M 10 12 29 360
3 22 14 18 -7 47 0 T M M 15.9 22 30 M M 10 1 29 20
4 19 5 12 -13 53 0 T M M 7.3 14 20 M M 4 18 19 30
5 17 9 13 -13 52 0 T M M 9.3 16 180 M M 5 18 23 190
6 31 14 23 -3 42 0 0.00 M M 12.6 18 190 M M 0 23 200
7 27 18 23 -3 42 0 T M M 11.3 15 290 M M 9 18 M M
8 37 9 23 -3 42 0 0.00 M M 8.9 18 200 M M 10 8 23 200
9 38 32 35 9 30 0 T M M 13.5 33 260 M M M 26 260
10 35 27 31 5 34 0 T M M 13.3 23 220 M M M 1 31 240
11 M M M M M M 0.00 M M M M M M M M M M
12 31 16 24 -3 41 0 T M M 13.0 25 340 M M M 33 340
13 18 8 13 -14 52 0 T M M 9.9 20 280 M M M 24 290
14 19 7 13 -14 52 0 0.00 M M 4.5 14 M M M M 19 210
15 M M M M M M 0.00 M M M M M M M M M M
16 52 34 43 15 22 0 0.28 M M 19.7 29 200 M M 9 1 41 190
17 50 21 36 8 29 0 1.08 M M 14.6 31 190 M M 10 126 50 190
18 31 16 24 -4 41 0 T M M 13.8 30 210 M M 5 18 44 230
19 31 12 22 -7 43 0 T M M 15.7 33 280 M M 7 189 45 300
20 47 13 30 1 35 0 0.00 M M 15.8 28 210 M M 0 38 210
21 54 32 43 14 22 0 0.00 M M 8.1 15 130 M M 2 21 140
22 56 27 42 12 23 0 0.10 M M 15.0 36 260 M M 10 1 51 270
23 27 21 24 -6 41 0 T M M 13.5 24 290 M M 10 33 280
24 29 21 25 -5 40 0 0.05 M M 11.5 22 80 M M 10 128 31 80
25 27 14 21 -10 44 0 0.01 M M 8.4 16 360 M M 7 16 21 360
26 31 17 24 -7 41 0 T M M 11.8 21 220 M M 2 27 230
27 40 25 33 1 32 0 0.00 M M 11.3 21 290 M M 0 29 280
28 46 22 34 2 31 0 0.00 M M 9.1 20 200 M M 1 26 140
================================================================================
SM 900 482 994 0 2.10 M 310.5 M 127
================================================================================
AV 34.6 18.5 11.9 FASTST M M 6 MAX(MPH)
MISC ----> 36 260 51 270
================================================================================
NOTES:
# LAST OF SEVERAL OCCURRENCES
COLUMN 17 PEAK WIND IN M.P.H.
PRELIMINARY LOCAL CLIMATOLOGICAL DATA (WS FORM: F-6) , PAGE 2
STATION: GOSHEN
MONTH: FEBRUARY
YEAR: 2022
LATITUDE: 41 31 N
LONGITUDE: 85 47 W
[TEMPERATURE DATA] [PRECIPITATION DATA] SYMBOLS USED IN COLUMN 16
AVERAGE MONTHLY: 26.6 TOTAL FOR MONTH: 2.10 1 = FOG OR MIST
DPTR FM NORMAL: -1.3 DPTR FM NORMAL: 0.51 2 = FOG REDUCING VISIBILITY
HIGHEST: 56 ON 22 GRTST 24HR 1.36 ON 16-17 TO 1/4 MILE OR LESS
LOWEST: 5 ON 4 3 = THUNDER
SNOW, ICE PELLETS, HAIL 4 = ICE PELLETS
TOTAL MONTH: M 5 = HAIL
GRTST 24HR M ON M 6 = FREEZING RAIN OR DRIZZLE
GRTST DEPTH: M ON M 7 = DUSTSTORM OR SANDSTORM:
VSBY 1/2 MILE OR LESS
8 = SMOKE OR HAZE
[NO. OF DAYS WITH] [WEATHER - DAYS WITH] 9 = BLOWING SNOW
X = TORNADO
MAX 32 OR BELOW: 14 0.01 INCH OR MORE: 7
MAX 90 OR ABOVE: 0 0.10 INCH OR MORE: 5
MIN 32 OR BELOW: 25 0.50 INCH OR MORE: 1
MIN 0 OR BELOW: 0 1.00 INCH OR MORE: 1
[HDD (BASE 65) ]
TOTAL THIS MO. 994 CLEAR (SCALE 0-3) 6
DPTR FM NORMAL -46 PTCLDY (SCALE 4-7) 6
TOTAL FM JUL 1 4233 CLOUDY (SCALE 8-10) 16
DPTR FM NORMAL -384
[CDD (BASE 65) ]
TOTAL THIS MO. 0
DPTR FM NORMAL 0 [PRESSURE DATA]
TOTAL FM JAN 1 0 HIGHEST SLP 30.54 ON 26
DPTR FM NORMAL 0 LOWEST SLP 29.63 ON 22
[REMARKS]
#FINAL-02-22#