000
CXUS52 KRAH 010945
CF6GSO
PRELIMINARY LOCAL CLIMATOLOGICAL DATA (WS FORM: F-6)
STATION: GREENSBORO NC
MONTH: DECEMBER
YEAR: 2023
LATITUDE: 36 4 N
LONGITUDE: 79 57 W
TEMPERATURE IN F: :PCPN: SNOW: WIND :SUNSHINE: SKY :PK WND
================================================================================
1 2 3 4 5 6A 6B 7 8 9 10 11 12 13 14 15 16 17 18
12Z AVG MX 2MIN
DY MAX MIN AVG DEP HDD CDD WTR SNW DPTH SPD SPD DIR MIN PSBL S-S WX SPD DR
================================================================================
1 55 34 45 0 20 0 T 0.0 0 4.2 13 180 M M 9 1 16 180
2 61 50 56 11 9 0 0.01 0.0 0 3.2 13 200 M M 10 12 18 200
3 67 47 57 12 8 0 0.29 0.0 0 9.3 16 290 M M 9 1 23 270
4 62 38 50 5 15 0 0.00 0.0 0 3.8 16 240 M M 5 20 230
5 56 37 47 3 18 0 0.02 0.0 0 2.7 15 330 M M 4 19 320
6 49 33 41 -3 24 0 0.00 0.0 0 8.4 22 330 M M 3 30 320
7 52 27 40 -4 25 0 0.00 0.0 0 8.6 17 220 M M 3 23 210
8 62 35 49 5 16 0 0.00 0.0 0 7.2 17 220 M M 7 21 230
9 60 43 52 8 13 0 T 0.0 0 6.3 12 210 M M 8 17 260
10 61 41 51 8 14 0 2.86 0.0 0 8.6 23 340 M M 10 13 39 340
11 46 29 38 -5 27 0 0.28 0.0 0 6.2 23 70 M M 5 1 30 70
12 51 25 38 -5 27 0 0.00 0.0 0 4.5 10 220 M M 2 14 210
13 58 29 44 1 21 0 0.00 0.0 0 4.6 14 310 M M 5 20 330
14 52 30 41 -2 24 0 0.00 0.0 0 2.8 10 90 M M 1 14 90
15 59 27 43 1 22 0 0.00 0.0 0 1.0 6 230 M M 0 9 200
16 56 29 43 1 22 0 0.00 0.0 0 3.9 10 70 M M 7 14 110
17 51 41 46 4 19 0 1.89 0.0 0 10.9 18 20 M M 10 1 35 340
18 55 32 44 2 21 0 0.00 0.0 0 16.3 28 310 M M 4 40 300
19 43 27 35 -7 30 0 0.00 0.0 0 9.6 18 300 M M 0 25 300
20 50 22 36 -6 29 0 0.00 0.0 0 0.8 6 290 M M 2 9 300
21 57 25 41 -1 24 0 0.00 0.0 0 3.0 8 240 M M 6 12 230
22 59 33 46 5 19 0 0.00 0.0 0 2.9 10 190 M M 8 13 190
23 61 36 49 8 16 0 0.00 0.0 0 2.3 12 200 M M 8 17 210
24 65 37 51 10 14 0 0.00 0.0 0 3.7 12 220 M M 7 17 200
25 58 41 50 9 15 0 0.09 0.0 0 6.3 14 90 M M 9 18 19 80
26 55 49 52 11 13 0 1.19 0.0 0 10.8 23 100 M M 10 1 32 80
27 60 50 55 14 10 0 0.45 0.0 0 4.7 26 100 M M 10 1 35 100
28 57 40 49 8 16 0 0.00 0.0 0 4.8 12 230 M M 7 12 17 250
29 48 33 41 1 24 0 0.02 0.0 0 6.2 22 310 M M 6 28 300
30 46 28 37 -3 28 0 0.00 0.0 0 7.4 15 280 M M 5 22 300
31 51 26 39 -1 26 0 0.00 0.0 0 5.3 12 240 M M 2 16 200
================================================================================
SM 1723 1074 609 0 7.10 0.0 180.3 M 182
================================================================================
AV 55.6 34.6 5.8 FASTST M M 6 MAX(MPH)
MISC ----> 28 310 40 300
================================================================================
NOTES:
# LAST OF SEVERAL OCCURRENCES
COLUMN 17 PEAK WIND IN M.P.H.
PRELIMINARY LOCAL CLIMATOLOGICAL DATA (WS FORM: F-6) , PAGE 2
STATION: GREENSBORO NC
MONTH: DECEMBER
YEAR: 2023
LATITUDE: 36 4 N
LONGITUDE: 79 57 W
[TEMPERATURE DATA] [PRECIPITATION DATA] SYMBOLS USED IN COLUMN 16
AVERAGE MONTHLY: 45.1 TOTAL FOR MONTH: 7.10 1 = FOG OR MIST
DPTR FM NORMAL: 2.6 DPTR FM NORMAL: 3.93 2 = FOG REDUCING VISIBILITY
HIGHEST: 67 ON 3 GRTST 24HR 3.14 ON 10-11 TO 1/4 MILE OR LESS
LOWEST: 22 ON 20 3 = THUNDER
SNOW, ICE PELLETS, HAIL 4 = ICE PELLETS
TOTAL MONTH: 0.0 INCH 5 = HAIL
GRTST 24HR 0.0 6 = FREEZING RAIN OR DRIZZLE
GRTST DEPTH: 0 7 = DUSTSTORM OR SANDSTORM:
VSBY 1/2 MILE OR LESS
8 = SMOKE OR HAZE
[NO. OF DAYS WITH] [WEATHER - DAYS WITH] 9 = BLOWING SNOW
X = TORNADO
MAX 32 OR BELOW: 0 0.01 INCH OR MORE: 10
MAX 90 OR ABOVE: 0 0.10 INCH OR MORE: 6
MIN 32 OR BELOW: 13 0.50 INCH OR MORE: 3
MIN 0 OR BELOW: 0 1.00 INCH OR MORE: 3
[HDD (BASE 65) ]
TOTAL THIS MO. 609 CLEAR (SCALE 0-3) 7
DPTR FM NORMAL -90 PTCLDY (SCALE 4-7) 16
TOTAL FM JUL 1 1230 CLOUDY (SCALE 8-10) 8
DPTR FM NORMAL -139
[CDD (BASE 65) ]
TOTAL THIS MO. 0
DPTR FM NORMAL -1 [PRESSURE DATA]
TOTAL FM JAN 1 1372 HIGHEST SLP 30.75 ON 14
DPTR FM NORMAL -181 LOWEST SLP 29.38 ON 18
[REMARKS]
#FINAL-12-23#