000
CXUS52 KRAH 011433
CLMGSO
CLIMATE REPORT
NATIONAL WEATHER SERVICE RALEIGH NC
1033 AM EDT SAT JUL 01 2023
...................................
...THE GREENSBORO NC CLIMATE SUMMARY FOR THE MONTH OF JUNE 2023...
CLIMATE NORMAL PERIOD 1991 TO 2020
CLIMATE RECORD PERIOD 1903 TO 2023
WEATHER OBSERVED NORMAL DEPART LAST YEAR`S
VALUE DATE(S) VALUE FROM VALUE
NORMAL
..............................................................
TEMPERATURE (F)
RECORD
HIGH 104 06/12/1914
06/12/1911
LOW 42 06/08/1977
06/12/1972
06/11/1972
HIGHEST 89 06/30 96
LOWEST 50 06/09 56
AVG. MAXIMUM 80.3 85.2 -4.9 86.8
AVG. MINIMUM 61.0 65.4 -4.4 65.6
MEAN 70.7 75.3 -4.6 76.2
DAYS MAX >= 90 0 9
DAYS MAX <= 32 0 0
DAYS MIN <= 32 0 0
DAYS MIN <= 0 0 0
PRECIPITATION (INCHES)
RECORD
MAXIMUM 10.50 2006
TOTALS 3.15 4.09 -0.94 1.90
DAYS >= .01 12
DAYS >= .10 9
DAYS >= .50 1
DAYS >= 1.00 0
GREATEST
24 HR. TOTAL 1.08 06/19 TO 06/20
DEGREE DAYS
HEATING TOTAL 6 5 1 0
SINCE 7/1 3121 3495 -374 MM
COOLING TOTAL 183 314 -131 343
SINCE 1/1 300 497 -197 MM
..............................................................
WIND (MPH)
AVERAGE WIND SPEED 6.9
HIGHEST WIND SPEED/DIRECTION 26/240 DATE 06/11
HIGHEST GUST SPEED/DIRECTION 34/260 DATE 06/14
SKY COVER
POSSIBLE SUNSHINE (PERCENT) MM
AVERAGE SKY COVER 0.57
NUMBER OF DAYS FAIR 9
NUMBER OF DAYS PC 13
NUMBER OF DAYS CLOUDY 8
AVERAGE RH (PERCENT) 69
WEATHER CONDITIONS. NUMBER OF DAYS WITH
THUNDERSTORM 6 MIXED PRECIP 0
HEAVY RAIN 2 RAIN 6
LIGHT RAIN 14 FREEZING RAIN 0
LT FREEZING RAIN 0 HAIL 0
HEAVY SNOW 0 SNOW 0
LIGHT SNOW 0 SLEET 0
FOG 12 FOG W/VIS <= 1/4 MILE 1
HAZE 8
- INDICATES NEGATIVE NUMBERS.
R INDICATES RECORD WAS SET OR TIED.
MM INDICATES DATA IS MISSING.
T INDICATES TRACE AMOUNT.
&&
THE AVERAGE MEAN TEMPERATURE OF 70.7 TIED FOR THE 7TH COOLEST JUNE ON RECORD.
A RECORD DAILY LOW MAXIMUM TEMPERATURE OF 68 DEGREES WAS TIED AT
GREENSBORO NC ON JUNE 22. THIS TIES THE OLD RECORD OF 68 DEGREES SET
IN 1918.
$$