000
CXUS52 KGSP 010917
CF6GSP
PRELIMINARY LOCAL CLIMATOLOGICAL DATA (WS FORM: F-6)
STATION: GREENVILLE-SPARTANBURG SC
MONTH: JANUARY
YEAR: 2023
LATITUDE: 34 54 N
LONGITUDE: 82 13 W
TEMPERATURE IN F: :PCPN: SNOW: WIND :SUNSHINE: SKY :PK WND
================================================================================
1 2 3 4 5 6A 6B 7 8 9 10 11 12 13 14 15 16 17 18
12Z AVG MX 2MIN
DY MAX MIN AVG DEP HDD CDD WTR SNW DPTH SPD SPD DIR MIN PSBL S-S WX SPD DR
================================================================================
1 59 47 53 10 12 0 0.00 0.0 0 2.8 10 220 M M 8 12 12 220
2 72 48 60 17 5 0 0.00 0.0 0 5.4 16 230 M M 8 12 20 230
3 63 50 57 15 8 0 0.91 0.0 0 7.0 16 200 M M 8 123 21 200
4 64 51 58 16 7 0 2.74 0.0 0 8.6 18 200 M M 9 13 22 210
5 64 39 52 10 13 0 0.00 0.0 0 10.5 21 240 M M 0 27 270
6 58 33 46 4 19 0 0.00 0.0 0 3.6 13 250 M M 0 18 290
7 55 36 46 4 19 0 T 0.0 0 1.8 10 220 M M 5 11 240
8 51 43 47 5 18 0 0.29 0.0 0 5.0 10 50 M M 9 1 13 50
9 54 34 44 2 21 0 0.00 0.0 0 3.9 18 360 M M 4 12 30 360
10 60 30 45 3 20 0 0.00 0.0 0 3.5 13 200 M M 0 17 210
11 58 35 47 5 18 0 T 0.0 0 1.6 7 160 M M 5 10 190
12 67 48 58 16 7 0 0.64 T 0 6.4 31 190 M M 8 12358 39 180
13 53 37 45 3 20 0 0.00 0.0 0 9.2 20 340 M M 4 18 31 350
14 44 28 36 -6 29 0 0.00 0.0 0 8.8 16 320 M M 1 28 340
15 57 21 39 -3 26 0 0.00 0.0 0 3.8 13 270 M M 0 16 250
16 57 27 42 0 23 0 0.00 0.0 0 4.0 10 240 M M 0 14 230
17 54 43 49 7 16 0 0.48 0.0 0 8.6 16 240 M M 9 1 19 230
18 64 47 56 14 9 0 T 0.0 0 5.5 12 210 M M 7 12 15 200
19 68 56 62 20 3 0 0.07 0.0 0 13.7 28 220 M M 7 1 36 220
20 65 42 54 12 11 0 0.00 0.0 0 6.0 14 230 M M 0 16 230
21 49 32 41 -1 24 0 0.00 0.0 0 3.7 12 100 M M 0 14 110
22 42 37 40 -2 25 0 1.01 0.0 0 5.9 16 100 M M 9 1 20 100
23 52 31 42 0 23 0 0.00 0.0 0 6.6 15 360 M M 4 1 21 350
24 54 26 40 -3 25 0 0.00 0.0 0 4.4 13 220 M M 0 17 200
25 51 36 44 1 21 0 1.29 0.0 0 8.0 18 240 M M 9 12 25 240
26 52 31 42 -1 23 0 0.00 0.0 0 9.3 20 230 M M 0 25 240
27 50 26 38 -5 27 0 0.00 0.0 0 6.6 15 200 M M 0 19 290
28 59 28 44 1 21 0 0.00 0.0 0 4.4 13 190 M M 0 16 190
29 56 37 47 4 18 0 0.11 0.0 0 4.9 12 200 M M 6 1 15 200
30 67 46 57 14 8 0 0.20 0.0 0 4.6 12 190 M M 5 1 14 210
31 61 51 56 13 9 0 T 0.0 0 5.4 14 240 M M 9 12 16 240
================================================================================
SM 1780 1176 528 0 7.74 T 183.5 M 134
================================================================================
AV 57.4 37.9 5.9 FASTST M M 4 MAX(MPH)
MISC ----> 31 190 39 180
================================================================================
NOTES:
# LAST OF SEVERAL OCCURRENCES
COLUMN 17 PEAK WIND IN M.P.H.
PRELIMINARY LOCAL CLIMATOLOGICAL DATA (WS FORM: F-6) , PAGE 2
STATION: GREENVILLE-SPARTANBURG SC
MONTH: JANUARY
YEAR: 2023
LATITUDE: 34 54 N
LONGITUDE: 82 13 W
[TEMPERATURE DATA] [PRECIPITATION DATA] SYMBOLS USED IN COLUMN 16
AVERAGE MONTHLY: 47.7 TOTAL FOR MONTH: 7.74 1 = FOG OR MIST
DPTR FM NORMAL: 5.2 DPTR FM NORMAL: 3.62 2 = FOG REDUCING VISIBILITY
HIGHEST: 72 ON 2 GRTST 24HR 2.77 ON 3- 4 TO 1/4 MILE OR LESS
LOWEST: 21 ON 15 3 = THUNDER
SNOW, ICE PELLETS, HAIL 4 = ICE PELLETS
TOTAL MONTH: T 5 = HAIL
GRTST 24HR T ON 12-12 6 = FREEZING RAIN OR DRIZZLE
GRTST DEPTH: 0 7 = DUSTSTORM OR SANDSTORM:
VSBY 1/2 MILE OR LESS
8 = SMOKE OR HAZE
[NO. OF DAYS WITH] [WEATHER - DAYS WITH] 9 = BLOWING SNOW
X = TORNADO
MAX 32 OR BELOW: 0 0.01 INCH OR MORE: 10
MAX 90 OR ABOVE: 0 0.10 INCH OR MORE: 9
MIN 32 OR BELOW: 10 0.50 INCH OR MORE: 5
MIN 0 OR BELOW: 0 1.00 INCH OR MORE: 3
[HDD (BASE 65) ]
TOTAL THIS MO. 528 CLEAR (SCALE 0-3) 12
DPTR FM NORMAL -171 PTCLDY (SCALE 4-7) 11
TOTAL FM JUL 1 1814 CLOUDY (SCALE 8-10) 8
DPTR FM NORMAL -80
[CDD (BASE 65) ]
TOTAL THIS MO. 0
DPTR FM NORMAL 0 [PRESSURE DATA]
TOTAL FM JAN 1 0 HIGHEST SLP 30.43 ON 28
DPTR FM NORMAL 0 LOWEST SLP 29.68 ON 13
[REMARKS]
#FINAL-01-23#