000
CXUS56 KTFX 011110
CF6GTF
PRELIMINARY LOCAL CLIMATOLOGICAL DATA (WS FORM: F-6)
STATION: GREAT FALLS MT
MONTH: APRIL
YEAR: 2022
LATITUDE: 47 28 N
LONGITUDE: 111 22 W
TEMPERATURE IN F: :PCPN: SNOW: WIND :SUNSHINE: SKY :PK WND
================================================================================
1 2 3 4 5 6A 6B 7 8 9 10 11 12 13 14 15 16 17 18
12Z AVG MX 2MIN
DY MAX MIN AVG DEP HDD CDD WTR SNW DPTH SPD SPD DIR MIN PSBL S-S WX SPD DR
================================================================================
1 50 25 38 -1 27 0 0.00 0.0 0 10.5 20 250 M M 6 28 260
2 56 27 42 3 23 0 T 0.0 0 14.2 31 230 M M 5 42 250
3 54 23 39 -1 26 0 0.00 0.0 0 13.8 25 220 M M 3 31 230
4 59 32 46 6 19 0 T T 0 21.7 41 270 M M 2 56 240
5 48 30 39 -1 26 0 0.00 0.0 0 28.8 44 270 M M 1 58 280
6 52 24 38 -2 27 0 0.00 0.0 0 14.1 26 270 M M 4 35 270
7 63 17 40 0 25 0 0.00 0.0 0 7.3 14 180 M M 0 17 250
8 76 39 58 17 7 0 T 0.0 0 19.0 32 270 M M 1 45 280
9 46 27 37 -4 28 0 T T 0 17.5 30 260 M M 7 39 250
10 41 21 31 -10 34 0 T T 0 9.4 22 250 M M 6 27 260
11 32 21 27 -14 38 0 0.16 2.8 2 16.1 29 40 M M 10 12 40 30
12 24 13 19 -23 46 0 0.30 4.5 1 14.7 31 30 M M 10 128 41 30
13 20 11 16 -26 49 0 0.03 1.2 4 9.7 17 340 M M 10 18 21 330
14 21 13 17 -25 48 0 T 0.2 4 5.6 13 360 M M 10 1 15 20
15 30 7 19 -23 46 0 0.05 0.4 2 5.1 12 150 M M 6 18 15 160
16 32 8 20 -22 45 0 0.19 3.0 1 7.3 24 80 M M 6 12 31 80
17 43 22 33 -10 32 0 0.01 0.1 4 9.6 21 250 M M 5 1 26 240
18 54 20 37 -6 28 0 0.00 0.0 T 8.1 22 160 M M 0 27 160
19 52 32 42 -1 23 0 0.00 0.0 0 18.3 37 250 M M 2 48 230
20 46 28 37 -6 28 0 0.00 0.0 0 10.8 23 340 M M 3 30 350
21 57 29 43 -1 22 0 0.00 0.0 0 7.8 17 270 M M 6 23 250
22 46 30 38 -6 27 0 0.04 0.0 0 6.8 16 10 M M 9 1 21 350
23 48 29 39 -5 26 0 T 0.0 0 11.7 21 340 M M 9 28 320
24 57 25 41 -3 24 0 0.00 0.0 0 7.7 18 190 M M 1 23 190
25 66 38 52 7 13 0 0.00 0.0 0 11.9 20 200 M M 0 27 180
26 66 39 53 8 12 0 T 0.0 0 16.9 41 250 M M 5 55 250
27 57 32 45 0 20 0 0.00 0.0 0 13.6 25 230 M M 1 31 230
28 58 27 43 -3 22 0 0.05 0.0 0 8.6 23 90 M M 2 30 100
29 52 32 42 -4 23 0 0.89 4.5 2 9.1 20 50 M M 7 12 28 30
30 58 30 44 -2 21 0 0.00 0.0 0 10.9 18 130 M M 4 27 130
================================================================================
SM 1464 751 835 0 1.72 16.7 366.6 M 141
================================================================================
AV 48.8 25.0 12.2 FASTST M M 5 MAX(MPH)
MISC ----> 44 270 58 280
================================================================================
NOTES:
# LAST OF SEVERAL OCCURRENCES
COLUMN 17 PEAK WIND IN M.P.H.
PRELIMINARY LOCAL CLIMATOLOGICAL DATA (WS FORM: F-6) , PAGE 2
STATION: GREAT FALLS MT
MONTH: APRIL
YEAR: 2022
LATITUDE: 47 28 N
LONGITUDE: 111 22 W
[TEMPERATURE DATA] [PRECIPITATION DATA] SYMBOLS USED IN COLUMN 16
AVERAGE MONTHLY: 36.9 TOTAL FOR MONTH: 1.72 1 = FOG OR MIST
DPTR FM NORMAL: -5.5 DPTR FM NORMAL: -0.01 2 = FOG REDUCING VISIBILITY
HIGHEST: 76 ON 8 GRTST 24HR 0.94 ON 28-29 TO 1/4 MILE OR LESS
LOWEST: 7 ON 15 3 = THUNDER
SNOW, ICE PELLETS, HAIL 4 = ICE PELLETS
TOTAL MONTH: 16.7 INCHES 5 = HAIL
GRTST 24HR 4.5 ON 12-12 6 = FREEZING RAIN OR DRIZZLE
GRTST DEPTH: 4 ON 17,14 7 = DUSTSTORM OR SANDSTORM:
VSBY 1/2 MILE OR LESS
8 = SMOKE OR HAZE
[NO. OF DAYS WITH] [WEATHER - DAYS WITH] 9 = BLOWING SNOW
X = TORNADO
MAX 32 OR BELOW: 6 0.01 INCH OR MORE: 9
MAX 90 OR ABOVE: 0 0.10 INCH OR MORE: 4
MIN 32 OR BELOW: 27 0.50 INCH OR MORE: 1
MIN 0 OR BELOW: 0 1.00 INCH OR MORE: 0
[HDD (BASE 65) ]
TOTAL THIS MO. 835 CLEAR (SCALE 0-3) 12
DPTR FM NORMAL 157 PTCLDY (SCALE 4-7) 12
TOTAL FM JUL 1 6884 CLOUDY (SCALE 8-10) 6
DPTR FM NORMAL -223
[CDD (BASE 65) ]
TOTAL THIS MO. 0
DPTR FM NORMAL 0 [PRESSURE DATA]
TOTAL FM JAN 1 0 HIGHEST SLP 30.61 ON 7
DPTR FM NORMAL 0 LOWEST SLP 29.21 ON 4
[REMARKS]
#FINAL-04-22#