000
CXUS55 KTFX 011327
CLMGTF
CLIMATE REPORT
NATIONAL WEATHER SERVICE GREAT FALLS MT
727 AM MDT TUE AUG 01 2023
...................................
...THE GREAT FALLS MT CLIMATE SUMMARY FOR THE MONTH OF JULY 2023...
CLIMATE NORMAL PERIOD 1991 TO 2020
CLIMATE RECORD PERIOD 1886 TO 2023
WEATHER OBSERVED NORMAL DEPART LAST YEAR`S
VALUE DATE(S) VALUE FROM VALUE
NORMAL
..............................................................
TEMPERATURE (F)
RECORD
HIGH 107 07/25/1933
LOW 35 07/04/1915
07/01/1894
HIGHEST 101 07/24 85 16 102
LOWEST 42 07/05 52 -10 42
AVG. MAXIMUM 86.1 84.3 1.8 88.5
AVG. MINIMUM 51.0 51.4 -0.4 53.6
MEAN 68.5 67.9 0.6 71.1
DAYS MAX >= 90 11 10.0 1.0
DAYS MAX <= 32 0 0.0 0.0
DAYS MIN <= 32 0 0.0 0.0
DAYS MIN <= 0 0 0.0 0.0
PRECIPITATION (INCHES)
RECORD
MAXIMUM 5.45 1909
MINIMUM 0.04
TOTALS 0.62 1.23 -0.61 1.45
DAYS >= .01 5 7.1 -2.1
DAYS >= .10 2 3.3 -1.3
DAYS >= .50 0 0.7 -0.7
DAYS >= 1.00 0 0.1 -0.1
GREATEST
24 HR. TOTAL 0.42 07/03 TO 07/03
SNOWFALL (INCHES)
RECORDS
TOTAL T 2019
24 HR TOTAL MM
TOTALS 0.0 0.0 0.0 0.0
SINCE 7/1 T 0.0 0.0 MM
SNOWDEPTH AVG. 0
DAYS >= TRACE 0 0.0 0.0
DAYS >= 1.0 0 0.0 0.0
GREATEST
SNOW DEPTH 0
24 HR TOTAL MM
DEGREE DAYS
HEATING TOTAL 26 48 -22 9
SINCE 7/1 26 52 -26 MM
COOLING TOTAL 144 136 8 205
SINCE 1/1 160 163 -3 MM
..............................................................
WIND (MPH)
AVERAGE WIND SPEED 8.7
HIGHEST WIND SPEED/DIRECTION 40/250 DATE 07/17
HIGHEST GUST SPEED/DIRECTION 56/330 DATE 07/03
56/240 07/17
SKY COVER
AVERAGE SKY COVER 0.10
AVERAGE RH (PERCENT) 50
WEATHER CONDITIONS. NUMBER OF DAYS WITH
THUNDERSTORM 7 MIXED PRECIP 0
HEAVY RAIN 1 RAIN 1
LIGHT RAIN 8 FREEZING RAIN 0
LT FREEZING RAIN 0 HAIL 1
HEAVY SNOW 0 SNOW 0
LIGHT SNOW 0 SLEET 0
FOG 1 FOG W/VIS <= 1/4 MILE 0
HAZE 5
- INDICATES NEGATIVE NUMBERS.
R INDICATES RECORD WAS SET OR TIED.
MM INDICATES DATA IS MISSING.
T INDICATES TRACE AMOUNT.
$$