000
CXUS54 KAMA 010810
CF6GUY
PRELIMINARY LOCAL CLIMATOLOGICAL DATA (WS FORM: F-6)
STATION: GUYMON
MONTH: FEBRUARY
YEAR: 2024
LATITUDE: 36 41 N
LONGITUDE: 101 30 W
TEMPERATURE IN F: :PCPN: SNOW: WIND :SUNSHINE: SKY :PK WND
================================================================================
1 2 3 4 5 6A 6B 7 8 9 10 11 12 13 14 15 16 17 18
12Z AVG MX 2MIN
DY MAX MIN AVG DEP HDD CDD WTR SNW DPTH SPD SPD DIR MIN PSBL S-S WX SPD DR
================================================================================
1 71 37 54 17 11 0 0.00 M M 10.4 21 220 M M 1 29 230
2 51 30 41 3 24 0 0.31 M M 5.5 16 90 M M 5 13 23 180
3 56 32 44 6 21 0 0.00 M M 7.2 18 160 M M 1 1 27 140
4 51 34 43 5 22 0 0.01 M M 14.7 30 360 M M 9 1 40 360
5 57 31 44 6 21 0 0.00 M M 6.6 15 30 M M 3 1 19 200
6 66 35 51 13 14 0 0.00 M M 12.9 28 210 M M 0 37 210
7 57 43 50 12 15 0 T M M 16.9 26 190 M M 3 43 190
8 66 38 52 14 13 0 0.00 M M 15.5 30 220 M M 0 40 230
9 55 27 41 3 24 0 0.00 M M 13.2 30 270 M M 0 44 260
10 43 26 35 -3 30 0 0.04 M M 9.8 20 90 M M 7 1 28 80
11 36 27 32 -6 33 0 0.10 M M 12.4 21 20 M M 9 1 28 10
12 52 24 38 0 27 0 0.00 M M 7.7 15 360 M M 0 21 20
13 60 23 42 3 23 0 0.00 M M 6.8 17 350 M M 0 22 360
14 70 24 47 8 18 0 0.00 M M 8.1 23 320 M M 0 33 320
15 49 23 36 -3 29 0 0.00 M M 7.4 15 160 M M 3 1 20 160
16 38 25 32 -7 33 0 0.00 M M 14.7 26 10 M M 9 36 10
17 37 18 28 -11 37 0 0.08 M M 7.4 15 50 M M 6 1 19 50
18 59 16 38 -2 27 0 0.00 M M 7.3 16 180 M M 0 23 150
19 64 26 45 5 20 0 0.00 M M 8.7 20 360 M M 0 27 10
20 78 24 51 11 14 0 0.00 M M 4.7 10 260 M M 0 14 250
21 80 40 60 20 5 0 0.00 M M 11.0 30 240 M M 0 39 240
22 63 37 50 10 15 0 0.00 M M 14.7 25 350 M M 0 35 350
23 64 31 48 7 17 0 0.00 M M 8.0 20 280 M M 1 29 280
24 73 24 49 8 16 0 0.00 M M 6.9 22 240 M M 0 29 230
25 80 28 54 13 11 0 0.00 M M 7.6 23 320 M M 0 35 300
26 81 40 61 19 4 0 0.00 M M 22.9 39 260 M M 0 56 260
27 76 27 52 10 13 0 0.00 M M 24.9 47 260 M M 2 8 68 260
28 51 15 33 -9 32 0 0.00 M M 8.2 20 200 M M 1 26 350
29 42 26 34 -8 31 0 T M M 16.1 31 200 M M 6 41 210
================================================================================
SM 1726 831 600 0 0.54 M 318.2 M 66
================================================================================
AV 59.5 28.7 11.0 FASTST M M 2 MAX(MPH)
MISC ----> 47 260 68 260
================================================================================
NOTES:
# LAST OF SEVERAL OCCURRENCES
COLUMN 17 PEAK WIND IN M.P.H.
PRELIMINARY LOCAL CLIMATOLOGICAL DATA (WS FORM: F-6) , PAGE 2
STATION: GUYMON
MONTH: FEBRUARY
YEAR: 2024
LATITUDE: 36 41 N
LONGITUDE: 101 30 W
[TEMPERATURE DATA] [PRECIPITATION DATA] SYMBOLS USED IN COLUMN 16
AVERAGE MONTHLY: 44.1 TOTAL FOR MONTH: 0.54 1 = FOG OR MIST
DPTR FM NORMAL: 4.9 DPTR FM NORMAL: 0.21 2 = FOG REDUCING VISIBILITY
HIGHEST: 81 ON 26 GRTST 24HR 0.31 ON 2- 2 TO 1/4 MILE OR LESS
LOWEST: 15 ON 28 3 = THUNDER
SNOW, ICE PELLETS, HAIL 4 = ICE PELLETS
TOTAL MONTH: M 5 = HAIL
GRTST 24HR M ON M 6 = FREEZING RAIN OR DRIZZLE
GRTST DEPTH: M ON M 7 = DUSTSTORM OR SANDSTORM:
VSBY 1/2 MILE OR LESS
8 = SMOKE OR HAZE
[NO. OF DAYS WITH] [WEATHER - DAYS WITH] 9 = BLOWING SNOW
X = TORNADO
MAX 32 OR BELOW: 0 0.01 INCH OR MORE: 5
MAX 90 OR ABOVE: 0 0.10 INCH OR MORE: 2
MIN 32 OR BELOW: 21 0.50 INCH OR MORE: 0
MIN 0 OR BELOW: 0 1.00 INCH OR MORE: 0
[HDD (BASE 65) ]
TOTAL THIS MO. 600 CLEAR (SCALE 0-3) 22
DPTR FM NORMAL -121 PTCLDY (SCALE 4-7) 4
TOTAL FM JUL 1 3138 CLOUDY (SCALE 8-10) 3
DPTR FM NORMAL -274
[CDD (BASE 65) ]
TOTAL THIS MO. 0
DPTR FM NORMAL 0 [PRESSURE DATA]
TOTAL FM JAN 1 0 HIGHEST SLP M ON M
DPTR FM NORMAL 0 LOWEST SLP 29.30 ON 27
[REMARKS]
#FINAL-02-24#