000
CXUS54 KAMA 010710
CF6GUY
PRELIMINARY LOCAL CLIMATOLOGICAL DATA (WS FORM: F-6)
STATION: GUYMON
MONTH: APRIL
YEAR: 2022
LATITUDE: 36 41 N
LONGITUDE: 101 30 W
TEMPERATURE IN F: :PCPN: SNOW: WIND :SUNSHINE: SKY :PK WND
================================================================================
1 2 3 4 5 6A 6B 7 8 9 10 11 12 13 14 15 16 17 18
12Z AVG MX 2MIN
DY MAX MIN AVG DEP HDD CDD WTR SNW DPTH SPD SPD DIR MIN PSBL S-S WX SPD DR
================================================================================
1 68 40 54 2 11 0 T M M 14.5 31 360 M M 4 43 270
2 77 29 53 0 12 0 0.00 M M 10.3 23 180 M M 0 34 180
3 74 48 61 8 4 0 0.00 M M 17.4 31 20 M M 0 42 20
4 70 45 58 5 7 0 0.00 M M 7.9 15 120 M M 2 24 70
5 92 43 68 15 0 3 0.00 M M 16.4 39 30 M M 0 53 20
6 64 37 51 -3 14 0 0.00 M M 19.7 41 350 M M 4 8 57 310
7 63 38 51 -3 14 0 0.00 M M 21.0 44 360 M M 3 8 65 340
8 69 31 50 -4 15 0 0.00 M M 11.7 26 10 M M 0 36 10
9 91 37 64 10 1 0 0.00 M M 12.2 23 210 M M 0 30 220
10 76 49 63 8 2 0 0.00 M M 14.7 33 40 M M 0 48 40
11 78 43 61 6 4 0 0.00 M M 13.2 26 170 M M 1 39 180
12 91 53 72 17 0 7 0.00 M M 25.4 44 230 M M 2 62 230
13 59 35 47 -8 18 0 0.00 M M 12.2 25 20 M M 3 32 10
14 75 25 50 -6 15 0 0.00 M M 12.3 28 210 M M 0 39 210
15 87 38 63 7 2 0 0.00 M M 11.7 28 60 M M 0 38 290
16 58 36 47 -9 18 0 0.00 M M 13.2 22 50 M M 4 29 60
17 77 32 55 -1 10 0 0.00 M M 6.7 20 50 M M 0 26 40
18 65 40 53 -3 12 0 0.00 M M 10.7 17 80 M M 2 25 140
19 76 47 62 5 3 0 0.00 M M 21.4 38 210 M M 2 49 190
20 83 60 72 15 0 7 0.00 M M 14.9 32 350 M M 0 44 350
21 93 50 72 15 0 7 0.00 M M 10.2 22 210 M M 4 8 29 210
22 92 71 82 24 0 17 0.03 M M M M M M M 2 38 M M
23 84 51 68 10 0 3 0.13 M M 18.8 36 190 M M 2 38 50 190
24 72 42 57 -1 8 0 0.00 M M 11.3 23 350 M M 0 31 350
25 65 38 52 -6 13 0 0.00 M M 9.3 18 330 M M 1 24 320
26 79 38 59 0 6 0 0.00 M M 16.2 32 160 M M 1 46 160
27 92 53 73 14 0 8 0.56 M M 16.6 33 300 M M 1 3 45 280
28 93 60 77 18 0 12 0.06 M M 12.7 30 170 M M 3 3 37 150
29 93 49 71 11 0 6 0.00 M M 15.5 47 360 M M 1 8 61 360
30 78 48 63 3 2 0 0.00 M M 15.0 37 350 M M 0 48 340
================================================================================
SM 2334 1306 191 70 0.78 M 413.1 M 42
================================================================================
AV 77.8 43.5 14.2 FASTST M M 1 MAX(MPH)
MISC ----> 47 360 65 340
================================================================================
NOTES:
# LAST OF SEVERAL OCCURRENCES
COLUMN 17 PEAK WIND IN M.P.H.
PRELIMINARY LOCAL CLIMATOLOGICAL DATA (WS FORM: F-6) , PAGE 2
STATION: GUYMON
MONTH: APRIL
YEAR: 2022
LATITUDE: 36 41 N
LONGITUDE: 101 30 W
[TEMPERATURE DATA] [PRECIPITATION DATA] SYMBOLS USED IN COLUMN 16
AVERAGE MONTHLY: 60.7 TOTAL FOR MONTH: 0.78 1 = FOG OR MIST
DPTR FM NORMAL: 4.7 DPTR FM NORMAL: -0.71 2 = FOG REDUCING VISIBILITY
HIGHEST: 93 ON 29,28 GRTST 24HR 0.62 ON 27-28 TO 1/4 MILE OR LESS
LOWEST: 25 ON 14 3 = THUNDER
SNOW, ICE PELLETS, HAIL 4 = ICE PELLETS
TOTAL MONTH: M 5 = HAIL
GRTST 24HR M ON M 6 = FREEZING RAIN OR DRIZZLE
GRTST DEPTH: M ON M 7 = DUSTSTORM OR SANDSTORM:
VSBY 1/2 MILE OR LESS
8 = SMOKE OR HAZE
[NO. OF DAYS WITH] [WEATHER - DAYS WITH] 9 = BLOWING SNOW
X = TORNADO
MAX 32 OR BELOW: 0 0.01 INCH OR MORE: 4
MAX 90 OR ABOVE: 8 0.10 INCH OR MORE: 2
MIN 32 OR BELOW: 4 0.50 INCH OR MORE: 1
MIN 0 OR BELOW: 0 1.00 INCH OR MORE: 0
[HDD (BASE 65) ]
TOTAL THIS MO. 191 CLEAR (SCALE 0-3) 25
DPTR FM NORMAL -98 PTCLDY (SCALE 4-7) 5
TOTAL FM JUL 1 3612 CLOUDY (SCALE 8-10) 0
DPTR FM NORMAL -589
[CDD (BASE 65) ]
TOTAL THIS MO. 70
DPTR FM NORMAL 51 [PRESSURE DATA]
TOTAL FM JAN 1 76 HIGHEST SLP M ON M
DPTR FM NORMAL 53 LOWEST SLP 29.17 ON 12
[REMARKS]
#FINAL-04-22#