000
CXUS54 KAMA 011520
CLMGUY
CLIMATE REPORT
NATIONAL WEATHER SERVICE AMARILLO
1020 AM CDT MON MAY 01 2023
...................................
...THE GUYMON CLIMATE SUMMARY FOR THE MONTH OF APRIL 2023...
CLIMATE NORMAL PERIOD: 1991 TO 2020
CLIMATE RECORD PERIOD: 1998 TO 2023
WEATHER OBSERVED NORMAL DEPART LAST YEAR`S
VALUE DATE(S) VALUE FROM VALUE DATE(S)
NORMAL
................................................................
TEMPERATURE (F)
HIGHEST 91 04/12 93 04/21
04/18
04/28
04/29
LOWEST 23 04/06 25 04/14
AVG. MAXIMUM 72.5 71.3 1.2 77.8
AVG. MINIMUM 39.7 40.7 -1.0 43.5
MEAN 56.1 56.0 0.1 60.7
DAYS MAX >= 90 3 1.9 1.1 8
DAYS MAX <= 32 0 0.0 0.0 0
DAYS MIN <= 32 4 4.7 -0.7 4
DAYS MIN <= 0 0 0.0 0.0 0
PRECIPITATION (INCHES)
TOTALS 1.17 1.49 -0.32 0.78
DAILY AVG. 0.04 0.05 -0.01 0.03
DAYS >= .01 3 6.2 -3.2 4
DAYS >= .10 3 3.3 -0.3 2
DAYS >= .50 1 1.0 0.0 1
DAYS >= 1.00 0 0.2 -0.2 0
GREATEST
24 HR. TOTAL 0.94 04/25 TO 04/26
SNOWFALL (INCHES)
TOTALS MM MM MM MM
SINCE 7/1 MM MM MM MM
DAYS >= TRACE MM MM MM
DAYS >= 1.0 MM MM MM MM
GREATEST
SNOW DEPTH MM
24 HR TOTAL MM
DEGREE DAYS
HEATING TOTAL 285 289 -4 191
SINCE 7/1 4213 4201 12 MM
COOLING TOTAL 28 19 9 70
SINCE 1/1 28 23 5 MM
................................................................
WIND (MPH)
AVERAGE WIND SPEED 13.3
HIGHEST WIND SPEED/DIRECTION 45/230 DATE 04/04
45/360 04/19
HIGHEST GUST SPEED/DIRECTION 62/220 DATE 04/04
SKY COVER
POSSIBLE SUNSHINE (PERCENT) MM
NUMBER OF DAYS FAIR 22
NUMBER OF DAYS PC 5
NUMBER OF DAYS CLOUDY 3
AVERAGE RH (PERCENT) 44
WEATHER CONDITIONS. NUMBER OF DAYS WITH
THUNDERSTORM 1 MIXED PRECIP 0
HEAVY RAIN 2 RAIN 2
LIGHT RAIN 4 FREEZING RAIN 0
LT FREEZING RAIN 0 HEAVY SNOW 0
SNOW 0 LIGHT SNOW 0
SLEET 0 FOG 2
FOG W/VIS <= 1/4 MILE 0 HAZE 6
- INDICATES NEGATIVE NUMBERS.
R INDICATES RECORD WAS SET OR TIED.
MM INDICATES DATA IS MISSING.
T INDICATES TRACE AMOUNT.
$$