000
CXUS54 KFWD 010830
CF6GVT
PRELIMINARY LOCAL CLIMATOLOGICAL DATA (WS FORM: F-6)
STATION: GREENVILLE
MONTH: NOVEMBER
YEAR: 2022
LATITUDE: 33 4 N
LONGITUDE: 96 4 W
TEMPERATURE IN F: :PCPN: SNOW: WIND :SUNSHINE: SKY :PK WND
================================================================================
1 2 3 4 5 6A 6B 7 8 9 10 11 12 13 14 15 16 17 18
12Z AVG MX 2MIN
DY MAX MIN AVG DEP HDD CDD WTR SNW DPTH SPD SPD DIR MIN PSBL S-S WX SPD DR
================================================================================
1 78 48 63 1 2 0 0.00 M M 4.4 13 150 M M 0 18 170
2 76 50 63 1 2 0 0.00 M M 6.8 14 150 M M 6 12 18 160
3 78 61 70 9 0 5 0.00 M M 10.5 15 150 M M 8 M M
4 81 49 65 4 0 0 0.01 M M 15.1 25 170 M M 9 1 40 240
5 63 43 53 -7 12 0 0.00 M M 8.0 13 180 M M 0 17 180
6 81 51 66 6 0 1 0.00 M M 10.4 17 180 M M 2 12 24 190
7 78 61 70 10 0 5 0.01 M M 4.6 10 100 M M 10 12 16 110
8 79 68 74 15 0 9 0.00 M M 7.5 9 60 M M 9 1 M M
9 82 67 75 16 0 10 0.00 M M 9.1 15 140 M M 5 1 22 140
10 75 62 69 11 0 4 0.01 M M 8.1 14 170 M M 6 1 16 140
11 65 40 53 -5 12 0 0.00 M M 12.7 23 340 M M 10 1 35 130
12 51 33 42 -16 23 0 0.00 M M 10.2 16 330 M M 0 25 340
13 53 25 39 -18 26 0 0.00 M M 4.7 9 100 M M 0 18 110
14 42 37 40 -17 25 0 0.00 M M 8.6 12 100 M M 9 1 20 350
15 42 36 39 -17 26 0 0.00 M M 8.3 14 350 M M 7 20 350
16 53 32 43 -13 22 0 0.00 M M 4.0 9 350 M M 0 1 M M
17 56 27 42 -14 23 0 0.00 M M 2.3 9 170 M M 0 M M
18 47 33 40 -15 25 0 0.00 M M 8.0 13 10 M M 5 20 200
19 44 28 36 -19 29 0 0.00 M M 6.3 13 350 M M 6 20 350
20 49 23 36 -18 29 0 T M M 3.0 9 80 M M 1 M M
21 55 36 46 -8 19 0 0.02 M M 3.1 8 180 M M 7 M M
22 60 38 49 -5 16 0 0.00 M M 2.5 10 140 M M 5 M M
23 54 38 46 -7 19 0 0.49 M M 4.6 10 110 M M 10 1 M M
24 56 51 54 1 11 0 2.32 M M 6.9 17 350 M M 10 1 M M
25 58 52 55 3 10 0 0.03 M M 8.7 13 350 M M 10 1 18 350
26 57 48 53 1 12 0 1.35 M M 9.6 17 250 M M 10 1 29 240
27 62 44 53 1 12 0 0.00 M M 7.0 13 320 M M 1 18 250
28 66 34 50 -1 15 0 0.00 M M 6.5 13 170 M M 0 M M
29 79 42 61 10 4 0 0.00 M M 13.7 22 340 M M 6 1 36 350
30 50 32 41 -9 24 0 0.00 M M 9.4 20 350 M M 0 30 340
================================================================================
SM 1870 1289 398 34 4.24 M 224.6 M 152
================================================================================
AV 62.3 43.0 7.5 FASTST M M 5 MAX(MPH)
MISC ----> 25 170 40 240
================================================================================
NOTES:
# LAST OF SEVERAL OCCURRENCES
COLUMN 17 PEAK WIND IN M.P.H.
PRELIMINARY LOCAL CLIMATOLOGICAL DATA (WS FORM: F-6) , PAGE 2
STATION: GREENVILLE
MONTH: NOVEMBER
YEAR: 2022
LATITUDE: 33 4 N
LONGITUDE: 96 4 W
[TEMPERATURE DATA] [PRECIPITATION DATA] SYMBOLS USED IN COLUMN 16
AVERAGE MONTHLY: 52.7 TOTAL FOR MONTH: 4.24 1 = FOG OR MIST
DPTR FM NORMAL: -3.5 DPTR FM NORMAL: 0.23 2 = FOG REDUCING VISIBILITY
HIGHEST: 82 ON 9 GRTST 24HR 2.32 ON 24-24 TO 1/4 MILE OR LESS
LOWEST: 23 ON 20 3 = THUNDER
SNOW, ICE PELLETS, HAIL 4 = ICE PELLETS
TOTAL MONTH: M 5 = HAIL
GRTST 24HR M ON M 6 = FREEZING RAIN OR DRIZZLE
GRTST DEPTH: M ON M 7 = DUSTSTORM OR SANDSTORM:
VSBY 1/2 MILE OR LESS
8 = SMOKE OR HAZE
[NO. OF DAYS WITH] [WEATHER - DAYS WITH] 9 = BLOWING SNOW
X = TORNADO
MAX 32 OR BELOW: 0 0.01 INCH OR MORE: 8
MAX 90 OR ABOVE: 0 0.10 INCH OR MORE: 3
MIN 32 OR BELOW: 6 0.50 INCH OR MORE: 2
MIN 0 OR BELOW: 0 1.00 INCH OR MORE: 2
[HDD (BASE 65) ]
TOTAL THIS MO. 398 CLEAR (SCALE 0-3) 11
DPTR FM NORMAL 109 PTCLDY (SCALE 4-7) 10
TOTAL FM JUL 1 486 CLOUDY (SCALE 8-10) 9
DPTR FM NORMAL 116
[CDD (BASE 65) ]
TOTAL THIS MO. 34
DPTR FM NORMAL 8 [PRESSURE DATA]
TOTAL FM JAN 1 2886 HIGHEST SLP M ON M
DPTR FM NORMAL 244 LOWEST SLP M ON M
[REMARKS]
#FINAL-11-22#