000
CXUS54 KFWD 010731
CF6GVT
PRELIMINARY LOCAL CLIMATOLOGICAL DATA (WS FORM: F-6)
STATION: GREENVILLE
MONTH: AUGUST
YEAR: 2023
LATITUDE: 33 4 N
LONGITUDE: 96 4 W
TEMPERATURE IN F: :PCPN: SNOW: WIND :SUNSHINE: SKY :PK WND
================================================================================
1 2 3 4 5 6A 6B 7 8 9 10 11 12 13 14 15 16 17 18
12Z AVG MX 2MIN
DY MAX MIN AVG DEP HDD CDD WTR SNW DPTH SPD SPD DIR MIN PSBL S-S WX SPD DR
================================================================================
1 102 75 89 3 0 24 0.00 M M 4.8 10 130 M M 0 M M
2 104 76 90 4 0 25 0.00 M M 7.4 15 170 M M 0 18 170
3 102 77 90 4 0 25 0.00 M M 9.5 15 190 M M 0 21 200
4 101 79 90 4 0 25 0.00 M M 7.5 13 200 M M 0 18 210
5 103 77 90 4 0 25 0.00 M M 6.4 12 210 M M 0 17 210
6 101 78 90 4 0 25 0.00 M M 8.0 16 50 M M 0 23 180
7 99 81 90 4 0 25 0.00 M M 7.2 12 120 M M 2 8 M M
8 94 78 86 0 0 21 0.00 M M 9.0 17 110 M M 0 8 24 60
9 105 78 92 6 0 27 0.00 M M 14.3 22 200 M M 1 8 30 200
10 105 82 94 8 0 29 0.00 M M 10.0 21 190 M M 0 8 28 190
11 105 82 94 8 0 29 0.00 M M 12.4 20 200 M M 0 8 27 200
12 103 79 91 5 0 26 0.00 M M 10.6 18 200 M M 0 28 200
13 104 78 91 5 0 26 0.00 M M 10.0 15 180 M M 0 25 180
14 98 75 87 1 0 22 0.00 M M 9.6 16 360 M M 0 20 360
15 92 71 82 -4 0 17 0.00 M M 7.6 14 360 M M 0 24 300
16 92 61 77 -9 0 12 0.00 M M 3.3 6 70 M M 0 8 M M
17 106 63 85 -1 0 20 0.00 M M 6.9 12 140 M M 0 17 230
18 108 72 90 5 0 25 0.00 M M 5.4 10 140 M M 0 8 18 170
19 106 74 90 5 0 25 0.00 M M 4.8 9 250 M M 0 M M
20 106 75 91 6 0 26 0.00 M M 5.1 15 80 M M 0 23 60
21 105 75 90 5 0 25 0.00 M M 6.6 12 60 M M 0 20 80
22 102 76 89 4 0 24 0.00 M M 5.5 13 90 M M 1 18 90
23 103 76 90 5 0 25 0.00 M M 4.0 7 120 M M 1 M M
24 105 77 91 6 0 26 0.00 M M 4.2 13 140 M M 0 M M
25 107 77 92 8 0 27 0.00 M M 4.1 8 110 M M 0 M M
26 108 77 93 9 0 28 0.00 M M 5.5 10 350 M M 1 M M
27 100 82 91 7 0 26 0.00 M M 9.9 17 360 M M 2 23 20
28 95 75 85 1 0 20 0.00 M M 8.0 13 10 M M 3 20 50
29 96 71 84 0 0 19 0.00 M M 5.1 12 30 M M 1 24 330
30 97 68 83 0 0 18 0.00 M M 4.5 12 10 M M 1 20 10
31 96 67 82 -1 0 17 0.00 M M 5.2 13 160 M M 0 16 160
================================================================================
SM 3150 2332 0 734 0.00 M 222.5 M 13
================================================================================
AV101.6 75.2 7.2 FASTST M M 0 MAX(MPH)
MISC ----> 22 200 30 200
================================================================================
NOTES:
# LAST OF SEVERAL OCCURRENCES
COLUMN 17 PEAK WIND IN M.P.H.
PRELIMINARY LOCAL CLIMATOLOGICAL DATA (WS FORM: F-6) , PAGE 2
STATION: GREENVILLE
MONTH: AUGUST
YEAR: 2023
LATITUDE: 33 4 N
LONGITUDE: 96 4 W
[TEMPERATURE DATA] [PRECIPITATION DATA] SYMBOLS USED IN COLUMN 16
AVERAGE MONTHLY: 88.4 TOTAL FOR MONTH: 0.00 1 = FOG OR MIST
DPTR FM NORMAL: 3.2 DPTR FM NORMAL: -1.88 2 = FOG REDUCING VISIBILITY
HIGHEST: 108 ON 26,18 GRTST 24HR 0.00 ON 1- 1 TO 1/4 MILE OR LESS
LOWEST: 61 ON 16 3 = THUNDER
SNOW, ICE PELLETS, HAIL 4 = ICE PELLETS
TOTAL MONTH: M 5 = HAIL
GRTST 24HR M ON M 6 = FREEZING RAIN OR DRIZZLE
GRTST DEPTH: M ON M 7 = DUSTSTORM OR SANDSTORM:
VSBY 1/2 MILE OR LESS
8 = SMOKE OR HAZE
[NO. OF DAYS WITH] [WEATHER - DAYS WITH] 9 = BLOWING SNOW
X = TORNADO
MAX 32 OR BELOW: 0 0.01 INCH OR MORE: 0
MAX 90 OR ABOVE: 31 0.10 INCH OR MORE: 0
MIN 32 OR BELOW: 0 0.50 INCH OR MORE: 0
MIN 0 OR BELOW: 0 1.00 INCH OR MORE: 0
[HDD (BASE 65) ]
TOTAL THIS MO. 0 CLEAR (SCALE 0-3) 30
DPTR FM NORMAL 0 PTCLDY (SCALE 4-7) 1
TOTAL FM JUL 1 0 CLOUDY (SCALE 8-10) 0
DPTR FM NORMAL 0
[CDD (BASE 65) ]
TOTAL THIS MO. 734
DPTR FM NORMAL 108 [PRESSURE DATA]
TOTAL FM JAN 1 2130 HIGHEST SLP M ON M
DPTR FM NORMAL 36 LOWEST SLP M ON M
[REMARKS]
#FINAL-08-23#