269
CXUS54 KJAN 012226
CF6GWO
PRELIMINARY LOCAL CLIMATOLOGICAL DATA (WS FORM: F-6)
STATION: GREENWOOD
MONTH: SEPTEMBER
YEAR: 2020
LATITUDE: 33 30 N
LONGITUDE: 90 5 W
TEMPERATURE IN F: :PCPN: SNOW: WIND :SUNSHINE: SKY :PK WND
================================================================================
1 2 3 4 5 6A 6B 7 8 9 10 11 12 13 14 15 16 17 18
12Z AVG MX 2MIN
DY MAX MIN AVG DEP HDD CDD WTR SNW DPTH SPD SPD DIR MIN PSBL S-S WX SPD DR
================================================================================
1 93 76 85 6 0 20 0.00 0.0 0 6.9 16 180 M M 3 21 190
2 92 75 84 5 0 19 0.00 0.0 0 7.0 17 210 M M 4 23 190
3 93 74 84 5 0 19 0.00 0.0 0 4.9 14 220 M M 2 1 20 210
4 94 72 83 4 0 18 0.00 0.0 0 4.2 14 340 M M 0 1 20 350
5 89 64 77 -1 0 12 0.00 0.0 0 4.4 12 60 M M 0 16 50
6 96 61 79 1 0 14 0.00 0.0 0 2.6 10 360 M M 0 13 340
7 92 64 78 0 0 13 0.00 0.0 0 3.2 10 140 M M 0 13 120
8 93 66 80 3 0 15 0.00 0.0 0 4.6 10 180 M M 0 14 200
9 95 69 82 5 0 17 0.00 0.0 0 4.2 13 70 M M 1 16 40
10 95 65 80 3 0 15 0.00 0.0 0 3.2 12 20 M M 1 17 360
11 93 69 81 4 0 16 T 0.0 0 3.4 15 110 M M 6 20 110
12 93 73 83 7 0 18 0.16 0.0 0 4.1 15 200 M M 3 13 20 80
13 90 72 81 5 0 16 0.09 0.0 0 4.2 14 60 M M 4 13 18 70
14 93 72 83 7 0 18 0.60 0.0 0 8.5 25 90 M M 5 138 36 80
15 93 72 83 8 0 18 0.00 0.0 0 8.5 17 60 M M 1 23 70
16 84 71 78 3 0 13 0.00 0.0 0 9.6 17 60 M M 6 23 50
17 90 61 76 2 0 11 0.00 0.0 0 6.6 15 360 M M 2 22 360
18 85 59 72 -2 0 7 0.00 0.0 0 8.2 20 40 M M 0 1 29 40
19 79 58 69 -5 0 4 0.00 0.0 0 7.8 16 20 M M 1 21 20
20 85 62 74 1 0 9 0.00 0.0 0 9.2 21 70 M M 0 27 70
21 81 62 72 -1 0 7 0.00 0.0 0 9.8 18 100 M M 8 25 130
22 75 63 69 -4 0 4 T 0.0 0 7.4 16 80 M M 6 22 120
23 69 63 66 -6 0 1 2.67 0.0 0 10.4 21 90 M M 10 1 27 90
24 70 62 66 -6 0 1 0.38 0.0 0 7.7 21 70 M M 9 1 28 60
25 73 65 69 -3 0 4 0.01 0.0 0 1.1 6 80 M M 10 1 7 300
26 78 63 71 0 0 6 0.00 0.0 0 2.3 10 150 M M 8 13 150
27 85 63 74 3 0 9 0.00 0.0 0 4.1 12 200 M M 4 12 15 M
28 73 53 63 -7 2 0 0.30 0.0 0 6.6 16 340 M M 5 1 25 330
29 76 49 63 -7 2 0 0.00 0.0 0 3.2 13 350 M M 1 12 21 360
30 83 49 66 -4 0 1 0.00 0.0 0 5.6 15 210 M M 0 1 20 210
================================================================================
SM 2580 1947 4 325 4.21 0.0 173.5 M 100
================================================================================
AV 86.0 64.9 5.8 FASTST M M 3 MAX(MPH)
MISC ----> # 25 90 # 36 80
================================================================================
NOTES:
# LAST OF SEVERAL OCCURRENCES
COLUMN 17 PEAK WIND IN M.P.H.
PRELIMINARY LOCAL CLIMATOLOGICAL DATA (WS FORM: F-6) , PAGE 2
STATION: GREENWOOD
MONTH: SEPTEMBER
YEAR: 2020
LATITUDE: 33 30 N
LONGITUDE: 90 5 W
[TEMPERATURE DATA] [PRECIPITATION DATA] SYMBOLS USED IN COLUMN 16
AVERAGE MONTHLY: 75.5 TOTAL FOR MONTH: 4.21 1 = FOG OR MIST
DPTR FM NORMAL: 0.8 DPTR FM NORMAL: 0.55 2 = FOG REDUCING VISIBILITY
HIGHEST: 96 ON 6 GRTST 24HR 2.67 ON 23-23 TO 1/4 MILE OR LESS
LOWEST: 49 ON 30,29 3 = THUNDER
SNOW, ICE PELLETS, HAIL 4 = ICE PELLETS
TOTAL MONTH: 0.0 INCH 5 = HAIL
GRTST 24HR 0.0 6 = FREEZING RAIN OR DRIZZLE
GRTST DEPTH: 0 7 = DUSTSTORM OR SANDSTORM:
VSBY 1/2 MILE OR LESS
8 = SMOKE OR HAZE
[NO. OF DAYS WITH] [WEATHER - DAYS WITH] 9 = BLOWING SNOW
X = TORNADO
MAX 32 OR BELOW: 0 0.01 INCH OR MORE: 7
MAX 90 OR ABOVE: 15 0.10 INCH OR MORE: 5
MIN 32 OR BELOW: 0 0.50 INCH OR MORE: 2
MIN 0 OR BELOW: 0 1.00 INCH OR MORE: 1
[HDD (BASE 65) ]
TOTAL THIS MO. 4 CLEAR (SCALE 0-3) 16
DPTR FM NORMAL -8 PTCLDY (SCALE 4-7) 10
TOTAL FM JUL 1 4 CLOUDY (SCALE 8-10) 4
DPTR FM NORMAL -8
[CDD (BASE 65) ]
TOTAL THIS MO. 325
DPTR FM NORMAL 20 [PRESSURE DATA]
TOTAL FM JAN 1 2205 HIGHEST SLP M ON M
DPTR FM NORMAL 158 LOWEST SLP 29.62 ON 24
[REMARKS]
#FINAL-09-20#