000
CXUS54 KJAN 012254
CLMGWO
CLIMATE REPORT
NATIONAL WEATHER SERVICE JACKSON MS
454 PM CST FRI MAR 01 2024
...................................
...THE GREENWOOD CLIMATE SUMMARY FOR THE MONTH OF FEBRUARY 2024...
CLIMATE NORMAL PERIOD: 1991 TO 2020
CLIMATE RECORD PERIOD: 1948 TO 2024
WEATHER OBSERVED NORMAL DEPART LAST YEAR`S
VALUE DATE(S) VALUE FROM VALUE DATE(S)
NORMAL
................................................................
TEMPERATURE (F)
RECORD
HIGH 84 02/23/2012
LOW -4 02/03/1951
HIGHEST 83 02/27 MM MM 84 02/23
LOWEST 26 02/18 MM MM 27 02/18
02/19
AVG. MAXIMUM 66.4 58.8 7.6 68.5
AVG. MINIMUM 42.7 37.9 4.8 46.2
MEAN 54.6 48.3 6.3 57.3
DAYS MAX >= 90 0 0.0 0.0 0
DAYS MAX <= 32 0 0.2 -0.2 0
DAYS MIN <= 32 4 10.1 -6.1 MM
DAYS MIN <= 0 0 0.0 0.0 MM
PRECIPITATION (INCHES)
RECORD
MAXIMUM 13.79 2018
MINIMUM 1.21 1972
TOTALS 5.26 5.04 0.22 3.60
DAILY AVG. 0.18 NAN NAN 0.14
DAYS >= .01 10 10.0 0.0 9
DAYS >= .10 6 6.6 -0.6 6
DAYS >= .50 3 3.5 -0.5 3
DAYS >= 1.00 1 1.5 -0.5 2
GREATEST
24 HR. TOTAL 3.05 02/10 TO 02/11 1.11
SNOWFALL (INCHES)
TOTALS 0.0
DEGREE DAYS
HEATING TOTAL 304 471 -167 228
SINCE 7/1 1775 2175 -400 MM
COOLING TOTAL 11 5 6 42
SINCE 1/1 11 8 3 MM
................................................................
WIND (MPH)
AVERAGE WIND SPEED 7.3
HIGHEST WIND SPEED/DIRECTION 29/210 DATE 02/27
HIGHEST GUST SPEED/DIRECTION 40/220 DATE 02/27
SKY COVER
POSSIBLE SUNSHINE (PERCENT) MM
AVERAGE SKY COVER 0.32
NUMBER OF DAYS FAIR 16
NUMBER OF DAYS PC 9
NUMBER OF DAYS CLOUDY 4
AVERAGE RH (PERCENT) 65
WEATHER CONDITIONS. NUMBER OF DAYS WITH
THUNDERSTORM 2 MIXED PRECIP 0
HEAVY RAIN 6 RAIN 7
LIGHT RAIN 12 FREEZING RAIN 0
LT FREEZING RAIN 0 HAIL 0
HEAVY SNOW 0 SNOW 0
LIGHT SNOW 0 SLEET 0
FOG 11 FOG W/VIS <= 1/4 MILE 1
HAZE 3
- INDICATES NEGATIVE NUMBERS.
R INDICATES RECORD WAS SET OR TIED.
MM INDICATES DATA IS MISSING.
T INDICATES TRACE AMOUNT.
$$